{"version":"1.0","provider_name":"Stuttgarti Katolikusok","provider_url":"https:\/\/stuttgarti-katolikusok.de","title":"Koronav\u00edrus - Csal\u00e1degyh\u00e1z - Stuttgarti Katolikusok","type":"rich","width":600,"height":338,"html":"<blockquote class=\"wp-embedded-content\" data-secret=\"71vM24mLdc\"><a href=\"https:\/\/stuttgarti-katolikusok.de\/index.php\/koronavirus-csaladegyhaz\/\">Koronav\u00edrus &#8211; Csal\u00e1degyh\u00e1z<\/a><\/blockquote><iframe sandbox=\"allow-scripts\" security=\"restricted\" src=\"https:\/\/stuttgarti-katolikusok.de\/index.php\/koronavirus-csaladegyhaz\/embed\/#?secret=71vM24mLdc\" width=\"600\" height=\"338\" title=\"&#8220;Koronav\u00edrus &#8211; Csal\u00e1degyh\u00e1z&#8221; &#8212; Stuttgarti Katolikusok\" data-secret=\"71vM24mLdc\" frameborder=\"0\" marginwidth=\"0\" marginheight=\"0\" scrolling=\"no\" class=\"wp-embedded-content\"><\/iframe><script type=\"text\/javascript\">\n\/* <![CDATA[ *\/\n\/*! This file is auto-generated *\/\n!function(d,l){\"use strict\";l.querySelector&&d.addEventListener&&\"undefined\"!=typeof URL&&(d.wp=d.wp||{},d.wp.receiveEmbedMessage||(d.wp.receiveEmbedMessage=function(e){var t=e.data;if((t||t.secret||t.message||t.value)&&!\/[^a-zA-Z0-9]\/.test(t.secret)){for(var s,r,n,a=l.querySelectorAll('iframe[data-secret=\"'+t.secret+'\"]'),o=l.querySelectorAll('blockquote[data-secret=\"'+t.secret+'\"]'),c=new RegExp(\"^https?:$\",\"i\"),i=0;i<o.length;i++)o[i].style.display=\"none\";for(i=0;i<a.length;i++)s=a[i],e.source===s.contentWindow&&(s.removeAttribute(\"style\"),\"height\"===t.message?(1e3<(r=parseInt(t.value,10))?r=1e3:~~r<200&&(r=200),s.height=r):\"link\"===t.message&&(r=new URL(s.getAttribute(\"src\")),n=new URL(t.value),c.test(n.protocol))&&n.host===r.host&&l.activeElement===s&&(d.top.location.href=t.value))}},d.addEventListener(\"message\",d.wp.receiveEmbedMessage,!1),l.addEventListener(\"DOMContentLoaded\",function(){for(var e,t,s=l.querySelectorAll(\"iframe.wp-embedded-content\"),r=0;r<s.length;r++)(t=(e=s[r]).getAttribute(\"data-secret\"))||(t=Math.random().toString(36).substring(2,12),e.src+=\"#?secret=\"+t,e.setAttribute(\"data-secret\",t)),e.contentWindow.postMessage({message:\"ready\",secret:t},\"*\")},!1)))}(window,document);\n\/\/# sourceURL=https:\/\/stuttgarti-katolikusok.de\/wp-includes\/js\/wp-embed.min.js\n\/* ]]> *\/\n<\/script>\n","thumbnail_url":"https:\/\/stuttgarti-katolikusok.de\/wp-content\/uploads\/2020\/06\/oltariszentsegnelkul.jpg","thumbnail_width":773,"thumbnail_height":960,"description":"Koronav\u00edrus \u2013 Csal\u00e1degyh\u00e1z F\u00e9l\u00fatr\u00f3l visszan\u00e9zve ez a koronav\u00edrus j\u00e1rv\u00e1ny a vil\u00e1g szinte valamennyi orsz\u00e1g\u00e1t\u00a0 megt\u00e9p\u00e1zta. A korm\u00e1nyok az \u00f3ri\u00e1si kih\u00edv\u00e1sra el\u0151sz\u00f6r a nagyobb t\u00f6megeket megmozgat\u00f3 rendezv\u00e9nyek besz\u00fcntet\u00e9s\u00e9vel, az iskol\u00e1k bez\u00e1r\u00e1s\u00e1val, a kij\u00e1r\u00e1si tilalom bevezet\u00e9s\u00e9vel \u00e9s az emberek k\u00f6z\u00f6tti kapcsolatfelv\u00e9tel teljes vagy r\u00e9szleges megtilt\u00e1s\u00e1val reag\u00e1ltak. Majd igyekeztek az id\u0151k\u00f6zben akadoz\u00f3v\u00e1 v\u00e1l\u00f3 \u00e9lelmiszerell\u00e1t\u00e1st megszervezni. Azut\u00e1n az alapvet\u0151 gy\u00f3gyszerek \u00e9s a v\u00edrus elterjed\u00e9s\u00e9t megg\u00e1tol\u00f3 v\u00e9d\u0151maszkok illetve a v\u00edrusban megbeteged\u0151k megment\u00e9s\u00e9hez sz\u00fcks\u00e9ges l\u00e9legeztet\u0151g\u00e9pek beszerz\u00e9s\u00e9re helyezt\u00e9k a hangs\u00falyt. V\u00e9g\u00fcl a gazdas\u00e1gi \u00e9let megszil\u00e1rd\u00edt\u00e1sa fel\u00e9 fordult a figyelm\u00fck, ugyanis a j\u00e1rv\u00e1ny kit\u00f6r\u00e9se ut\u00e1n p\u00e1r h\u00e9ttel a p\u00e9nz\u00fcgyi piacok is l\u00e1tv\u00e1nyosan meginogtak. Ha bizonyos nagy nemzeti bankok nem avatkoznak be olyan hat\u00e1rozottan, akkor ma nemcsak a v\u00edrus puszt\u00edt\u00e1s\u00e1val \u00e9s a nagyon sok orsz\u00e1gba bevezetett kij\u00e1r\u00e1si tilalom katasztrof\u00e1lis t\u00e1rsadalmi \u00e9s gazdas\u00e1gi k\u00f6vetkezm\u00e9nyeivel, hanem egy vil\u00e1gm\u00e9ret\u0171 p\u00e9nz\u00fcgyi cs\u0151ddel is szembe kellene n\u00e9zn\u00fcnk. A gazdas\u00e1g hirtelen visszaes\u00e9s\u00e9nek szomor\u00fa k\u00f6vetkem\u00e9nyei egyes c\u00e9gek cs\u0151dbe men\u00e9se, a r\u00f6vid munkaid\u0151 bevezet\u00e9se, \u00e9s a munkahelyek nagy sz\u00e1m\u00e1nak a megsz\u0171n\u00e9se volt. Minden jel arra vall, hogy igazuk van azoknak, akik azt mondj\u00e1k: a j\u00e1rv\u00e1ny ut\u00e1n \u00fajra kell szervezni mindent! Hogy ez mikorra val\u00f3sul meg \u00e9s milyen \u00e1ldozatokra k\u00e9nyszer\u00edti m\u00e9g majd az embereket \u00e9s az orsz\u00e1gokat, azt m\u00e9g senki sem tudja felm\u00e9rni! 1. Az Egyh\u00e1z jelenlegi helyzete &#8211; A j\u00e1rv\u00e1ny a Katolikus Egyh\u00e1zat is nagyon neh\u00e9z helyzetbe hozta. F\u0151p\u00e1sztoraik \u2013 Eur\u00f3p\u00e1ban legal\u00e1bb is \u2013 egyr\u00e9szt k\u00f6vetni akart\u00e1k az \u00e1llami rendelkez\u00e9seket, m\u00e1sr\u00e9szt azonban tehetetlen\u00fcl el kellett t\u0171rni\u00fck, hogy ezek a rendelkez\u00e9sek az Egyh\u00e1z egyik\u00a0 legalapvet\u0151bb jog\u00e1t l\u00e1tsz\u00f3lag kikezdj\u00e9k: nevezetesen a szabad vall\u00e1sgyakorlatot. Most \u00edgy, a v\u00edrus lecseng\u00e9se k\u00f6zeledt\u00e9vel azzal a v\u00e1ddal kell majd szemben\u00e9zni\u00fck, hogy tal\u00e1n t\u00fal k\u00f6nnyen mondtak le err\u0151l a jogr\u00f3l az ateista, liber\u00e1lis vagy \u201e\u00e9rt\u00e9ksemleges\u201d \u00e1llamok \u00e9s korm\u00e1nyok jav\u00e1ra. Az minden esetre t\u00f6bb, mint meggondolkoztat\u00f3, hogy soha a t\u00f6rt\u00e9nelem folyam\u00e1n, m\u00e9g a nagy egyh\u00e1z\u00fcld\u00f6z\u00e9sek \u00e9s pestisek idej\u00e9n sem t\u00f6rt\u00e9nt meg, hogy a szentmis\u00e9ket az egyh\u00e1zi... R\u00e9szletek"}

Koronavírus - Családegyház - Stuttgarti Katolikusok

<blockquote class="wp-embedded-content" data-secret="71vM24mLdc"><a href="https://stuttgarti-katolikusok.de/index.php/koronavirus-csaladegyhaz/">Koronavírus &#8211; Családegyház</a></blockquote><iframe sandbox="allow-scripts" security="restricted" src="https://stuttgarti-katolikusok.de/index.php/koronavirus-csaladegyhaz/embed/#?secret=71vM24mLdc" width="600" height="338" title="&#8220;Koronavírus &#8211; Családegyház&#8221; &#8212; Stuttgarti Katolikusok" data-secret="71vM24mLdc" frameborder="0" marginwidth="0" marginheight="0" scrolling="no" class="wp-embedded-content"></iframe><script type="text/javascript">
/* <![CDATA[ */
/*! This file is auto-generated */
!function(d,l){"use strict";l.querySelector&&d.addEventListener&&"undefined"!=typeof URL&&(d.wp=d.wp||{},d.wp.receiveEmbedMessage||(d.wp.receiveEmbedMessage=function(e){var t=e.data;if((t||t.secret||t.message||t.value)&&!/[^a-zA-Z0-9]/.test(t.secret)){for(var s,r,n,a=l.querySelectorAll('iframe[data-secret="'+t.secret+'"]'),o=l.querySelectorAll('blockquote[data-secret="'+t.secret+'"]'),c=new RegExp("^https?:$","i"),i=0;i<o.length;i++)o[i].style.display="none";for(i=0;i<a.length;i++)s=a[i],e.source===s.contentWindow&&(s.removeAttribute("style"),"height"===t.message?(1e3<(r=parseInt(t.value,10))?r=1e3:~~r<200&&(r=200),s.height=r):"link"===t.message&&(r=new URL(s.getAttribute("src")),n=new URL(t.value),c.test(n.protocol))&&n.host===r.host&&l.activeElement===s&&(d.top.location.href=t.value))}},d.addEventListener("message",d.wp.receiveEmbedMessage,!1),l.addEventListener("DOMContentLoaded",function(){for(var e,t,s=l.querySelectorAll("iframe.wp-embedded-content"),r=0;r<s.length;r++)(t=(e=s[r]).getAttribute("data-secret"))||(t=Math.random().toString(36).substring(2,12),e.src+="#?secret="+t,e.setAttribute("data-secret",t)),e.contentWindow.postMessage({message:"ready",secret:t},"*")},!1)))}(window,document);
//# sourceURL=https://stuttgarti-katolikusok.de/wp-includes/js/wp-embed.min.js
/* ]]> */
</script>

Koronavírus – Családegyház Félútról visszanézve ez a koronavírus járvány a világ szinte valamennyi országát  megtépázta. A kormányok az óriási kihívásra először a nagyobb tömegeket megmozgató rendezvények beszüntetésével, az iskolák bezárásával, a kijárási tilalom bevezetésével és az emberek közötti kapcsolatfelvétel teljes vagy részleges megtiltásával reagáltak. Majd igyekeztek az időközben akadozóvá váló élelmiszerellátást megszervezni. Azután az alapvető gyógyszerek és a vírus elterjedését meggátoló védőmaszkok illetve a vírusban megbetegedők megmentéséhez szükséges lélegeztetőgépek beszerzésére helyezték a hangsúlyt. Végül a gazdasági élet megszilárdítása felé fordult a figyelmük, ugyanis a járvány kitörése után pár héttel a pénzügyi piacok is látványosan meginogtak. Ha bizonyos nagy nemzeti bankok nem avatkoznak be olyan határozottan, akkor ma nemcsak a vírus pusztításával és a nagyon sok országba bevezetett kijárási tilalom katasztrofális társadalmi és gazdasági következményeivel, hanem egy világméretű pénzügyi csőddel is szembe kellene néznünk. A gazdaság hirtelen visszaesésének szomorú követkeményei egyes cégek csődbe menése, a rövid munkaidő bevezetése, és a munkahelyek nagy számának a megszűnése volt. Minden jel arra vall, hogy igazuk van azoknak, akik azt mondják: a járvány után újra kell szervezni mindent! Hogy ez mikorra valósul meg és milyen áldozatokra kényszeríti még majd az embereket és az országokat, azt még senki sem tudja felmérni! 1. Az Egyház jelenlegi helyzete &#8211; A járvány a Katolikus Egyházat is nagyon nehéz helyzetbe hozta. Főpásztoraik – Európában legalább is – egyrészt követni akarták az állami rendelkezéseket, másrészt azonban tehetetlenül el kellett tűrniük, hogy ezek a rendelkezések az Egyház egyik  legalapvetőbb jogát látszólag kikezdjék: nevezetesen a szabad vallásgyakorlatot. Most így, a vírus lecsengése közeledtével azzal a váddal kell majd szembenézniük, hogy talán túl könnyen mondtak le erről a jogról az ateista, liberális vagy „értéksemleges” államok és kormányok javára. Az minden esetre több, mint meggondolkoztató, hogy soha a történelem folyamán, még a nagy egyházüldözések és pestisek idején sem történt meg, hogy a szentmiséket az egyházi... Részletek
