{"version":"1.0","provider_name":"Stuttgarti Katolikusok","provider_url":"https:\/\/stuttgarti-katolikusok.de","title":"Kis-zar\u00e1ndoklat Scheyernbe - Stuttgarti Katolikusok","type":"rich","width":600,"height":338,"html":"<blockquote class=\"wp-embedded-content\" data-secret=\"eoJTzFK8pe\"><a href=\"https:\/\/stuttgarti-katolikusok.de\/index.php\/kis-zarandoklat-scheyernbe\/\">Kis-zar\u00e1ndoklat Scheyernbe<\/a><\/blockquote><iframe sandbox=\"allow-scripts\" security=\"restricted\" src=\"https:\/\/stuttgarti-katolikusok.de\/index.php\/kis-zarandoklat-scheyernbe\/embed\/#?secret=eoJTzFK8pe\" width=\"600\" height=\"338\" title=\"&#8220;Kis-zar\u00e1ndoklat Scheyernbe&#8221; &#8212; Stuttgarti Katolikusok\" data-secret=\"eoJTzFK8pe\" frameborder=\"0\" marginwidth=\"0\" marginheight=\"0\" scrolling=\"no\" class=\"wp-embedded-content\"><\/iframe><script type=\"text\/javascript\">\n\/* <![CDATA[ *\/\n\/*! This file is auto-generated *\/\n!function(d,l){\"use strict\";l.querySelector&&d.addEventListener&&\"undefined\"!=typeof URL&&(d.wp=d.wp||{},d.wp.receiveEmbedMessage||(d.wp.receiveEmbedMessage=function(e){var t=e.data;if((t||t.secret||t.message||t.value)&&!\/[^a-zA-Z0-9]\/.test(t.secret)){for(var s,r,n,a=l.querySelectorAll('iframe[data-secret=\"'+t.secret+'\"]'),o=l.querySelectorAll('blockquote[data-secret=\"'+t.secret+'\"]'),c=new RegExp(\"^https?:$\",\"i\"),i=0;i<o.length;i++)o[i].style.display=\"none\";for(i=0;i<a.length;i++)s=a[i],e.source===s.contentWindow&&(s.removeAttribute(\"style\"),\"height\"===t.message?(1e3<(r=parseInt(t.value,10))?r=1e3:~~r<200&&(r=200),s.height=r):\"link\"===t.message&&(r=new URL(s.getAttribute(\"src\")),n=new URL(t.value),c.test(n.protocol))&&n.host===r.host&&l.activeElement===s&&(d.top.location.href=t.value))}},d.addEventListener(\"message\",d.wp.receiveEmbedMessage,!1),l.addEventListener(\"DOMContentLoaded\",function(){for(var e,t,s=l.querySelectorAll(\"iframe.wp-embedded-content\"),r=0;r<s.length;r++)(t=(e=s[r]).getAttribute(\"data-secret\"))||(t=Math.random().toString(36).substring(2,12),e.src+=\"#?secret=\"+t,e.setAttribute(\"data-secret\",t)),e.contentWindow.postMessage({message:\"ready\",secret:t},\"*\")},!1)))}(window,document);\n\/\/# sourceURL=https:\/\/stuttgarti-katolikusok.de\/wp-includes\/js\/wp-embed.min.js\n\/* ]]> *\/\n<\/script>\n","thumbnail_url":"https:\/\/stuttgarti-katolikusok.de\/wp-content\/uploads\/2024\/07\/aerial-image-of-the-scheyern-abbey-view-from-the-southwest.jpg","thumbnail_width":1920,"thumbnail_height":1091,"description":"K\u00f6sz\u00f6nettel tartozunk k\u00f6z\u00f6ss\u00e9g\u00fcnk nev\u00e9ben Barsy-Szab\u00f3 Brigitt\u00e1nak \u00e9s f\u00e9rj\u00e9nek Zsoltnak, akik azzal a k\u00e9r\u00e9ssel kerestek meg benn\u00fcnket, hogy ebben az esztend\u0151ben a hagyom\u00e1nyos Kis-zar\u00e1ndoklatunkat Schayernben tartsuk meg. Ugyanis is t\u00f6rt\u00e9nt Szent Istv\u00e1n \u00e9s Boldog Gizella eljegyz\u00e9se. Hosszas el\u0151k\u00e9sz\u00fcletet k\u00f6vet\u0151en alakult ki zar\u00e1ndoklatunk programja. Id\u0151pont: 2024. j\u00falius 20. &#8211; szombat Kisbusszal, szem\u00e9lyg\u00e9pkocsikkal t\u00f6rt\u00e9nik oda- \u00e9s visszautaz\u00e1sunk. Eddigi ismereteink szerint t\u00f6bb helyr\u0151l indulunk el. Minden\u00fctt \u00fagy kell tervezn\u00fcnk, hogy 8.00 \u00f3r\u00e1ra a megbesz\u00e9lt helyen lehess\u00fcnk. &#8211; 8.00 \u00f3rakor tal\u00e1lkozunk az Ulm melletti parkol\u00f3ban: Seligweiler Hotel &amp; Restaurants Seligweiler 1, 89081 Ulm Seligweiler Hotel &amp; Restaurants &#8211; Ezt k\u00f6vet\u0151en folytatjuk utunkat Speyernbe (121 km &#8211; kb. 1,30 \u00f3ra) Scheyern &#8211; 10.00 \u00f3rakor: idegenvezet\u00e9s &#8211; 10.50 \u00f3rakor szentmise &#8211; 11.30 \u00f3rakor: k\u00f6z\u00f6s eb\u00e9d (mindenki saj\u00e1t maga rendeli meg \u00e9s fizeti) &#8211; A k\u00f6z\u00f6s eb\u00e9det k\u00f6vet\u0151en m\u00e9g r\u00f6vid id\u0151t egy\u00fctt vagyunk &#8211; v\u00e1rosn\u00e9z\u00e9s, besz\u00e9lget\u00e9s &#8211; 16.00 \u00f3rakor: hazaindul\u00e1s Amennyiben m\u00e9g lenn\u00e9nek jelentkez\u0151k, \u00fagy tegy\u00e9tek meg 2024. j\u00falius 18-ig, 13.00 \u00f3r\u00e1ig irod\u00e1nkon. A jelentkez\u0151knek minden sz\u00fcks\u00e9ges tudnival\u00f3t m\u00e9g elmondunk. (Nyit\u00f3k\u00e9p forr\u00e1sa: Wikipedia)"}

Kis-zarándoklat Scheyernbe - Stuttgarti Katolikusok

<blockquote class="wp-embedded-content" data-secret="eoJTzFK8pe"><a href="https://stuttgarti-katolikusok.de/index.php/kis-zarandoklat-scheyernbe/">Kis-zarándoklat Scheyernbe</a></blockquote><iframe sandbox="allow-scripts" security="restricted" src="https://stuttgarti-katolikusok.de/index.php/kis-zarandoklat-scheyernbe/embed/#?secret=eoJTzFK8pe" width="600" height="338" title="&#8220;Kis-zarándoklat Scheyernbe&#8221; &#8212; Stuttgarti Katolikusok" data-secret="eoJTzFK8pe" frameborder="0" marginwidth="0" marginheight="0" scrolling="no" class="wp-embedded-content"></iframe><script type="text/javascript">
/* <![CDATA[ */
/*! This file is auto-generated */
!function(d,l){"use strict";l.querySelector&&d.addEventListener&&"undefined"!=typeof URL&&(d.wp=d.wp||{},d.wp.receiveEmbedMessage||(d.wp.receiveEmbedMessage=function(e){var t=e.data;if((t||t.secret||t.message||t.value)&&!/[^a-zA-Z0-9]/.test(t.secret)){for(var s,r,n,a=l.querySelectorAll('iframe[data-secret="'+t.secret+'"]'),o=l.querySelectorAll('blockquote[data-secret="'+t.secret+'"]'),c=new RegExp("^https?:$","i"),i=0;i<o.length;i++)o[i].style.display="none";for(i=0;i<a.length;i++)s=a[i],e.source===s.contentWindow&&(s.removeAttribute("style"),"height"===t.message?(1e3<(r=parseInt(t.value,10))?r=1e3:~~r<200&&(r=200),s.height=r):"link"===t.message&&(r=new URL(s.getAttribute("src")),n=new URL(t.value),c.test(n.protocol))&&n.host===r.host&&l.activeElement===s&&(d.top.location.href=t.value))}},d.addEventListener("message",d.wp.receiveEmbedMessage,!1),l.addEventListener("DOMContentLoaded",function(){for(var e,t,s=l.querySelectorAll("iframe.wp-embedded-content"),r=0;r<s.length;r++)(t=(e=s[r]).getAttribute("data-secret"))||(t=Math.random().toString(36).substring(2,12),e.src+="#?secret="+t,e.setAttribute("data-secret",t)),e.contentWindow.postMessage({message:"ready",secret:t},"*")},!1)))}(window,document);
//# sourceURL=https://stuttgarti-katolikusok.de/wp-includes/js/wp-embed.min.js
/* ]]> */
</script>

Köszönettel tartozunk közösségünk nevében Barsy-Szabó Brigittának és férjének Zsoltnak, akik azzal a kéréssel kerestek meg bennünket, hogy ebben az esztendőben a hagyományos Kis-zarándoklatunkat Schayernben tartsuk meg. Ugyanis is történt Szent István és Boldog Gizella eljegyzése. Hosszas előkészületet követően alakult ki zarándoklatunk programja. Időpont: 2024. július 20. &#8211; szombat Kisbusszal, személygépkocsikkal történik oda- és visszautazásunk. Eddigi ismereteink szerint több helyről indulunk el. Mindenütt úgy kell terveznünk, hogy 8.00 órára a megbeszélt helyen lehessünk. &#8211; 8.00 órakor találkozunk az Ulm melletti parkolóban: Seligweiler Hotel &amp; Restaurants Seligweiler 1, 89081 Ulm Seligweiler Hotel &amp; Restaurants &#8211; Ezt követően folytatjuk utunkat Speyernbe (121 km &#8211; kb. 1,30 óra) Scheyern &#8211; 10.00 órakor: idegenvezetés &#8211; 10.50 órakor szentmise &#8211; 11.30 órakor: közös ebéd (mindenki saját maga rendeli meg és fizeti) &#8211; A közös ebédet követően még rövid időt együtt vagyunk &#8211; városnézés, beszélgetés &#8211; 16.00 órakor: hazaindulás Amennyiben még lennének jelentkezők, úgy tegyétek meg 2024. július 18-ig, 13.00 óráig irodánkon. A jelentkezőknek minden szükséges tudnivalót még elmondunk. (Nyitókép forrása: Wikipedia)
