{"version":"1.0","provider_name":"Stuttgarti Katolikusok","provider_url":"https:\/\/stuttgarti-katolikusok.de","title":"Kar\u00e1csonyt k\u00f6vet\u0151 2. vas\u00e1rnap - Stuttgarti Katolikusok","type":"rich","width":600,"height":338,"html":"<blockquote class=\"wp-embedded-content\" data-secret=\"9cNFi8Gc0w\"><a href=\"https:\/\/stuttgarti-katolikusok.de\/index.php\/karacsonyt-koveto-2-vasarnap\/\">Kar\u00e1csonyt k\u00f6vet\u0151 2. vas\u00e1rnap<\/a><\/blockquote><iframe sandbox=\"allow-scripts\" security=\"restricted\" src=\"https:\/\/stuttgarti-katolikusok.de\/index.php\/karacsonyt-koveto-2-vasarnap\/embed\/#?secret=9cNFi8Gc0w\" width=\"600\" height=\"338\" title=\"&#8220;Kar\u00e1csonyt k\u00f6vet\u0151 2. vas\u00e1rnap&#8221; &#8212; Stuttgarti Katolikusok\" data-secret=\"9cNFi8Gc0w\" frameborder=\"0\" marginwidth=\"0\" marginheight=\"0\" scrolling=\"no\" class=\"wp-embedded-content\"><\/iframe><script type=\"text\/javascript\">\n\/* <![CDATA[ *\/\n\/*! This file is auto-generated *\/\n!function(d,l){\"use strict\";l.querySelector&&d.addEventListener&&\"undefined\"!=typeof URL&&(d.wp=d.wp||{},d.wp.receiveEmbedMessage||(d.wp.receiveEmbedMessage=function(e){var t=e.data;if((t||t.secret||t.message||t.value)&&!\/[^a-zA-Z0-9]\/.test(t.secret)){for(var s,r,n,a=l.querySelectorAll('iframe[data-secret=\"'+t.secret+'\"]'),o=l.querySelectorAll('blockquote[data-secret=\"'+t.secret+'\"]'),c=new RegExp(\"^https?:$\",\"i\"),i=0;i<o.length;i++)o[i].style.display=\"none\";for(i=0;i<a.length;i++)s=a[i],e.source===s.contentWindow&&(s.removeAttribute(\"style\"),\"height\"===t.message?(1e3<(r=parseInt(t.value,10))?r=1e3:~~r<200&&(r=200),s.height=r):\"link\"===t.message&&(r=new URL(s.getAttribute(\"src\")),n=new URL(t.value),c.test(n.protocol))&&n.host===r.host&&l.activeElement===s&&(d.top.location.href=t.value))}},d.addEventListener(\"message\",d.wp.receiveEmbedMessage,!1),l.addEventListener(\"DOMContentLoaded\",function(){for(var e,t,s=l.querySelectorAll(\"iframe.wp-embedded-content\"),r=0;r<s.length;r++)(t=(e=s[r]).getAttribute(\"data-secret\"))||(t=Math.random().toString(36).substring(2,12),e.src+=\"#?secret=\"+t,e.setAttribute(\"data-secret\",t)),e.contentWindow.postMessage({message:\"ready\",secret:t},\"*\")},!1)))}(window,document);\n\/\/# sourceURL=https:\/\/stuttgarti-katolikusok.de\/wp-includes\/js\/wp-embed.min.js\n\/* ]]> *\/\n<\/script>\n","thumbnail_url":"https:\/\/stuttgarti-katolikusok.de\/wp-content\/uploads\/2025\/01\/balingen-2.jpg","thumbnail_width":1600,"thumbnail_height":1200,"description":"Ezen a vas\u00e1rnapon ism\u00e9telten Szent J\u00e1nos apostol evang\u00e9lium\u00e1nak bevezet\u0151j\u00e9b\u0151l (prologus) hangzik el az evang\u00e9liumi r\u00e9sz. Ugyan\u00fagy, mint kar\u00e1csony \u00fcnnep\u00e9nek els\u0151 napj\u00e1n. Ezt igyekeztem meg kibontani elm\u00e9lked\u00e9semben: You are currently viewing a placeholder content from YouTube. To access the actual content, click the button below. Please note that doing so will share data with third-party providers. More Information Unblock content Accept required service and unblock content Kezd\u0151\u00e9nek: Mialatt m\u00e9ly csend borult mindenre, \u00e9s az \u00e9jjel siet\u0151s \u00fatja k\u00f6zep\u00e9n tartott, mindenhat\u00f3 Ig\u00e9d, Urunk, a mennyb\u0151l, kir\u00e1lyi sz\u00e9k\u00e9b\u0151l elj\u00f6tt k\u00f6z\u00e9nk! (B\u00f6lcs 18,14-15) K\u00f6ny\u00f6rg\u00e9s: Mindenhat\u00f3, \u00f6r\u00f6k Isten, te vagy h\u00edveid vil\u00e1goss\u00e1ga. \u00c1raszd j\u00f3s\u00e1gosan mennyei dics\u0151s\u00e9gedet az eg\u00e9sz vil\u00e1gra, hogy minden n\u00e9p f\u00f6l\u00f6tt felragyogjon tiszta f\u00e9nyed. A mi Urunk, J\u00e9zus Krisztus, a te Fiad \u00e1ltal, aki veled \u00e9l \u00e9s uralkodik a Szentl\u00e9lekkel egys\u00e9gben, Isten mind\u00f6r\u00f6kk\u00f6n-\u00f6r\u00f6kk\u00e9. OLVASM\u00c1NY Sir\u00e1k fia k\u00f6nyv\u00e9b\u0151l (Sir 24,1-4.12-16 [gr.1-2.8-12]) Isten b\u00f6lcsess\u00e9ge a v\u00e1lasztott n\u00e9p k\u00f6z\u00f6tt lakott. A b\u00f6lcsess\u00e9g a maga dics\u00e9ret\u00e9t zengi, tiszteletben \u00e1ll Istenn\u00e9l, n\u00e9pe k\u00f6zepette dics\u00e9ri \u00f6nmag\u00e1t. Megsz\u00f3lal a Magass\u00e1gbeli gy\u00fclekezet\u00e9ben, \u00e9s Isten n\u00e9p\u00e9nek serege el\u0151tt eldicsekszik. \u00cdgy besz\u00e9l hozz\u00e1juk: \u201eA mindens\u00e9g Teremt\u0151je parancsot adott nekem, s aki teremtett, kijel\u00f6lte s\u00e1tramnak hely\u00e9t. \u00cdgy sz\u00f3lt: \u00bbA s\u00e1tradat J\u00e1kobban \u00fcsd fel, \u00f6r\u00f6kr\u00e9szed Izraelben legyen, \u00e9s v\u00e1lasztottaim k\u00f6z\u00f6tt verj gy\u00f6keret.\u00ab \u0150sid\u0151kt\u0151l fogva, a kezdet kezdet\u00e9n teremtett, \u00e9s nem pusztulok el soha, mind\u00f6r\u00f6kre. Szolg\u00e1ltam el\u0151tte szent s\u00e1tr\u00e1ban, majd pedig Sionban kaptam lak\u00f3helyet. Letelepedtem a szeretett v\u00e1rosban, s Jeruzs\u00e1lemben van uralmam sz\u00e9khelye. Dics\u0151s\u00e9ges n\u00e9p k\u00f6zt vertem \u00edgy gy\u00f6keret, az \u00darnak r\u00e9sz\u00e9ben, az \u0151 \u00f6r\u00f6kr\u00e9sz\u00e9n, s a szentek gy\u00fclekezet\u00e9ben megtelepedtem.\u201d Ez az Isten ig\u00e9je. V\u00c1LASZOS ZSOLT\u00c1R (Zsolt 147,12-13.14-15.19-20) V\u00e1lasz:\u00a0Az Ige\u00a0emberr\u00e9 lett, * \u00e9s\u00a0itt\u00a0\u00e9lt k\u00f6z\u00f6tt\u00fcnk.\u00a0Jn 1,14 (7. t\u00f3nus) Vagy:\u00a0Alleluja.\u00a07. sz\u00e1m El\u0151\u00e9nekes: Dics\u00e9rd Uradat,\u00a0Jeruzs\u00e1lem, * magasztald, Sion,\u00a0Istenedet. Mert er\u0151ss\u00e9 tette\u00a0kapuid z\u00e1r\u00e1t, * \u00e9s meg\u00e1ldotta benned\u00a0fiaidat. H\u00edvek:\u00a0Az Ige\u00a0emberr\u00e9 lett, * \u00e9s\u00a0itt\u00a0\u00e9lt k\u00f6z\u00f6tt\u00fcnk. Vagy: Alleluja. E: Hat\u00e1raidon\u00a0\u0151\u00a0ad b\u00e9k\u00e9t, * \u00e9s j\u00f3llakat\u00a0k\u00f6v\u00e9r b\u00faz\u00e1val. Elk\u00fcldi\u00a0szav\u00e1t a f\u00f6ldre, * az \u0151 ig\u00e9je\u00a0gyorsan terjed.... R\u00e9szletek"}

Karácsonyt követő 2. vasárnap - Stuttgarti Katolikusok

<blockquote class="wp-embedded-content" data-secret="9cNFi8Gc0w"><a href="https://stuttgarti-katolikusok.de/index.php/karacsonyt-koveto-2-vasarnap/">Karácsonyt követő 2. vasárnap</a></blockquote><iframe sandbox="allow-scripts" security="restricted" src="https://stuttgarti-katolikusok.de/index.php/karacsonyt-koveto-2-vasarnap/embed/#?secret=9cNFi8Gc0w" width="600" height="338" title="&#8220;Karácsonyt követő 2. vasárnap&#8221; &#8212; Stuttgarti Katolikusok" data-secret="9cNFi8Gc0w" frameborder="0" marginwidth="0" marginheight="0" scrolling="no" class="wp-embedded-content"></iframe><script type="text/javascript">
/* <![CDATA[ */
/*! This file is auto-generated */
!function(d,l){"use strict";l.querySelector&&d.addEventListener&&"undefined"!=typeof URL&&(d.wp=d.wp||{},d.wp.receiveEmbedMessage||(d.wp.receiveEmbedMessage=function(e){var t=e.data;if((t||t.secret||t.message||t.value)&&!/[^a-zA-Z0-9]/.test(t.secret)){for(var s,r,n,a=l.querySelectorAll('iframe[data-secret="'+t.secret+'"]'),o=l.querySelectorAll('blockquote[data-secret="'+t.secret+'"]'),c=new RegExp("^https?:$","i"),i=0;i<o.length;i++)o[i].style.display="none";for(i=0;i<a.length;i++)s=a[i],e.source===s.contentWindow&&(s.removeAttribute("style"),"height"===t.message?(1e3<(r=parseInt(t.value,10))?r=1e3:~~r<200&&(r=200),s.height=r):"link"===t.message&&(r=new URL(s.getAttribute("src")),n=new URL(t.value),c.test(n.protocol))&&n.host===r.host&&l.activeElement===s&&(d.top.location.href=t.value))}},d.addEventListener("message",d.wp.receiveEmbedMessage,!1),l.addEventListener("DOMContentLoaded",function(){for(var e,t,s=l.querySelectorAll("iframe.wp-embedded-content"),r=0;r<s.length;r++)(t=(e=s[r]).getAttribute("data-secret"))||(t=Math.random().toString(36).substring(2,12),e.src+="#?secret="+t,e.setAttribute("data-secret",t)),e.contentWindow.postMessage({message:"ready",secret:t},"*")},!1)))}(window,document);
//# sourceURL=https://stuttgarti-katolikusok.de/wp-includes/js/wp-embed.min.js
/* ]]> */
</script>

Ezen a vasárnapon ismételten Szent János apostol evangéliumának bevezetőjéből (prologus) hangzik el az evangéliumi rész. Ugyanúgy, mint karácsony ünnepének első napján. Ezt igyekeztem meg kibontani elmélkedésemben: You are currently viewing a placeholder content from YouTube. To access the actual content, click the button below. Please note that doing so will share data with third-party providers. More Information Unblock content Accept required service and unblock content Kezdőének: Mialatt mély csend borult mindenre, és az éjjel sietős útja közepén tartott, mindenható Igéd, Urunk, a mennyből, királyi székéből eljött közénk! (Bölcs 18,14-15) Könyörgés: Mindenható, örök Isten, te vagy híveid világossága. Áraszd jóságosan mennyei dicsőségedet az egész világra, hogy minden nép fölött felragyogjon tiszta fényed. A mi Urunk, Jézus Krisztus, a te Fiad által, aki veled él és uralkodik a Szentlélekkel egységben, Isten mindörökkön-örökké. OLVASMÁNY Sirák fia könyvéből (Sir 24,1-4.12-16 [gr.1-2.8-12]) Isten bölcsessége a választott nép között lakott. A bölcsesség a maga dicséretét zengi, tiszteletben áll Istennél, népe közepette dicséri önmagát. Megszólal a Magasságbeli gyülekezetében, és Isten népének serege előtt eldicsekszik. Így beszél hozzájuk: „A mindenség Teremtője parancsot adott nekem, s aki teremtett, kijelölte sátramnak helyét. Így szólt: »A sátradat Jákobban üsd fel, örökrészed Izraelben legyen, és választottaim között verj gyökeret.« Ősidőktől fogva, a kezdet kezdetén teremtett, és nem pusztulok el soha, mindörökre. Szolgáltam előtte szent sátrában, majd pedig Sionban kaptam lakóhelyet. Letelepedtem a szeretett városban, s Jeruzsálemben van uralmam székhelye. Dicsőséges nép közt vertem így gyökeret, az Úrnak részében, az ő örökrészén, s a szentek gyülekezetében megtelepedtem.” Ez az Isten igéje. VÁLASZOS ZSOLTÁR (Zsolt 147,12-13.14-15.19-20) Válasz: Az Ige emberré lett, * és itt élt közöttünk. Jn 1,14 (7. tónus) Vagy: Alleluja. 7. szám Előénekes: Dicsérd Uradat, Jeruzsálem, * magasztald, Sion, Istenedet. Mert erőssé tette kapuid zárát, * és megáldotta benned fiaidat. Hívek: Az Ige emberré lett, * és itt élt közöttünk. Vagy: Alleluja. E: Határaidon ő ad békét, * és jóllakat kövér búzával. Elküldi szavát a földre, * az ő igéje gyorsan terjed.... Részletek
