{"version":"1.0","provider_name":"Stuttgarti Katolikusok","provider_url":"https:\/\/stuttgarti-katolikusok.de","title":"Kapaszkod\u00f3k... - Stuttgarti Katolikusok","type":"rich","width":600,"height":338,"html":"<blockquote class=\"wp-embedded-content\" data-secret=\"KQpjI3PNSz\"><a href=\"https:\/\/stuttgarti-katolikusok.de\/index.php\/kapaszkodok\/\">Kapaszkod\u00f3k&#8230;<\/a><\/blockquote><iframe sandbox=\"allow-scripts\" security=\"restricted\" src=\"https:\/\/stuttgarti-katolikusok.de\/index.php\/kapaszkodok\/embed\/#?secret=KQpjI3PNSz\" width=\"600\" height=\"338\" title=\"&#8220;Kapaszkod\u00f3k&#8230;&#8221; &#8212; Stuttgarti Katolikusok\" data-secret=\"KQpjI3PNSz\" frameborder=\"0\" marginwidth=\"0\" marginheight=\"0\" scrolling=\"no\" class=\"wp-embedded-content\"><\/iframe><script type=\"text\/javascript\">\n\/* <![CDATA[ *\/\n\/*! This file is auto-generated *\/\n!function(d,l){\"use strict\";l.querySelector&&d.addEventListener&&\"undefined\"!=typeof URL&&(d.wp=d.wp||{},d.wp.receiveEmbedMessage||(d.wp.receiveEmbedMessage=function(e){var t=e.data;if((t||t.secret||t.message||t.value)&&!\/[^a-zA-Z0-9]\/.test(t.secret)){for(var s,r,n,a=l.querySelectorAll('iframe[data-secret=\"'+t.secret+'\"]'),o=l.querySelectorAll('blockquote[data-secret=\"'+t.secret+'\"]'),c=new RegExp(\"^https?:$\",\"i\"),i=0;i<o.length;i++)o[i].style.display=\"none\";for(i=0;i<a.length;i++)s=a[i],e.source===s.contentWindow&&(s.removeAttribute(\"style\"),\"height\"===t.message?(1e3<(r=parseInt(t.value,10))?r=1e3:~~r<200&&(r=200),s.height=r):\"link\"===t.message&&(r=new URL(s.getAttribute(\"src\")),n=new URL(t.value),c.test(n.protocol))&&n.host===r.host&&l.activeElement===s&&(d.top.location.href=t.value))}},d.addEventListener(\"message\",d.wp.receiveEmbedMessage,!1),l.addEventListener(\"DOMContentLoaded\",function(){for(var e,t,s=l.querySelectorAll(\"iframe.wp-embedded-content\"),r=0;r<s.length;r++)(t=(e=s[r]).getAttribute(\"data-secret\"))||(t=Math.random().toString(36).substring(2,12),e.src+=\"#?secret=\"+t,e.setAttribute(\"data-secret\",t)),e.contentWindow.postMessage({message:\"ready\",secret:t},\"*\")},!1)))}(window,document);\n\/\/# sourceURL=https:\/\/stuttgarti-katolikusok.de\/wp-includes\/js\/wp-embed.min.js\n\/* ]]> *\/\n<\/script>\n","thumbnail_url":"https:\/\/stuttgarti-katolikusok.de\/wp-content\/uploads\/2020\/03\/kapaszkodo.jpg","thumbnail_width":640,"thumbnail_height":426,"description":"+! Kedveseim, \u00d6rvendek, hogy tetszik a Kapaszkod\u00f3k&#8230; gondolata, vagyis olyan pozit\u00edv, j\u00f6v\u0151be mutat\u00f3, hitet \u00e9s bizalmat sug\u00e1rz\u00f3 r\u00f6vid \u00edr\u00e1sok\u00e9 illetve mond\u00e1sok\u00e9, amelyek seg\u00edthetnek benn\u00fcnket ennek a neh\u00e9z id\u0151nek J\u00e9zusnak tetsz\u0151 t\u00fal\u00e9l\u00e9s\u00e9ben. Most egyik\u0151t\u00f6k sz\u00e9p gondolatai k\u00f6vetkeznek&#8230; M\u00e9g sok ilyen \u00edr\u00e1st vagy gondolatot k\u00e9r\u00fcnk! Lelkip\u00e1sztori szeretettel, Imre atya Stuttgart, 2020-03-24. \u00a0 Minden, ami nem tilos Ma hagyjuk a Napot csak s\u00fctni v\u00e9gre. Elmondom mit is tehetsz b\u00fcntetlen\u00fcl, \u00edme: Kergesd gondolataidat a szikr\u00e1z\u00f3 napon, Mosolyogjatok egym\u00e1sra bar\u00e1ts\u00e1ggal nagyon! &nbsp; \u00c9rezzetek egy\u00fctt b\u00e1tran, m\u00e9lyen, Szeresd felebar\u00e1todat mer\u00e9szen! A tavasz sem hagyott benn\u00fcnket mag\u00e1nyban, cserben: Elk\u00fcldte dallam\u00e1t, rem\u00e9nnyel eltelve, hogy Te is l\u00e9legezz bel\u0151le nagyokat, t\u00fcd\u0151b\u0151l\u00a0 m\u00e9lyen &nbsp; \u00dagye elmondassz egy im\u00e1t? Mindny\u00e1junk\u00e9rt k\u00e9rem! &nbsp;"}

Kapaszkodók... - Stuttgarti Katolikusok

<blockquote class="wp-embedded-content" data-secret="KQpjI3PNSz"><a href="https://stuttgarti-katolikusok.de/index.php/kapaszkodok/">Kapaszkodók&#8230;</a></blockquote><iframe sandbox="allow-scripts" security="restricted" src="https://stuttgarti-katolikusok.de/index.php/kapaszkodok/embed/#?secret=KQpjI3PNSz" width="600" height="338" title="&#8220;Kapaszkodók&#8230;&#8221; &#8212; Stuttgarti Katolikusok" data-secret="KQpjI3PNSz" frameborder="0" marginwidth="0" marginheight="0" scrolling="no" class="wp-embedded-content"></iframe><script type="text/javascript">
/* <![CDATA[ */
/*! This file is auto-generated */
!function(d,l){"use strict";l.querySelector&&d.addEventListener&&"undefined"!=typeof URL&&(d.wp=d.wp||{},d.wp.receiveEmbedMessage||(d.wp.receiveEmbedMessage=function(e){var t=e.data;if((t||t.secret||t.message||t.value)&&!/[^a-zA-Z0-9]/.test(t.secret)){for(var s,r,n,a=l.querySelectorAll('iframe[data-secret="'+t.secret+'"]'),o=l.querySelectorAll('blockquote[data-secret="'+t.secret+'"]'),c=new RegExp("^https?:$","i"),i=0;i<o.length;i++)o[i].style.display="none";for(i=0;i<a.length;i++)s=a[i],e.source===s.contentWindow&&(s.removeAttribute("style"),"height"===t.message?(1e3<(r=parseInt(t.value,10))?r=1e3:~~r<200&&(r=200),s.height=r):"link"===t.message&&(r=new URL(s.getAttribute("src")),n=new URL(t.value),c.test(n.protocol))&&n.host===r.host&&l.activeElement===s&&(d.top.location.href=t.value))}},d.addEventListener("message",d.wp.receiveEmbedMessage,!1),l.addEventListener("DOMContentLoaded",function(){for(var e,t,s=l.querySelectorAll("iframe.wp-embedded-content"),r=0;r<s.length;r++)(t=(e=s[r]).getAttribute("data-secret"))||(t=Math.random().toString(36).substring(2,12),e.src+="#?secret="+t,e.setAttribute("data-secret",t)),e.contentWindow.postMessage({message:"ready",secret:t},"*")},!1)))}(window,document);
//# sourceURL=https://stuttgarti-katolikusok.de/wp-includes/js/wp-embed.min.js
/* ]]> */
</script>

+! Kedveseim, Örvendek, hogy tetszik a Kapaszkodók&#8230; gondolata, vagyis olyan pozitív, jövőbe mutató, hitet és bizalmat sugárzó rövid írásoké illetve mondásoké, amelyek segíthetnek bennünket ennek a nehéz időnek Jézusnak tetsző túlélésében. Most egyikőtök szép gondolatai következnek&#8230; Még sok ilyen írást vagy gondolatot kérünk! Lelkipásztori szeretettel, Imre atya Stuttgart, 2020-03-24.   Minden, ami nem tilos Ma hagyjuk a Napot csak sütni végre. Elmondom mit is tehetsz büntetlenül, íme: Kergesd gondolataidat a szikrázó napon, Mosolyogjatok egymásra barátsággal nagyon! &nbsp; Érezzetek együtt bátran, mélyen, Szeresd felebarátodat merészen! A tavasz sem hagyott bennünket magányban, cserben: Elküldte dallamát, reménnyel eltelve, hogy Te is lélegezz belőle nagyokat, tüdőből  mélyen &nbsp; Úgye elmondassz egy imát? Mindnyájunkért kérem! &nbsp;
