{"version":"1.0","provider_name":"Stuttgarti Katolikusok","provider_url":"https:\/\/stuttgarti-katolikusok.de","title":"J\u00fanius 22 \u00e9s 29 k\u00f6z\u00f6tt - Stuttgarti Katolikusok","type":"rich","width":600,"height":338,"html":"<blockquote class=\"wp-embedded-content\" data-secret=\"WMckhnWeWW\"><a href=\"https:\/\/stuttgarti-katolikusok.de\/index.php\/junius-22-es-29-kozott\/\">J\u00fanius 22 \u00e9s 29 k\u00f6z\u00f6tt<\/a><\/blockquote><iframe sandbox=\"allow-scripts\" security=\"restricted\" src=\"https:\/\/stuttgarti-katolikusok.de\/index.php\/junius-22-es-29-kozott\/embed\/#?secret=WMckhnWeWW\" width=\"600\" height=\"338\" title=\"&#8220;J\u00fanius 22 \u00e9s 29 k\u00f6z\u00f6tt&#8221; &#8212; Stuttgarti Katolikusok\" data-secret=\"WMckhnWeWW\" frameborder=\"0\" marginwidth=\"0\" marginheight=\"0\" scrolling=\"no\" class=\"wp-embedded-content\"><\/iframe><script type=\"text\/javascript\">\n\/* <![CDATA[ *\/\n\/*! This file is auto-generated *\/\n!function(d,l){\"use strict\";l.querySelector&&d.addEventListener&&\"undefined\"!=typeof URL&&(d.wp=d.wp||{},d.wp.receiveEmbedMessage||(d.wp.receiveEmbedMessage=function(e){var t=e.data;if((t||t.secret||t.message||t.value)&&!\/[^a-zA-Z0-9]\/.test(t.secret)){for(var s,r,n,a=l.querySelectorAll('iframe[data-secret=\"'+t.secret+'\"]'),o=l.querySelectorAll('blockquote[data-secret=\"'+t.secret+'\"]'),c=new RegExp(\"^https?:$\",\"i\"),i=0;i<o.length;i++)o[i].style.display=\"none\";for(i=0;i<a.length;i++)s=a[i],e.source===s.contentWindow&&(s.removeAttribute(\"style\"),\"height\"===t.message?(1e3<(r=parseInt(t.value,10))?r=1e3:~~r<200&&(r=200),s.height=r):\"link\"===t.message&&(r=new URL(s.getAttribute(\"src\")),n=new URL(t.value),c.test(n.protocol))&&n.host===r.host&&l.activeElement===s&&(d.top.location.href=t.value))}},d.addEventListener(\"message\",d.wp.receiveEmbedMessage,!1),l.addEventListener(\"DOMContentLoaded\",function(){for(var e,t,s=l.querySelectorAll(\"iframe.wp-embedded-content\"),r=0;r<s.length;r++)(t=(e=s[r]).getAttribute(\"data-secret\"))||(t=Math.random().toString(36).substring(2,12),e.src+=\"#?secret=\"+t,e.setAttribute(\"data-secret\",t)),e.contentWindow.postMessage({message:\"ready\",secret:t},\"*\")},!1)))}(window,document);\n\/\/# sourceURL=https:\/\/stuttgarti-katolikusok.de\/wp-includes\/js\/wp-embed.min.js\n\/* ]]> *\/\n<\/script>\n","thumbnail_url":"https:\/\/stuttgarti-katolikusok.de\/wp-content\/uploads\/2020\/06\/istenkegyelme.jpg","thumbnail_width":2048,"thumbnail_height":2048,"description":"Programel\u0151zetes A jelenlegi egyh\u00e1zi rendelkez\u00e9sek \u00e9rtelm\u00e9ben a szentmise ut\u00e1ni \u00e1g\u00e1p\u00e9 valamint egy\u00e9b rendezv\u00e9nyek elmaradnak! Csak a szentmis\u00e9ket tarthatjuk meg! Ne feledj\u00e9tek: minden szentmis\u00e9re BE KELL JELENTKEZNETEK az Egyh\u00e1zk\u00f6zs\u00e9g Irod\u00e1j\u00e1n! \u00a0 J\u00fanius 24-\u00e9n, szerd\u00e1n, Stuttgartban 10.15 \u00f3rakor n\u00e9metnyelv\u0171 szentmise. * J\u00fanius 25-\u00e9n, cs\u00fct\u00f6rt\u00f6k\u00f6n, Ulmi d\u00e9lut\u00e1n 18.00 \u00f3rakor szentmise. * J\u00fanius 26-\u00e1n, p\u00e9nteken, Stuttgartban 18.00 \u00f3rakor J\u00e9zus-Sz\u00edve-\u00e1jtatoss\u00e1g \u00e1jtatoss\u00e1g, majd szentmise. Keret\u00e9ben Besz\u00e9lget\u00e9sek a katekizmusr\u00f3l. Weingarteni d\u00e9lut\u00e1n, a 14 Nothelferkapelle-ben 18.00 \u00f3rakor r\u00f3zsaf\u00fcz\u00e9r im\u00e1ds\u00e1g, ut\u00e1na szentmise. * J\u00fanius 27-\u00e9n, szombaton, Heidenheimban 15.30 \u00f3rakor szentmise. Reutlingenben 16.30 \u00f3rakor szentmise. * J\u00fanius 28-\u00e1n, \u00e9vk\u00f6zi 13. vas\u00e1rnap, Biberachban \u00c1rp\u00e1dh\u00e1zi Szent Kinga \u00fcnnepe: templomb\u00facs\u00fa. 9.00 \u00f3rakor a Dreifaltigkeits-Kirche-ben (!) szentmise. B\u00f6blingenben Boldog Scheffler J\u00e1nos \u00e9s Bogd\u00e1nffy Szil\u00e1rd v\u00e9rtan\u00fa-p\u00fcsp\u00f6k\u00f6k \u00fcnnepe, templomb\u00facs\u00fa. 9.30 \u00f3rakor szentmise. Ulmban 12.00 \u00f3rakor szentmise. Eislingenben 15.00 \u00f3rakor szentmise. Heilbronnban 15.30 \u00f3rakor szentmise. * \u201eIsten nem k\u00fcld oda, ahov\u00e1 kegyelme nem k\u00eds\u00e9r el.\u201d (Ismeretlen) Sz\u00e9p napokat, j\u00f3 munk\u00e1t, tartalmas besz\u00e9lget\u00e9seket \u00e9s \u00f6r\u00f6mteli tal\u00e1lkoz\u00e1sokat k\u00edv\u00e1nunk minden Kedves H\u00edv\u00fcnknek!"}

Június 22 és 29 között - Stuttgarti Katolikusok

<blockquote class="wp-embedded-content" data-secret="WMckhnWeWW"><a href="https://stuttgarti-katolikusok.de/index.php/junius-22-es-29-kozott/">Június 22 és 29 között</a></blockquote><iframe sandbox="allow-scripts" security="restricted" src="https://stuttgarti-katolikusok.de/index.php/junius-22-es-29-kozott/embed/#?secret=WMckhnWeWW" width="600" height="338" title="&#8220;Június 22 és 29 között&#8221; &#8212; Stuttgarti Katolikusok" data-secret="WMckhnWeWW" frameborder="0" marginwidth="0" marginheight="0" scrolling="no" class="wp-embedded-content"></iframe><script type="text/javascript">
/* <![CDATA[ */
/*! This file is auto-generated */
!function(d,l){"use strict";l.querySelector&&d.addEventListener&&"undefined"!=typeof URL&&(d.wp=d.wp||{},d.wp.receiveEmbedMessage||(d.wp.receiveEmbedMessage=function(e){var t=e.data;if((t||t.secret||t.message||t.value)&&!/[^a-zA-Z0-9]/.test(t.secret)){for(var s,r,n,a=l.querySelectorAll('iframe[data-secret="'+t.secret+'"]'),o=l.querySelectorAll('blockquote[data-secret="'+t.secret+'"]'),c=new RegExp("^https?:$","i"),i=0;i<o.length;i++)o[i].style.display="none";for(i=0;i<a.length;i++)s=a[i],e.source===s.contentWindow&&(s.removeAttribute("style"),"height"===t.message?(1e3<(r=parseInt(t.value,10))?r=1e3:~~r<200&&(r=200),s.height=r):"link"===t.message&&(r=new URL(s.getAttribute("src")),n=new URL(t.value),c.test(n.protocol))&&n.host===r.host&&l.activeElement===s&&(d.top.location.href=t.value))}},d.addEventListener("message",d.wp.receiveEmbedMessage,!1),l.addEventListener("DOMContentLoaded",function(){for(var e,t,s=l.querySelectorAll("iframe.wp-embedded-content"),r=0;r<s.length;r++)(t=(e=s[r]).getAttribute("data-secret"))||(t=Math.random().toString(36).substring(2,12),e.src+="#?secret="+t,e.setAttribute("data-secret",t)),e.contentWindow.postMessage({message:"ready",secret:t},"*")},!1)))}(window,document);
//# sourceURL=https://stuttgarti-katolikusok.de/wp-includes/js/wp-embed.min.js
/* ]]> */
</script>

Programelőzetes A jelenlegi egyházi rendelkezések értelmében a szentmise utáni ágápé valamint egyéb rendezvények elmaradnak! Csak a szentmiséket tarthatjuk meg! Ne feledjétek: minden szentmisére BE KELL JELENTKEZNETEK az Egyházközség Irodáján!   Június 24-én, szerdán, Stuttgartban 10.15 órakor németnyelvű szentmise. * Június 25-én, csütörtökön, Ulmi délután 18.00 órakor szentmise. * Június 26-án, pénteken, Stuttgartban 18.00 órakor Jézus-Szíve-ájtatosság ájtatosság, majd szentmise. Keretében Beszélgetések a katekizmusról. Weingarteni délután, a 14 Nothelferkapelle-ben 18.00 órakor rózsafüzér imádság, utána szentmise. * Június 27-én, szombaton, Heidenheimban 15.30 órakor szentmise. Reutlingenben 16.30 órakor szentmise. * Június 28-án, évközi 13. vasárnap, Biberachban Árpádházi Szent Kinga ünnepe: templombúcsú. 9.00 órakor a Dreifaltigkeits-Kirche-ben (!) szentmise. Böblingenben Boldog Scheffler János és Bogdánffy Szilárd vértanú-püspökök ünnepe, templombúcsú. 9.30 órakor szentmise. Ulmban 12.00 órakor szentmise. Eislingenben 15.00 órakor szentmise. Heilbronnban 15.30 órakor szentmise. * „Isten nem küld oda, ahová kegyelme nem kísér el.” (Ismeretlen) Szép napokat, jó munkát, tartalmas beszélgetéseket és örömteli találkozásokat kívánunk minden Kedves Hívünknek!
