{"version":"1.0","provider_name":"Stuttgarti Katolikusok","provider_url":"https:\/\/stuttgarti-katolikusok.de","title":"J\u00fanius 1 \u00e9s 7 k\u00f6z\u00f6tt - Stuttgarti Katolikusok","type":"rich","width":600,"height":338,"html":"<blockquote class=\"wp-embedded-content\" data-secret=\"C93gQJ2iCA\"><a href=\"https:\/\/stuttgarti-katolikusok.de\/index.php\/junius-1-es-7-kozott\/\">J\u00fanius 1 \u00e9s 7 k\u00f6z\u00f6tt<\/a><\/blockquote><iframe sandbox=\"allow-scripts\" security=\"restricted\" src=\"https:\/\/stuttgarti-katolikusok.de\/index.php\/junius-1-es-7-kozott\/embed\/#?secret=C93gQJ2iCA\" width=\"600\" height=\"338\" title=\"&#8220;J\u00fanius 1 \u00e9s 7 k\u00f6z\u00f6tt&#8221; &#8212; Stuttgarti Katolikusok\" data-secret=\"C93gQJ2iCA\" frameborder=\"0\" marginwidth=\"0\" marginheight=\"0\" scrolling=\"no\" class=\"wp-embedded-content\"><\/iframe><script type=\"text\/javascript\">\n\/* <![CDATA[ *\/\n\/*! This file is auto-generated *\/\n!function(d,l){\"use strict\";l.querySelector&&d.addEventListener&&\"undefined\"!=typeof URL&&(d.wp=d.wp||{},d.wp.receiveEmbedMessage||(d.wp.receiveEmbedMessage=function(e){var t=e.data;if((t||t.secret||t.message||t.value)&&!\/[^a-zA-Z0-9]\/.test(t.secret)){for(var s,r,n,a=l.querySelectorAll('iframe[data-secret=\"'+t.secret+'\"]'),o=l.querySelectorAll('blockquote[data-secret=\"'+t.secret+'\"]'),c=new RegExp(\"^https?:$\",\"i\"),i=0;i<o.length;i++)o[i].style.display=\"none\";for(i=0;i<a.length;i++)s=a[i],e.source===s.contentWindow&&(s.removeAttribute(\"style\"),\"height\"===t.message?(1e3<(r=parseInt(t.value,10))?r=1e3:~~r<200&&(r=200),s.height=r):\"link\"===t.message&&(r=new URL(s.getAttribute(\"src\")),n=new URL(t.value),c.test(n.protocol))&&n.host===r.host&&l.activeElement===s&&(d.top.location.href=t.value))}},d.addEventListener(\"message\",d.wp.receiveEmbedMessage,!1),l.addEventListener(\"DOMContentLoaded\",function(){for(var e,t,s=l.querySelectorAll(\"iframe.wp-embedded-content\"),r=0;r<s.length;r++)(t=(e=s[r]).getAttribute(\"data-secret\"))||(t=Math.random().toString(36).substring(2,12),e.src+=\"#?secret=\"+t,e.setAttribute(\"data-secret\",t)),e.contentWindow.postMessage({message:\"ready\",secret:t},\"*\")},!1)))}(window,document);\n\/\/# sourceURL=https:\/\/stuttgarti-katolikusok.de\/wp-includes\/js\/wp-embed.min.js\n\/* ]]> *\/\n<\/script>\n","thumbnail_url":"https:\/\/stuttgarti-katolikusok.de\/wp-content\/uploads\/2020\/05\/punkosd.jpg","thumbnail_width":1080,"thumbnail_height":1080,"description":"Programel\u0151zetes A jelenlegi egyh\u00e1zi rendelkez\u00e9sek \u00e9rtelm\u00e9ben a szentmise ut\u00e1ni \u00e1g\u00e1p\u00e9 valamint egy\u00e9b szok\u00e1sos rendezv\u00e9nyeink elmaradnak! Csak a szentmis\u00e9ket tarthatjuk meg! \u00a0 J\u00fanius 4-\u00e9n, cs\u00fct\u00f6rt\u00f6k\u00f6n, \u00a0\u00a0\u00a0\u00a0\u00a0\u00a0\u00a0\u00a0\u00a0\u00a0\u00a0 Stuttgartban 18.00 \u00f3rakor megeml\u00e9kez\u0151 szentmise a Trianoni b\u00e9kedikt\u00e1tum 100. \u00e9vfordul\u00f3ja alkalm\u00e1b\u00f3l. \u00a0\u00a0\u00a0\u00a0\u00a0\u00a0\u00a0\u00a0\u00a0\u00a0\u00a0 Ulmi d\u00e9lut\u00e1n, 18.00 \u00f3rakor szentmise. A Nemzeti \u00d6sszetartoz\u00e1s Napja alkalm\u00e1b\u00f3l eml\u00e9kez\u00fcnk a trianoni b\u00e9kedikt\u00e1tum (1920. j\u00fanius 4.) 100. \u00e9vfordul\u00f3j\u00e1ra.\u00a0 * J\u00fanius 5-\u00e9n, p\u00e9nteken, Stuttgartban 18.00 \u00f3rakor J\u00e9zus Sz\u00edve \u00e1jtatoss\u00e1g, majd szentmise, keret\u00e9ben P\u00e9nteki Egyetem, azaz: Besz\u00e9lget\u00e9sek a katekizmusr\u00f3l. T\u00e9ma: az\u00a0 egyh\u00e1zirend szents\u00e9ge. 19.00 \u00f3r\u00e1t\u00f3l Imak\u00f6r. Weingarteni d\u00e9lut\u00e1n, a 14 Nothelfer Kapelle-ben 18.00 \u00f3rakor r\u00f3zsaf\u00fcz\u00e9r im\u00e1ds\u00e1g, ut\u00e1na szentmise \u00e9s els\u0151p\u00e9nteki \u00e1jtatoss\u00e1g. * J\u00fanius 6-\u00e1n,\u00a0 szombaton, Balingenben 17.00 \u00f3r\u00e1t\u00f3l szentmise. * J\u00fanius 7-\u00e9n, Szenth\u00e1roms\u00e1gvas\u00e1rnapj\u00e1n, Munderkingenben 9.00 \u00f3rakor szentmise. A szentmise a St. Dionysius\u00a0 templomban lesz! Schw\u00e4bisch-Gm\u00fcndben 9.30 \u00f3rakor szentmise. Stuttgartban 15.00 \u00f3rakor szentmise. * Minden helyen mindenkit szeretettel v\u00e1r a k\u00f6z\u00f6ss\u00e9g, Imre atya \u00e9s Tibor atya! \u201eL\u00e9gy t\u0171z, mely lelkem m\u00e9ly\u00e9n \u00e9g, l\u00e9gy bennem folyton izz\u00f3 l\u00e1ng!\u201d Lelkes p\u00fcnk\u00f6sdi napokat, j\u00f3 munk\u00e1t, tartalmas besz\u00e9lget\u00e9seket \u00e9s \u00f6r\u00f6mteli tal\u00e1lkoz\u00e1sokat k\u00edv\u00e1nunk minden Kedves H\u00edv\u00fcnknek!"}

Június 1 és 7 között - Stuttgarti Katolikusok

<blockquote class="wp-embedded-content" data-secret="C93gQJ2iCA"><a href="https://stuttgarti-katolikusok.de/index.php/junius-1-es-7-kozott/">Június 1 és 7 között</a></blockquote><iframe sandbox="allow-scripts" security="restricted" src="https://stuttgarti-katolikusok.de/index.php/junius-1-es-7-kozott/embed/#?secret=C93gQJ2iCA" width="600" height="338" title="&#8220;Június 1 és 7 között&#8221; &#8212; Stuttgarti Katolikusok" data-secret="C93gQJ2iCA" frameborder="0" marginwidth="0" marginheight="0" scrolling="no" class="wp-embedded-content"></iframe><script type="text/javascript">
/* <![CDATA[ */
/*! This file is auto-generated */
!function(d,l){"use strict";l.querySelector&&d.addEventListener&&"undefined"!=typeof URL&&(d.wp=d.wp||{},d.wp.receiveEmbedMessage||(d.wp.receiveEmbedMessage=function(e){var t=e.data;if((t||t.secret||t.message||t.value)&&!/[^a-zA-Z0-9]/.test(t.secret)){for(var s,r,n,a=l.querySelectorAll('iframe[data-secret="'+t.secret+'"]'),o=l.querySelectorAll('blockquote[data-secret="'+t.secret+'"]'),c=new RegExp("^https?:$","i"),i=0;i<o.length;i++)o[i].style.display="none";for(i=0;i<a.length;i++)s=a[i],e.source===s.contentWindow&&(s.removeAttribute("style"),"height"===t.message?(1e3<(r=parseInt(t.value,10))?r=1e3:~~r<200&&(r=200),s.height=r):"link"===t.message&&(r=new URL(s.getAttribute("src")),n=new URL(t.value),c.test(n.protocol))&&n.host===r.host&&l.activeElement===s&&(d.top.location.href=t.value))}},d.addEventListener("message",d.wp.receiveEmbedMessage,!1),l.addEventListener("DOMContentLoaded",function(){for(var e,t,s=l.querySelectorAll("iframe.wp-embedded-content"),r=0;r<s.length;r++)(t=(e=s[r]).getAttribute("data-secret"))||(t=Math.random().toString(36).substring(2,12),e.src+="#?secret="+t,e.setAttribute("data-secret",t)),e.contentWindow.postMessage({message:"ready",secret:t},"*")},!1)))}(window,document);
//# sourceURL=https://stuttgarti-katolikusok.de/wp-includes/js/wp-embed.min.js
/* ]]> */
</script>

Programelőzetes A jelenlegi egyházi rendelkezések értelmében a szentmise utáni ágápé valamint egyéb szokásos rendezvényeink elmaradnak! Csak a szentmiséket tarthatjuk meg!   Június 4-én, csütörtökön,             Stuttgartban 18.00 órakor megemlékező szentmise a Trianoni békediktátum 100. évfordulója alkalmából.             Ulmi délután, 18.00 órakor szentmise. A Nemzeti Összetartozás Napja alkalmából emlékezünk a trianoni békediktátum (1920. június 4.) 100. évfordulójára.  * Június 5-én, pénteken, Stuttgartban 18.00 órakor Jézus Szíve ájtatosság, majd szentmise, keretében Pénteki Egyetem, azaz: Beszélgetések a katekizmusról. Téma: az  egyházirend szentsége. 19.00 órától Imakör. Weingarteni délután, a 14 Nothelfer Kapelle-ben 18.00 órakor rózsafüzér imádság, utána szentmise és elsőpénteki ájtatosság. * Június 6-án,  szombaton, Balingenben 17.00 órától szentmise. * Június 7-én, Szentháromságvasárnapján, Munderkingenben 9.00 órakor szentmise. A szentmise a St. Dionysius  templomban lesz! Schwäbisch-Gmündben 9.30 órakor szentmise. Stuttgartban 15.00 órakor szentmise. * Minden helyen mindenkit szeretettel vár a közösség, Imre atya és Tibor atya! „Légy tűz, mely lelkem mélyén ég, légy bennem folyton izzó láng!” Lelkes pünkösdi napokat, jó munkát, tartalmas beszélgetéseket és örömteli találkozásokat kívánunk minden Kedves Hívünknek!
