{"version":"1.0","provider_name":"Stuttgarti Katolikusok","provider_url":"https:\/\/stuttgarti-katolikusok.de","title":"J\u00falius 5 \u00e9s 19 k\u00f6z\u00f6tt - Stuttgarti Katolikusok","type":"rich","width":600,"height":338,"html":"<blockquote class=\"wp-embedded-content\" data-secret=\"5x3bm9bTrm\"><a href=\"https:\/\/stuttgarti-katolikusok.de\/index.php\/julius-5-es-19-kozott\/\">J\u00falius 5 \u00e9s 19 k\u00f6z\u00f6tt<\/a><\/blockquote><iframe sandbox=\"allow-scripts\" security=\"restricted\" src=\"https:\/\/stuttgarti-katolikusok.de\/index.php\/julius-5-es-19-kozott\/embed\/#?secret=5x3bm9bTrm\" width=\"600\" height=\"338\" title=\"&#8220;J\u00falius 5 \u00e9s 19 k\u00f6z\u00f6tt&#8221; &#8212; Stuttgarti Katolikusok\" data-secret=\"5x3bm9bTrm\" frameborder=\"0\" marginwidth=\"0\" marginheight=\"0\" scrolling=\"no\" class=\"wp-embedded-content\"><\/iframe><script type=\"text\/javascript\">\n\/* <![CDATA[ *\/\n\/*! This file is auto-generated *\/\n!function(d,l){\"use strict\";l.querySelector&&d.addEventListener&&\"undefined\"!=typeof URL&&(d.wp=d.wp||{},d.wp.receiveEmbedMessage||(d.wp.receiveEmbedMessage=function(e){var t=e.data;if((t||t.secret||t.message||t.value)&&!\/[^a-zA-Z0-9]\/.test(t.secret)){for(var s,r,n,a=l.querySelectorAll('iframe[data-secret=\"'+t.secret+'\"]'),o=l.querySelectorAll('blockquote[data-secret=\"'+t.secret+'\"]'),c=new RegExp(\"^https?:$\",\"i\"),i=0;i<o.length;i++)o[i].style.display=\"none\";for(i=0;i<a.length;i++)s=a[i],e.source===s.contentWindow&&(s.removeAttribute(\"style\"),\"height\"===t.message?(1e3<(r=parseInt(t.value,10))?r=1e3:~~r<200&&(r=200),s.height=r):\"link\"===t.message&&(r=new URL(s.getAttribute(\"src\")),n=new URL(t.value),c.test(n.protocol))&&n.host===r.host&&l.activeElement===s&&(d.top.location.href=t.value))}},d.addEventListener(\"message\",d.wp.receiveEmbedMessage,!1),l.addEventListener(\"DOMContentLoaded\",function(){for(var e,t,s=l.querySelectorAll(\"iframe.wp-embedded-content\"),r=0;r<s.length;r++)(t=(e=s[r]).getAttribute(\"data-secret\"))||(t=Math.random().toString(36).substring(2,12),e.src+=\"#?secret=\"+t,e.setAttribute(\"data-secret\",t)),e.contentWindow.postMessage({message:\"ready\",secret:t},\"*\")},!1)))}(window,document);\n\/\/# sourceURL=https:\/\/stuttgarti-katolikusok.de\/wp-includes\/js\/wp-embed.min.js\n\/* ]]> *\/\n<\/script>\n","thumbnail_url":"https:\/\/stuttgarti-katolikusok.de\/wp-content\/uploads\/2020\/07\/haannyitimadkoznank.jpg","thumbnail_width":1080,"thumbnail_height":1080,"description":"Programel\u0151zetes A jelenlegi egyh\u00e1zi rendelkez\u00e9sek \u00e9rtelm\u00e9ben a szentmise ut\u00e1ni \u00e1g\u00e1p\u00e9 valamint egy\u00e9b rendezv\u00e9nyek elmaradnak! Csak a szentmis\u00e9ket tarthatjuk meg! Ne feledj\u00e9tek: minden szentmis\u00e9re BE KELL JELENTKEZNETEK az Egyh\u00e1zk\u00f6zs\u00e9g Irod\u00e1j\u00e1n! * J\u00falius 5-\u00e9n, \u00e9vk\u00f6zi 14. vas\u00e1rnap, Stuttgartban 12.00 \u00f3rakor szentmise. * J\u00falius 8-\u00e1n, szerd\u00e1n, Stuttgartban 10.15 \u00f3rakor n\u00e9met-magyar nyelv\u0171 szentmise. * J\u00falius 10-\u00e9n, p\u00e9nteken, Stuttgartban 18.00 \u00f3rakor J\u00e9zus V\u00e9re \u00e1jtatoss\u00e1g, majd szentmise, keret\u00e9ben P\u00e9nteki Egyetem, azaz: Besz\u00e9lget\u00e9sek a katekizmusr\u00f3l. T\u00e9ma: A h\u00e1zass\u00e1g. * J\u00falius 17-\u00e9n, p\u00e9nteken, Stuttgartban 18.00 \u00f3rakor J\u00e9zus V\u00e9re \u00e1jtatoss\u00e1g, majd szentmise, keret\u00e9ben P\u00e9nteki Egyetem, azaz: Besz\u00e9lget\u00e9sek a katekizmusr\u00f3l. 19.00 \u00f3r\u00e1t\u00f3l ki\u00e1ll\u00edt\u00e1s-megnyit\u00f3 Kaiser Ott\u00f3 k\u00e9peib\u0151l: \u201eMily kedves a te hajl\u00e9kod, Seregek Ura!\u201d (Zsolt 84,2) c\u00edmmel. * J\u00falius 19-\u00e9n, \u00e9vk\u00f6zi 16. vas\u00e1rnap, Stuttgartban 10.00 \u00f3rakor szentmise. Stuttgartban 12.00 \u00f3rakor szentmise. * Minden helyen mindenkit szeretettel v\u00e1r a k\u00f6z\u00f6ss\u00e9g, Imre atya \u00e9s Tibor atya! &nbsp; \u201eHa csak annyit im\u00e1dkozn\u00e1nk, mint amennyit aggodalmaskodunk, sokkal kevesebb dolog miatt f\u0151ne a fej\u00fcnk.\u201d (Ismeretlen) \u00a0 Sz\u00e9p nyarat, j\u00f3 szabads\u00e1got, tartalmas besz\u00e9lget\u00e9seket \u00e9s \u00f6r\u00f6mteli tal\u00e1lkoz\u00e1sokat k\u00edv\u00e1nunk minden Kedves H\u00edv\u00fcnknek! \u00a0* Kedves H\u00edveimt\u0151l \u00e9s Bar\u00e1taimt\u00f3l pedig ezzel a verssel b\u00facs\u00fazom: \u00a0 S\u00edk S\u00e1ndor: Egy r\u00f3zsacsokorra Ne hozzatok nekem vir\u00e1gokat, Hervadtukon majd a sz\u00edvem szakad. Sz\u00e9p szavakat se mondjatok nekem, Az igazs\u00e1got jobban szeretem. K\u00f6sz\u00f6nt\u00e9ssel ne k\u00e9nyeztessetek: Az ember fia tesz, amit tehet. De ha lelkem a pap\u00edrra teszem, A k\u00e9z, amely \u00edr, nem az \u00e9n kezem. Mit adjatok h\u00e1t, ha adni k\u00edv\u00e1ntok? Egy k\u00e9zszor\u00edt\u00e1st meg egy Miaty\u00e1nkot. &nbsp;"}

Július 5 és 19 között - Stuttgarti Katolikusok

<blockquote class="wp-embedded-content" data-secret="5x3bm9bTrm"><a href="https://stuttgarti-katolikusok.de/index.php/julius-5-es-19-kozott/">Július 5 és 19 között</a></blockquote><iframe sandbox="allow-scripts" security="restricted" src="https://stuttgarti-katolikusok.de/index.php/julius-5-es-19-kozott/embed/#?secret=5x3bm9bTrm" width="600" height="338" title="&#8220;Július 5 és 19 között&#8221; &#8212; Stuttgarti Katolikusok" data-secret="5x3bm9bTrm" frameborder="0" marginwidth="0" marginheight="0" scrolling="no" class="wp-embedded-content"></iframe><script type="text/javascript">
/* <![CDATA[ */
/*! This file is auto-generated */
!function(d,l){"use strict";l.querySelector&&d.addEventListener&&"undefined"!=typeof URL&&(d.wp=d.wp||{},d.wp.receiveEmbedMessage||(d.wp.receiveEmbedMessage=function(e){var t=e.data;if((t||t.secret||t.message||t.value)&&!/[^a-zA-Z0-9]/.test(t.secret)){for(var s,r,n,a=l.querySelectorAll('iframe[data-secret="'+t.secret+'"]'),o=l.querySelectorAll('blockquote[data-secret="'+t.secret+'"]'),c=new RegExp("^https?:$","i"),i=0;i<o.length;i++)o[i].style.display="none";for(i=0;i<a.length;i++)s=a[i],e.source===s.contentWindow&&(s.removeAttribute("style"),"height"===t.message?(1e3<(r=parseInt(t.value,10))?r=1e3:~~r<200&&(r=200),s.height=r):"link"===t.message&&(r=new URL(s.getAttribute("src")),n=new URL(t.value),c.test(n.protocol))&&n.host===r.host&&l.activeElement===s&&(d.top.location.href=t.value))}},d.addEventListener("message",d.wp.receiveEmbedMessage,!1),l.addEventListener("DOMContentLoaded",function(){for(var e,t,s=l.querySelectorAll("iframe.wp-embedded-content"),r=0;r<s.length;r++)(t=(e=s[r]).getAttribute("data-secret"))||(t=Math.random().toString(36).substring(2,12),e.src+="#?secret="+t,e.setAttribute("data-secret",t)),e.contentWindow.postMessage({message:"ready",secret:t},"*")},!1)))}(window,document);
//# sourceURL=https://stuttgarti-katolikusok.de/wp-includes/js/wp-embed.min.js
/* ]]> */
</script>

Programelőzetes A jelenlegi egyházi rendelkezések értelmében a szentmise utáni ágápé valamint egyéb rendezvények elmaradnak! Csak a szentmiséket tarthatjuk meg! Ne feledjétek: minden szentmisére BE KELL JELENTKEZNETEK az Egyházközség Irodáján! * Július 5-én, évközi 14. vasárnap, Stuttgartban 12.00 órakor szentmise. * Július 8-án, szerdán, Stuttgartban 10.15 órakor német-magyar nyelvű szentmise. * Július 10-én, pénteken, Stuttgartban 18.00 órakor Jézus Vére ájtatosság, majd szentmise, keretében Pénteki Egyetem, azaz: Beszélgetések a katekizmusról. Téma: A házasság. * Július 17-én, pénteken, Stuttgartban 18.00 órakor Jézus Vére ájtatosság, majd szentmise, keretében Pénteki Egyetem, azaz: Beszélgetések a katekizmusról. 19.00 órától kiállítás-megnyitó Kaiser Ottó képeiből: „Mily kedves a te hajlékod, Seregek Ura!” (Zsolt 84,2) címmel. * Július 19-én, évközi 16. vasárnap, Stuttgartban 10.00 órakor szentmise. Stuttgartban 12.00 órakor szentmise. * Minden helyen mindenkit szeretettel vár a közösség, Imre atya és Tibor atya! &nbsp; „Ha csak annyit imádkoznánk, mint amennyit aggodalmaskodunk, sokkal kevesebb dolog miatt főne a fejünk.” (Ismeretlen)   Szép nyarat, jó szabadságot, tartalmas beszélgetéseket és örömteli találkozásokat kívánunk minden Kedves Hívünknek!  * Kedves Híveimtől és Barátaimtól pedig ezzel a verssel búcsúzom:   Sík Sándor: Egy rózsacsokorra Ne hozzatok nekem virágokat, Hervadtukon majd a szívem szakad. Szép szavakat se mondjatok nekem, Az igazságot jobban szeretem. Köszöntéssel ne kényeztessetek: Az ember fia tesz, amit tehet. De ha lelkem a papírra teszem, A kéz, amely ír, nem az én kezem. Mit adjatok hát, ha adni kívántok? Egy kézszorítást meg egy Miatyánkot. &nbsp;
