{"version":"1.0","provider_name":"Stuttgarti Katolikusok","provider_url":"https:\/\/stuttgarti-katolikusok.de","title":"J\u00f3t\u00e9konys\u00e1gi Baz\u00e1r \u00e9s Any\u00e1k Napja - Stuttgarti Katolikusok","type":"rich","width":600,"height":338,"html":"<blockquote class=\"wp-embedded-content\" data-secret=\"RHPcGlxKeU\"><a href=\"https:\/\/stuttgarti-katolikusok.de\/index.php\/jotekonysagi-bazar-es-anyak-napja\/\">J\u00f3t\u00e9konys\u00e1gi Baz\u00e1r \u00e9s Any\u00e1k Napja<\/a><\/blockquote><iframe sandbox=\"allow-scripts\" security=\"restricted\" src=\"https:\/\/stuttgarti-katolikusok.de\/index.php\/jotekonysagi-bazar-es-anyak-napja\/embed\/#?secret=RHPcGlxKeU\" width=\"600\" height=\"338\" title=\"&#8220;J\u00f3t\u00e9konys\u00e1gi Baz\u00e1r \u00e9s Any\u00e1k Napja&#8221; &#8212; Stuttgarti Katolikusok\" data-secret=\"RHPcGlxKeU\" frameborder=\"0\" marginwidth=\"0\" marginheight=\"0\" scrolling=\"no\" class=\"wp-embedded-content\"><\/iframe><script type=\"text\/javascript\">\n\/* <![CDATA[ *\/\n\/*! This file is auto-generated *\/\n!function(d,l){\"use strict\";l.querySelector&&d.addEventListener&&\"undefined\"!=typeof URL&&(d.wp=d.wp||{},d.wp.receiveEmbedMessage||(d.wp.receiveEmbedMessage=function(e){var t=e.data;if((t||t.secret||t.message||t.value)&&!\/[^a-zA-Z0-9]\/.test(t.secret)){for(var s,r,n,a=l.querySelectorAll('iframe[data-secret=\"'+t.secret+'\"]'),o=l.querySelectorAll('blockquote[data-secret=\"'+t.secret+'\"]'),c=new RegExp(\"^https?:$\",\"i\"),i=0;i<o.length;i++)o[i].style.display=\"none\";for(i=0;i<a.length;i++)s=a[i],e.source===s.contentWindow&&(s.removeAttribute(\"style\"),\"height\"===t.message?(1e3<(r=parseInt(t.value,10))?r=1e3:~~r<200&&(r=200),s.height=r):\"link\"===t.message&&(r=new URL(s.getAttribute(\"src\")),n=new URL(t.value),c.test(n.protocol))&&n.host===r.host&&l.activeElement===s&&(d.top.location.href=t.value))}},d.addEventListener(\"message\",d.wp.receiveEmbedMessage,!1),l.addEventListener(\"DOMContentLoaded\",function(){for(var e,t,s=l.querySelectorAll(\"iframe.wp-embedded-content\"),r=0;r<s.length;r++)(t=(e=s[r]).getAttribute(\"data-secret\"))||(t=Math.random().toString(36).substring(2,12),e.src+=\"#?secret=\"+t,e.setAttribute(\"data-secret\",t)),e.contentWindow.postMessage({message:\"ready\",secret:t},\"*\")},!1)))}(window,document);\n\/\/# sourceURL=https:\/\/stuttgarti-katolikusok.de\/wp-includes\/js\/wp-embed.min.js\n\/* ]]> *\/\n<\/script>\n","thumbnail_url":"https:\/\/stuttgarti-katolikusok.de\/wp-content\/uploads\/2016\/05\/26332130844_e8e4e4f5d7_n.jpg","thumbnail_width":320,"thumbnail_height":213,"description":"M\u00e1jus 1-\u00e9n, vas\u00e1rnap, Stuttgartban 11.00 \u00f3r\u00e1t\u00f3l J\u00f3t\u00e9konys\u00e1gi Baz\u00e1r vette kezdet\u00e9t. A teljes bev\u00e9telt szocio-karitat\u00edv projektjeink t\u00e1mogat\u00e1s\u00e1ra ford\u00edtjuk. Ebben az \u00e9vben a d\u00e9lvid\u00e9ki iskol\u00e1sok vannak soron! 12.00 \u00f3rakor \u00fcnnepi szentmis\u00e9ben k\u00f6sz\u00f6nt\u00f6tt\u00fck az \u00e9desany\u00e1kat. A szentmis\u00e9t k\u00f6vet\u0151en k\u00f6z\u00f6s eb\u00e9den vett\u00fcnk r\u00e9szt, ahol az elk\u00e9sz\u00edtett guly\u00e1slevest fogyasztottuk el. Az eb\u00e9d v\u00e9gezt\u00e9vel gyermekek Any\u00e1k Napi m\u0171sor\u00e1t tekintett\u00fck meg a templomban. Ezen a napon k\u00e9sz\u00fclt k\u00e9pek:"}

Jótékonysági Bazár és Anyák Napja - Stuttgarti Katolikusok

<blockquote class="wp-embedded-content" data-secret="RHPcGlxKeU"><a href="https://stuttgarti-katolikusok.de/index.php/jotekonysagi-bazar-es-anyak-napja/">Jótékonysági Bazár és Anyák Napja</a></blockquote><iframe sandbox="allow-scripts" security="restricted" src="https://stuttgarti-katolikusok.de/index.php/jotekonysagi-bazar-es-anyak-napja/embed/#?secret=RHPcGlxKeU" width="600" height="338" title="&#8220;Jótékonysági Bazár és Anyák Napja&#8221; &#8212; Stuttgarti Katolikusok" data-secret="RHPcGlxKeU" frameborder="0" marginwidth="0" marginheight="0" scrolling="no" class="wp-embedded-content"></iframe><script type="text/javascript">
/* <![CDATA[ */
/*! This file is auto-generated */
!function(d,l){"use strict";l.querySelector&&d.addEventListener&&"undefined"!=typeof URL&&(d.wp=d.wp||{},d.wp.receiveEmbedMessage||(d.wp.receiveEmbedMessage=function(e){var t=e.data;if((t||t.secret||t.message||t.value)&&!/[^a-zA-Z0-9]/.test(t.secret)){for(var s,r,n,a=l.querySelectorAll('iframe[data-secret="'+t.secret+'"]'),o=l.querySelectorAll('blockquote[data-secret="'+t.secret+'"]'),c=new RegExp("^https?:$","i"),i=0;i<o.length;i++)o[i].style.display="none";for(i=0;i<a.length;i++)s=a[i],e.source===s.contentWindow&&(s.removeAttribute("style"),"height"===t.message?(1e3<(r=parseInt(t.value,10))?r=1e3:~~r<200&&(r=200),s.height=r):"link"===t.message&&(r=new URL(s.getAttribute("src")),n=new URL(t.value),c.test(n.protocol))&&n.host===r.host&&l.activeElement===s&&(d.top.location.href=t.value))}},d.addEventListener("message",d.wp.receiveEmbedMessage,!1),l.addEventListener("DOMContentLoaded",function(){for(var e,t,s=l.querySelectorAll("iframe.wp-embedded-content"),r=0;r<s.length;r++)(t=(e=s[r]).getAttribute("data-secret"))||(t=Math.random().toString(36).substring(2,12),e.src+="#?secret="+t,e.setAttribute("data-secret",t)),e.contentWindow.postMessage({message:"ready",secret:t},"*")},!1)))}(window,document);
//# sourceURL=https://stuttgarti-katolikusok.de/wp-includes/js/wp-embed.min.js
/* ]]> */
</script>

Május 1-én, vasárnap, Stuttgartban 11.00 órától Jótékonysági Bazár vette kezdetét. A teljes bevételt szocio-karitatív projektjeink támogatására fordítjuk. Ebben az évben a délvidéki iskolások vannak soron! 12.00 órakor ünnepi szentmisében köszöntöttük az édesanyákat. A szentmisét követően közös ebéden vettünk részt, ahol az elkészített gulyáslevest fogyasztottuk el. Az ebéd végeztével gyermekek Anyák Napi műsorát tekintettük meg a templomban. Ezen a napon készült képek:
