{"version":"1.0","provider_name":"Stuttgarti Katolikusok","provider_url":"https:\/\/stuttgarti-katolikusok.de","title":"Jekel Ferenc k\u00e9pki\u00e1ll\u00edt\u00e1sa - Stuttgarti Katolikusok","type":"rich","width":600,"height":338,"html":"<blockquote class=\"wp-embedded-content\" data-secret=\"s4TqtHiq1S\"><a href=\"https:\/\/stuttgarti-katolikusok.de\/index.php\/jekel-ferenc-kepkiallitasa\/\">Jekel Ferenc k\u00e9pki\u00e1ll\u00edt\u00e1sa<\/a><\/blockquote><iframe sandbox=\"allow-scripts\" security=\"restricted\" src=\"https:\/\/stuttgarti-katolikusok.de\/index.php\/jekel-ferenc-kepkiallitasa\/embed\/#?secret=s4TqtHiq1S\" width=\"600\" height=\"338\" title=\"&#8220;Jekel Ferenc k\u00e9pki\u00e1ll\u00edt\u00e1sa&#8221; &#8212; Stuttgarti Katolikusok\" data-secret=\"s4TqtHiq1S\" frameborder=\"0\" marginwidth=\"0\" marginheight=\"0\" scrolling=\"no\" class=\"wp-embedded-content\"><\/iframe><script type=\"text\/javascript\">\n\/* <![CDATA[ *\/\n\/*! This file is auto-generated *\/\n!function(d,l){\"use strict\";l.querySelector&&d.addEventListener&&\"undefined\"!=typeof URL&&(d.wp=d.wp||{},d.wp.receiveEmbedMessage||(d.wp.receiveEmbedMessage=function(e){var t=e.data;if((t||t.secret||t.message||t.value)&&!\/[^a-zA-Z0-9]\/.test(t.secret)){for(var s,r,n,a=l.querySelectorAll('iframe[data-secret=\"'+t.secret+'\"]'),o=l.querySelectorAll('blockquote[data-secret=\"'+t.secret+'\"]'),c=new RegExp(\"^https?:$\",\"i\"),i=0;i<o.length;i++)o[i].style.display=\"none\";for(i=0;i<a.length;i++)s=a[i],e.source===s.contentWindow&&(s.removeAttribute(\"style\"),\"height\"===t.message?(1e3<(r=parseInt(t.value,10))?r=1e3:~~r<200&&(r=200),s.height=r):\"link\"===t.message&&(r=new URL(s.getAttribute(\"src\")),n=new URL(t.value),c.test(n.protocol))&&n.host===r.host&&l.activeElement===s&&(d.top.location.href=t.value))}},d.addEventListener(\"message\",d.wp.receiveEmbedMessage,!1),l.addEventListener(\"DOMContentLoaded\",function(){for(var e,t,s=l.querySelectorAll(\"iframe.wp-embedded-content\"),r=0;r<s.length;r++)(t=(e=s[r]).getAttribute(\"data-secret\"))||(t=Math.random().toString(36).substring(2,12),e.src+=\"#?secret=\"+t,e.setAttribute(\"data-secret\",t)),e.contentWindow.postMessage({message:\"ready\",secret:t},\"*\")},!1)))}(window,document);\n\/\/# sourceURL=https:\/\/stuttgarti-katolikusok.de\/wp-includes\/js\/wp-embed.min.js\n\/* ]]> *\/\n<\/script>\n","thumbnail_url":"https:\/\/stuttgarti-katolikusok.de\/wp-content\/uploads\/2018\/09\/jekelferi2.jpg","thumbnail_width":2048,"thumbnail_height":1536,"description":"Jekel Ferenc k\u00e9pki\u00e1ll\u00edt\u00e1s\u00e1nak megnyit\u00f3j\u00e1ra &nbsp; Mikor el\u0151sz\u00f6r tal\u00e1lkoztam Ferivel, els\u0151 benyom\u00e1som az volt, hogy finom, halkszav\u00fa ember. Mikor elmondta, hogy honnan j\u00f6tt, egyb\u0151l k\u00f6z\u00f6s ismer\u0151s\u00f6ket kerest\u00fcnk, \u00e9s term\u00e9szetesen a papok k\u00f6z\u00f6tt tal\u00e1ltunk is. \u00c9l\u00e9nk eszmecsere kezd\u0151d\u00f6tt a m\u00faltr\u00f3l. A k\u00f6z\u00f6s gy\u00f6kerek, az azonos \u00e9letkor, bar\u00e1tokk\u00e1 tett benn\u00fcnket. &nbsp; Azt\u00e1n megaj\u00e1nd\u00e9kozott egy k\u00e9ppel. Akkor tudtam meg, hogy els\u0151 kellemes\u00a0 benyom\u00e1som helyes volt ugyan, de fogh\u00edjas: hisz szer\u00e9nyen elhallgatta, hogy m\u0171v\u00e9szember. Kutatgatni kezdtem ut\u00e1na, \u00e9s a k\u00f6vetkez\u0151ket tudtam meg r\u00f3la a lexikonokb\u00f3l: Marosh\u00e9vizen (Toplita) sz\u00fcletett 1950. november 3-\u00e1n. A csal\u00e1d 1955-ben lek\u00f6lt\u00f6z\u00f6tt Petrill\u00e1ra. Ferenc ott v\u00e9gezte 1957-1965 k\u00f6z\u00f6tt elemi iskol\u00e1it magyar nyelven. 1965-1969 k\u00f6z\u00f6tt\u00a0 magyar gimn\u00e1ziumba j\u00e1rt, amelyet 1969-ben \u00e9retts\u00e9givel v\u00e9gzett. 1970-1973 k\u00f6z\u00f6tt a M\u0171v\u00e9szeti N\u00e9piskol\u00e1n tanult, amelynek v\u00e9g\u00e9n diplom\u00e1t kapott. 1973-t\u0151l d\u00edszletfest\u0151 volt a Petrozs\u00e9nyi \u00c1llami Sz\u00ednh\u00e1zn\u00e1l. \u00a0\u00c9s mert a rom\u00e1n kommunista nyom\u00e1s \u2013 k\u00fcl\u00f6n\u00f6sen a v\u00e9geken \u2013 igen nagy volt, 1974-ben \u00e1ttelep\u00fclt Budapestre. 1974-1983 k\u00f6z\u00f6tt a Kelenf\u00f6ldi Er\u0151m\u0171ben c\u00edmfest\u0151k\u00e9nt \u00e9s dekorat\u0151rk\u00e9nt dolgozott. 1983-ban \u00e1tk\u00f6lt\u00f6z\u00f6tt Stuttgartba. Itt 1983-1986 k\u00f6z\u00f6tt\u00a0 rekl\u00e1mtechnikusk\u00e9nt dolgozott. 1986-2014 k\u00f6z\u00f6tt pedig a Stuttgarti \u00c1llami K\u00e9pt\u00e1r Biztons\u00e1gi Oszt\u00e1ly\u00e1nak 2. vezet\u0151je volt. 2014-t\u0151l nyugalomba vonult. &nbsp; M\u00e1sutt m\u00e9g ezt is olvashatom r\u00f3la: \u201eKezdetben az erd\u00e9lyi tanyavil\u00e1g, a sz\u00e9kely n\u00e9p\u00e9let l\u00edrai expresszionista hangulat\u00fa k\u00e9peit festette, majd m\u00e1s m\u0171fajokkal ismerkedik: kisplasztik\u00e1kat, f\u00e9mdombor\u00edt\u00e1sokat, samottba faragott torz\u00f3kat mint\u00e1z, szitanyomatokat k\u00e9sz\u00edt. Az 1980-as \u00e9vekt\u0151l alkotja k\u00fcl\u00f6nleges f\u00f3lia-mozaik k\u00e9peit&#8230;\u201d M\u00e9gis, mint lelkip\u00e1sztort \u00e9s bar\u00e1tj\u00e1t els\u0151sorban az \u00e9rdekelt: mi az ars po\u00e9tik\u00e1ja, azaz mi k\u00e9szteti arra, hogy alkosson, \u00e9s mit akar \u00fczenni, mondani a m\u0171veivel? Ezeket mondta: \u201eSz\u00ednekkel disz\u00edteni az emberek k\u00f6rnyezet\u00e9t&#8230; Hogy sz\u00e9pnek l\u00e1ss\u00e1k a vil\u00e1got, \u00e9s j\u00f3l \u00e9rezz\u00e9k magukat benne!\u201d Van ebben az eg\u00e9szben egy a Ferenc jellem\u00e9ben f\u00f6llelhet\u0151\u00a0 alapvon\u00e1s: a teremtm\u00e9ny \u2013 a vil\u00e1g \u00e9s az ember \u2013 ir\u00e1nti szeretet. &nbsp; \u201eSz\u00ednekkel disz\u00edteni az emberek k\u00f6rnyezet\u00e9t&#8230;\u201d \u2013 Isten jut eszembe, aki szeretetb\u0151l teremtette az embert \u00e9s, hogy j\u00f3l \u00e9rezze mag\u00e1t, az \u00c9denkertbe helyezte \u0151t.... R\u00e9szletek"}

Jekel Ferenc képkiállítása - Stuttgarti Katolikusok

<blockquote class="wp-embedded-content" data-secret="s4TqtHiq1S"><a href="https://stuttgarti-katolikusok.de/index.php/jekel-ferenc-kepkiallitasa/">Jekel Ferenc képkiállítása</a></blockquote><iframe sandbox="allow-scripts" security="restricted" src="https://stuttgarti-katolikusok.de/index.php/jekel-ferenc-kepkiallitasa/embed/#?secret=s4TqtHiq1S" width="600" height="338" title="&#8220;Jekel Ferenc képkiállítása&#8221; &#8212; Stuttgarti Katolikusok" data-secret="s4TqtHiq1S" frameborder="0" marginwidth="0" marginheight="0" scrolling="no" class="wp-embedded-content"></iframe><script type="text/javascript">
/* <![CDATA[ */
/*! This file is auto-generated */
!function(d,l){"use strict";l.querySelector&&d.addEventListener&&"undefined"!=typeof URL&&(d.wp=d.wp||{},d.wp.receiveEmbedMessage||(d.wp.receiveEmbedMessage=function(e){var t=e.data;if((t||t.secret||t.message||t.value)&&!/[^a-zA-Z0-9]/.test(t.secret)){for(var s,r,n,a=l.querySelectorAll('iframe[data-secret="'+t.secret+'"]'),o=l.querySelectorAll('blockquote[data-secret="'+t.secret+'"]'),c=new RegExp("^https?:$","i"),i=0;i<o.length;i++)o[i].style.display="none";for(i=0;i<a.length;i++)s=a[i],e.source===s.contentWindow&&(s.removeAttribute("style"),"height"===t.message?(1e3<(r=parseInt(t.value,10))?r=1e3:~~r<200&&(r=200),s.height=r):"link"===t.message&&(r=new URL(s.getAttribute("src")),n=new URL(t.value),c.test(n.protocol))&&n.host===r.host&&l.activeElement===s&&(d.top.location.href=t.value))}},d.addEventListener("message",d.wp.receiveEmbedMessage,!1),l.addEventListener("DOMContentLoaded",function(){for(var e,t,s=l.querySelectorAll("iframe.wp-embedded-content"),r=0;r<s.length;r++)(t=(e=s[r]).getAttribute("data-secret"))||(t=Math.random().toString(36).substring(2,12),e.src+="#?secret="+t,e.setAttribute("data-secret",t)),e.contentWindow.postMessage({message:"ready",secret:t},"*")},!1)))}(window,document);
//# sourceURL=https://stuttgarti-katolikusok.de/wp-includes/js/wp-embed.min.js
/* ]]> */
</script>

Jekel Ferenc képkiállításának megnyitójára &nbsp; Mikor először találkoztam Ferivel, első benyomásom az volt, hogy finom, halkszavú ember. Mikor elmondta, hogy honnan jött, egyből közös ismerősöket kerestünk, és természetesen a papok között találtunk is. Élénk eszmecsere kezdődött a múltról. A közös gyökerek, az azonos életkor, barátokká tett bennünket. &nbsp; Aztán megajándékozott egy képpel. Akkor tudtam meg, hogy első kellemes  benyomásom helyes volt ugyan, de foghíjas: hisz szerényen elhallgatta, hogy művészember. Kutatgatni kezdtem utána, és a következőket tudtam meg róla a lexikonokból: Maroshévizen (Toplita) született 1950. november 3-án. A család 1955-ben leköltözött Petrillára. Ferenc ott végezte 1957-1965 között elemi iskoláit magyar nyelven. 1965-1969 között  magyar gimnáziumba járt, amelyet 1969-ben érettségivel végzett. 1970-1973 között a Művészeti Népiskolán tanult, amelynek végén diplomát kapott. 1973-től díszletfestő volt a Petrozsényi Állami Színháznál.  És mert a román kommunista nyomás – különösen a végeken – igen nagy volt, 1974-ben áttelepült Budapestre. 1974-1983 között a Kelenföldi Erőműben címfestőként és dekoratőrként dolgozott. 1983-ban átköltözött Stuttgartba. Itt 1983-1986 között  reklámtechnikusként dolgozott. 1986-2014 között pedig a Stuttgarti Állami Képtár Biztonsági Osztályának 2. vezetője volt. 2014-től nyugalomba vonult. &nbsp; Másutt még ezt is olvashatom róla: „Kezdetben az erdélyi tanyavilág, a székely népélet lírai expresszionista hangulatú képeit festette, majd más műfajokkal ismerkedik: kisplasztikákat, fémdomborításokat, samottba faragott torzókat mintáz, szitanyomatokat készít. Az 1980-as évektől alkotja különleges fólia-mozaik képeit&#8230;” Mégis, mint lelkipásztort és barátját elsősorban az érdekelt: mi az ars poétikája, azaz mi készteti arra, hogy alkosson, és mit akar üzenni, mondani a műveivel? Ezeket mondta: „Színekkel diszíteni az emberek környezetét&#8230; Hogy szépnek lássák a világot, és jól érezzék magukat benne!” Van ebben az egészben egy a Ferenc jellemében föllelhető  alapvonás: a teremtmény – a világ és az ember – iránti szeretet. &nbsp; „Színekkel diszíteni az emberek környezetét&#8230;” – Isten jut eszembe, aki szeretetből teremtette az embert és, hogy jól érezze magát, az Édenkertbe helyezte őt.... Részletek
