{"version":"1.0","provider_name":"Stuttgarti Katolikusok","provider_url":"https:\/\/stuttgarti-katolikusok.de","title":"Janu\u00e1r 3 \u00e9s 9 k\u00f6z\u00f6tt - Stuttgarti Katolikusok","type":"rich","width":600,"height":338,"html":"<blockquote class=\"wp-embedded-content\" data-secret=\"OgIFD9o4qH\"><a href=\"https:\/\/stuttgarti-katolikusok.de\/index.php\/januar-3-es-9-kozott\/\">Janu\u00e1r 3 \u00e9s 9 k\u00f6z\u00f6tt<\/a><\/blockquote><iframe sandbox=\"allow-scripts\" security=\"restricted\" src=\"https:\/\/stuttgarti-katolikusok.de\/index.php\/januar-3-es-9-kozott\/embed\/#?secret=OgIFD9o4qH\" width=\"600\" height=\"338\" title=\"&#8220;Janu\u00e1r 3 \u00e9s 9 k\u00f6z\u00f6tt&#8221; &#8212; Stuttgarti Katolikusok\" data-secret=\"OgIFD9o4qH\" frameborder=\"0\" marginwidth=\"0\" marginheight=\"0\" scrolling=\"no\" class=\"wp-embedded-content\"><\/iframe><script type=\"text\/javascript\">\n\/* <![CDATA[ *\/\n\/*! This file is auto-generated *\/\n!function(d,l){\"use strict\";l.querySelector&&d.addEventListener&&\"undefined\"!=typeof URL&&(d.wp=d.wp||{},d.wp.receiveEmbedMessage||(d.wp.receiveEmbedMessage=function(e){var t=e.data;if((t||t.secret||t.message||t.value)&&!\/[^a-zA-Z0-9]\/.test(t.secret)){for(var s,r,n,a=l.querySelectorAll('iframe[data-secret=\"'+t.secret+'\"]'),o=l.querySelectorAll('blockquote[data-secret=\"'+t.secret+'\"]'),c=new RegExp(\"^https?:$\",\"i\"),i=0;i<o.length;i++)o[i].style.display=\"none\";for(i=0;i<a.length;i++)s=a[i],e.source===s.contentWindow&&(s.removeAttribute(\"style\"),\"height\"===t.message?(1e3<(r=parseInt(t.value,10))?r=1e3:~~r<200&&(r=200),s.height=r):\"link\"===t.message&&(r=new URL(s.getAttribute(\"src\")),n=new URL(t.value),c.test(n.protocol))&&n.host===r.host&&l.activeElement===s&&(d.top.location.href=t.value))}},d.addEventListener(\"message\",d.wp.receiveEmbedMessage,!1),l.addEventListener(\"DOMContentLoaded\",function(){for(var e,t,s=l.querySelectorAll(\"iframe.wp-embedded-content\"),r=0;r<s.length;r++)(t=(e=s[r]).getAttribute(\"data-secret\"))||(t=Math.random().toString(36).substring(2,12),e.src+=\"#?secret=\"+t,e.setAttribute(\"data-secret\",t)),e.contentWindow.postMessage({message:\"ready\",secret:t},\"*\")},!1)))}(window,document);\n\/\/# sourceURL=https:\/\/stuttgarti-katolikusok.de\/wp-includes\/js\/wp-embed.min.js\n\/* ]]> *\/\n<\/script>\n","thumbnail_url":"https:\/\/stuttgarti-katolikusok.de\/wp-content\/uploads\/2021\/01\/the-baptism-of-the-lord.jpg","thumbnail_width":640,"thumbnail_height":282,"description":"Programel\u0151zetes A jelenlegi egyh\u00e1zi rendelkez\u00e9sek \u00e9rtelm\u00e9ben a szentmise megtarthat\u00f3. Szentmis\u00e9n k\u00f6telez\u0151 a maszk haszn\u00e1lata, jelenl\u00e9ti lista n\u00e9vvel \u00e9s el\u00e9rhet\u0151s\u00e9ggel, kezek fert\u0151tlen\u00edt\u00e9se! Akik Stuttgartban vesznek r\u00e9szt a szentmis\u00e9n, azok sz\u00e1m\u00e1ra tov\u00e1bbra is el\u0151zetes bejelentkez\u00e9sre van sz\u00fcks\u00e9g, amelyet a templom korl\u00e1tozott sz\u00e1m\u00fa befogad\u00f3 k\u00e9pess\u00e9ge tesz indokoltt\u00e1. Telefonon kereszt\u00fcl, vagy e-mailben lehet jelentkezni, \u00edgy tudunk felvil\u00e1gos\u00edt\u00e1st adni, hogy van-e m\u00e9g hely\u00fcnk. Amennyiben el\u0151zetes bejelentkez\u00e9s n\u00e9lk\u00fcl j\u00f6n valaki, el\u0151fordulhat, hogy m\u00e1r nem lesz hely. Ekkor is igyeksz\u00fcnk megold\u00e1st tal\u00e1lni. Jelen helyzetben a legfontosabb sz\u00e1munkra, hogy a szentmis\u00e9ken mindenki r\u00e9szt vehet. B\u00f6blingenben 2 G, Biberachban 3 G l\u00e9pett hat\u00e1lyba!!! \u00a0\u00a0* Janu\u00e1r 6-\u00e1n, cs\u00fct\u00f6rt\u00f6k\u00f6n, V\u00edzkereszt \u00fcnnepe, Weingartenben 11.00 \u00f3rakor szentmise a 14 Nothelfer Kapelle-ben, Ulmban 18.00 \u00f3rakor szentmise, el\u0151tte r\u00f3zsaf\u00fcz\u00e9rt im\u00e1dkozunk. \u00a0* Janu\u00e1r 7-\u00e9n, p\u00e9nteken, Stuttgarti d\u00e9lut\u00e1n, V\u00edzkereszt \u00fcnnepe. 18 \u00f3rakor szentmise, el\u0151tte r\u00f3zsaf\u00fcz\u00e9rt im\u00e1dkozunk. \u00a0* Janu\u00e1r 8-\u00e1n, szombaton, Biberachban a\u00a0Dreifaltigkeitskirche-ben 16.30 \u00f3rakor\u00a0szentmise. (3 G van \u00e9rv\u00e9nyben!!!) \u00a0* Janu\u00e1r 9-\u00e9n, Urunk megkeresztelked\u00e9se \u00fcnnepe, Weingartenben 11.00 \u00f3rakor szentmise, Heilig Geist Kirche-ben. Ulmban 15.00 \u00f3rakor \u00f6kumenikus istentisztelet. \u00a0* Minden helyen mindenkit szeretettel v\u00e1r a k\u00f6z\u00f6ss\u00e9g \u00e9s Tibor atya! Bens\u0151s\u00e9ges \u00e9s kellemes \u00faj\u00e9vi napokat, j\u00f3 tal\u00e1lkoz\u00e1sokat \u00e9s sok \u00f6r\u00f6met k\u00edv\u00e1nok minden kedves H\u00edvemnek. * \u201eA n\u00f6v\u00e9ny vir\u00e1got bont, hogy a m\u00e9hek r\u00e1sz\u00e1lljanak \u00e9s megterm\u00e9keny\u00edts\u00e9k. A gy\u00fcm\u00f6lcs elsz\u00f3rja magvait, hogy \u00faj n\u00f6v\u00e9nyek b\u00fajjanak el\u0151 a f\u00f6ldb\u0151l, amelyek azt\u00e1n \u00fajra vir\u00e1gba borulnak, hogy odacsalj\u00e1k a m\u00e9heket, amelyek megterm\u00e9keny\u00edtik, hogy \u00fajra gy\u00fcm\u00f6lcs\u00f6t hozzanak, \u00e9s \u00edgy tov\u00e1bb, a v\u00e9gtelens\u00e9gig.\u201d (Paulo Coelho \u2013 \u00edr\u00f3 \u2013 1947-)"}

Január 3 és 9 között - Stuttgarti Katolikusok

<blockquote class="wp-embedded-content" data-secret="OgIFD9o4qH"><a href="https://stuttgarti-katolikusok.de/index.php/januar-3-es-9-kozott/">Január 3 és 9 között</a></blockquote><iframe sandbox="allow-scripts" security="restricted" src="https://stuttgarti-katolikusok.de/index.php/januar-3-es-9-kozott/embed/#?secret=OgIFD9o4qH" width="600" height="338" title="&#8220;Január 3 és 9 között&#8221; &#8212; Stuttgarti Katolikusok" data-secret="OgIFD9o4qH" frameborder="0" marginwidth="0" marginheight="0" scrolling="no" class="wp-embedded-content"></iframe><script type="text/javascript">
/* <![CDATA[ */
/*! This file is auto-generated */
!function(d,l){"use strict";l.querySelector&&d.addEventListener&&"undefined"!=typeof URL&&(d.wp=d.wp||{},d.wp.receiveEmbedMessage||(d.wp.receiveEmbedMessage=function(e){var t=e.data;if((t||t.secret||t.message||t.value)&&!/[^a-zA-Z0-9]/.test(t.secret)){for(var s,r,n,a=l.querySelectorAll('iframe[data-secret="'+t.secret+'"]'),o=l.querySelectorAll('blockquote[data-secret="'+t.secret+'"]'),c=new RegExp("^https?:$","i"),i=0;i<o.length;i++)o[i].style.display="none";for(i=0;i<a.length;i++)s=a[i],e.source===s.contentWindow&&(s.removeAttribute("style"),"height"===t.message?(1e3<(r=parseInt(t.value,10))?r=1e3:~~r<200&&(r=200),s.height=r):"link"===t.message&&(r=new URL(s.getAttribute("src")),n=new URL(t.value),c.test(n.protocol))&&n.host===r.host&&l.activeElement===s&&(d.top.location.href=t.value))}},d.addEventListener("message",d.wp.receiveEmbedMessage,!1),l.addEventListener("DOMContentLoaded",function(){for(var e,t,s=l.querySelectorAll("iframe.wp-embedded-content"),r=0;r<s.length;r++)(t=(e=s[r]).getAttribute("data-secret"))||(t=Math.random().toString(36).substring(2,12),e.src+="#?secret="+t,e.setAttribute("data-secret",t)),e.contentWindow.postMessage({message:"ready",secret:t},"*")},!1)))}(window,document);
//# sourceURL=https://stuttgarti-katolikusok.de/wp-includes/js/wp-embed.min.js
/* ]]> */
</script>

Programelőzetes A jelenlegi egyházi rendelkezések értelmében a szentmise megtartható. Szentmisén kötelező a maszk használata, jelenléti lista névvel és elérhetőséggel, kezek fertőtlenítése! Akik Stuttgartban vesznek részt a szentmisén, azok számára továbbra is előzetes bejelentkezésre van szükség, amelyet a templom korlátozott számú befogadó képessége tesz indokolttá. Telefonon keresztül, vagy e-mailben lehet jelentkezni, így tudunk felvilágosítást adni, hogy van-e még helyünk. Amennyiben előzetes bejelentkezés nélkül jön valaki, előfordulhat, hogy már nem lesz hely. Ekkor is igyekszünk megoldást találni. Jelen helyzetben a legfontosabb számunkra, hogy a szentmiséken mindenki részt vehet. Böblingenben 2 G, Biberachban 3 G lépett hatályba!!!   * Január 6-án, csütörtökön, Vízkereszt ünnepe, Weingartenben 11.00 órakor szentmise a 14 Nothelfer Kapelle-ben, Ulmban 18.00 órakor szentmise, előtte rózsafüzért imádkozunk.  * Január 7-én, pénteken, Stuttgarti délután, Vízkereszt ünnepe. 18 órakor szentmise, előtte rózsafüzért imádkozunk.  * Január 8-án, szombaton, Biberachban a Dreifaltigkeitskirche-ben 16.30 órakor szentmise. (3 G van érvényben!!!)  * Január 9-én, Urunk megkeresztelkedése ünnepe, Weingartenben 11.00 órakor szentmise, Heilig Geist Kirche-ben. Ulmban 15.00 órakor ökumenikus istentisztelet.  * Minden helyen mindenkit szeretettel vár a közösség és Tibor atya! Bensőséges és kellemes újévi napokat, jó találkozásokat és sok örömet kívánok minden kedves Hívemnek. * „A növény virágot bont, hogy a méhek rászálljanak és megtermékenyítsék. A gyümölcs elszórja magvait, hogy új növények bújjanak elő a földből, amelyek aztán újra virágba borulnak, hogy odacsalják a méheket, amelyek megtermékenyítik, hogy újra gyümölcsöt hozzanak, és így tovább, a végtelenségig.” (Paulo Coelho – író – 1947-)
