{"version":"1.0","provider_name":"Stuttgarti Katolikusok","provider_url":"https:\/\/stuttgarti-katolikusok.de","title":"H\u00fasv\u00e9t - H\u00fasv\u00e9t 2. vas\u00e1rnap - Stuttgarti Katolikusok","type":"rich","width":600,"height":338,"html":"<blockquote class=\"wp-embedded-content\" data-secret=\"sCIy1LPEIq\"><a href=\"https:\/\/stuttgarti-katolikusok.de\/index.php\/husvet-husvet-2-vasarnap\/\">H\u00fasv\u00e9t &#8211; H\u00fasv\u00e9t 2. vas\u00e1rnap<\/a><\/blockquote><iframe sandbox=\"allow-scripts\" security=\"restricted\" src=\"https:\/\/stuttgarti-katolikusok.de\/index.php\/husvet-husvet-2-vasarnap\/embed\/#?secret=sCIy1LPEIq\" width=\"600\" height=\"338\" title=\"&#8220;H\u00fasv\u00e9t &#8211; H\u00fasv\u00e9t 2. vas\u00e1rnap&#8221; &#8212; Stuttgarti Katolikusok\" data-secret=\"sCIy1LPEIq\" frameborder=\"0\" marginwidth=\"0\" marginheight=\"0\" scrolling=\"no\" class=\"wp-embedded-content\"><\/iframe><script type=\"text\/javascript\">\n\/* <![CDATA[ *\/\n\/*! This file is auto-generated *\/\n!function(d,l){\"use strict\";l.querySelector&&d.addEventListener&&\"undefined\"!=typeof URL&&(d.wp=d.wp||{},d.wp.receiveEmbedMessage||(d.wp.receiveEmbedMessage=function(e){var t=e.data;if((t||t.secret||t.message||t.value)&&!\/[^a-zA-Z0-9]\/.test(t.secret)){for(var s,r,n,a=l.querySelectorAll('iframe[data-secret=\"'+t.secret+'\"]'),o=l.querySelectorAll('blockquote[data-secret=\"'+t.secret+'\"]'),c=new RegExp(\"^https?:$\",\"i\"),i=0;i<o.length;i++)o[i].style.display=\"none\";for(i=0;i<a.length;i++)s=a[i],e.source===s.contentWindow&&(s.removeAttribute(\"style\"),\"height\"===t.message?(1e3<(r=parseInt(t.value,10))?r=1e3:~~r<200&&(r=200),s.height=r):\"link\"===t.message&&(r=new URL(s.getAttribute(\"src\")),n=new URL(t.value),c.test(n.protocol))&&n.host===r.host&&l.activeElement===s&&(d.top.location.href=t.value))}},d.addEventListener(\"message\",d.wp.receiveEmbedMessage,!1),l.addEventListener(\"DOMContentLoaded\",function(){for(var e,t,s=l.querySelectorAll(\"iframe.wp-embedded-content\"),r=0;r<s.length;r++)(t=(e=s[r]).getAttribute(\"data-secret\"))||(t=Math.random().toString(36).substring(2,12),e.src+=\"#?secret=\"+t,e.setAttribute(\"data-secret\",t)),e.contentWindow.postMessage({message:\"ready\",secret:t},\"*\")},!1)))}(window,document);\n\/\/# sourceURL=https:\/\/stuttgarti-katolikusok.de\/wp-includes\/js\/wp-embed.min.js\n\/* ]]> *\/\n<\/script>\n","description":"\u00c1PRILIS 21. H\u00daSV\u00c9TVAS\u00c1RNAP \u2013 URUNK FELT\u00c1MAD\u00c1SA &nbsp; A liturgikus \u00e9v legnagyobb \u00fcnnepe. A h\u00fasv\u00e9ti mise a felt\u00e1madt Krisztust k\u00f6sz\u00f6nti, mert \u00f6v\u00e9 a hatalom \u00e9s a dics\u0151s\u00e9g mind\u00f6r\u00f6kk\u00e9. Minket pedig arra int, hogy a kereszts\u00e9gben \u00faj \u00e9letre kelve az odaf\u00f6nt val\u00f3kat keress\u00fck. S \u00edgy rem\u00e9lhetj\u00fck, hogy Krisztussal egy\u00fctt elnyerj\u00fck a felt\u00e1mad\u00e1s \u00e9s az \u00f6r\u00f6k \u00e9let aj\u00e1nd\u00e9k\u00e1t. KEZD\u0150\u00c9NEK\u00a0 \u00a0\u00a0\u00a0\u00a0\u00a0\u00a0\u00a0\u00a0\u00a0\u00a0\u00a0\u00a0\u00a0\u00a0\u00a0\u00a0\u00a0\u00a0\u00a0\u00a0\u00a0\u00a0\u00a0\u00a0\u00a0\u00a0\u00a0\u00a0\u00a0\u00a0\u00a0\u00a0\u00a0\u00a0\u00a0\u00a0\u00a0\u00a0\u00a0\u00a0Lk 24, 34 v\u00f6. Jel 1, 6 Val\u00f3ban felt\u00e1madt az \u00dar, alleluja. \u00d6v\u00e9 a dics\u0151s\u00e9g \u00e9s a hatalom \u00f6r\u00f6kk\u00f6n-\u00f6r\u00f6kk\u00e9. OLVASM\u00c1NY\u00a0\u00a0\u00a0\u00a0\u00a0\u00a0\u00a0\u00a0\u00a0\u00a0\u00a0\u00a0\u00a0\u00a0\u00a0\u00a0\u00a0\u00a0\u00a0\u00a0\u00a0\u00a0\u00a0\u00a0\u00a0\u00a0\u00a0\u00a0\u00a0\u00a0\u00a0\u00a0\u00a0\u00a0\u00a0\u00a0 ApCsel 10, 34a. 37\u201343 Az apostolokat az \u00f3sz\u00f6vets\u00e9gi j\u00f6vend\u00f6l\u00e9seken \u00e9s az \u00fcres s\u00edron k\u00edv\u00fcl a megjelen\u00e9sek gy\u0151zt\u00e9k meg arr\u00f3l, hogy Krisztus val\u00f3ban felt\u00e1madt. A J\u00e9zussal val\u00f3 tal\u00e1lkoz\u00e1sok azt is igazolt\u00e1k, hogy \u0151 m\u00e1r megdics\u0151\u00fclt, vagyis az Aty\u00e1n\u00e1l van \u00e9s nagy hatalommal rendelkezik. Isten az \u00e9l\u0151k \u00e9s holtak b\u00edr\u00e1j\u00e1v\u00e1 tette. V\u00c1LASZOS ZSOLT\u00c1R\u00a0\u00a0\u00a0\u00a0\u00a0\u00a0\u00a0\u00a0\u00a0\u00a0\u00a0\u00a0\u00a0\u00a0\u00a0\u00a0\u00a0\u00a0\u00a0\u00a0\u00a0\u00a0\u00a0\u00a0\u00a0 \u00a0\u00a0\u00a0\u00a0\u00a0\u00a0\u00a0\u00a0\u00a0\u00a0117. Zsolt\u00e1r V\u00e1lasz: Ezt a napot az \u00daristen adta: * \u00f6rvendj\u00fcnk \u00e9s vigadjunk rajta.\u00a0\u00a0\u00a0 SZENTLECKE \u00a0\u00a0\u00a0\u00a0\u00a0\u00a0\u00a0\u00a0\u00a0\u00a0\u00a0\u00a0\u00a0\u00a0\u00a0\u00a0\u00a0\u00a0\u00a0\u00a0\u00a0\u00a0\u00a0\u00a0\u00a0\u00a0\u00a0\u00a0\u00a0\u00a0\u00a0\u00a0\u00a0\u00a0\u00a0\u00a0\u00a0\u00a0\u00a0\u00a0\u00a0\u00a0\u00a0\u00a0\u00a0\u00a0\u00a0\u00a0\u00a0\u00a0\u00a0\u00a0Kol 3, 1\u20134 Szent P\u00e1l apostol \u00edrja: Isten Krisztussal egy\u00fctt minket is felt\u00e1masztott. Ez azt jelenti: Krisztus felt\u00e1mad\u00e1sa a mi felt\u00e1mad\u00e1sunk forr\u00e1sa. A kereszts\u00e9g r\u00e9v\u00e9n ugyanis kegyelmi kapcsolatba ker\u00fclt\u00fcnk a felt\u00e1madt J\u00e9zussal. Arra kell t\u00f6rekedn\u00fcnk, hogy ez a kapcsolat a mindennapi erk\u00f6lcsi \u00e9let\u00fcnkben is megmutatkozz\u00e9k. Vagy tetsz\u00e9s szerint: SZENTLECKE\u00a0 \u00a0\u00a0\u00a0\u00a0\u00a0\u00a0\u00a0\u00a0\u00a0\u00a0\u00a0\u00a0\u00a0\u00a0\u00a0\u00a0\u00a0\u00a0\u00a0\u00a0\u00a0\u00a0\u00a0\u00a0\u00a0\u00a0\u00a0\u00a0\u00a0\u00a0\u00a0\u00a0\u00a0\u00a0\u00a0\u00a0\u00a0\u00a0\u00a0\u00a0\u00a0\u00a0\u00a0\u00a0\u00a01 Kor 5, 6b\u20138 A kov\u00e1sz \u00e1tj\u00e1rja az eg\u00e9sz t\u00e9szt\u00e1t. Ugyan\u00edgy kell \u00e1tj\u00e1rnia \u00e9let\u00fcnket Krisztus evang\u00e9lium\u00e1nak, hogy ne a romlotts\u00e1g \u00e9s a gonoszs\u00e1g, hanem a tisztas\u00e1g \u00e9s az igazs\u00e1g \u00e9rv\u00e9nyes\u00fclj\u00f6n benn\u00fcnk. SZEKVENCIA\u00a0\u00a0\u00a0\u00a0\u00a0\u00a0\u00a0\u00a0\u00a0\u00a0\u00a0\u00a0\u00a0\u00a0\u00a0\u00a0\u00a0\u00a0\u00a0\u00a0\u00a0\u00a0\u00a0\u00a0\u00a0\u00a0 \u00a0(mondhat\u00f3 vagy \u00e9nekelhet\u0151) A H\u00fasv\u00e9ti B\u00e1r\u00e1nyt kereszt\u00e9nyek dics\u00e9rve \u00e1ldj\u00e1k! Krisztus \u00e1rtatlan B\u00e1r\u00e1ny: v\u00e9r\u00e9nek \u00e1r\u00e1n ny\u00e1ja b\u0171nei\u00e9rt megengesztelte Atyj\u00e1t. Benne \u00e9let \u00e9s hal\u00e1l csod\u00e1s nagy p\u00e1rharcra sz\u00e1ll: \u00e9let Ura a s\u00edrb\u00f3l felk\u00e9l, \u00e9s gy\u0151ztesen \u00e9l. M\u00e1ria Magdolna, mondd, mit l\u00e1tt\u00e1l utadon! \u201eAz \u00e9l\u0151 Krisztusnak s\u00edrj\u00e1t, felt\u00e1madt Urunk nagy diadal\u00e1t, angyalok jelen\u00e9s\u00e9t, Urunk halotti lepl\u00e9t. Felt\u00e1madt Krisztus, rem\u00e9nyetek: Galile\u00e1ba megy el\u0151ttetek.\u201d Krisztus a hal\u00e1lb\u00f3l val\u00f3ban felt\u00e1madt, tudjuk. Gy\u0151ztes Kir\u00e1ly, k\u00f6ny\u00f6r\u00fclj meg rajtunk! Amen. Alleluja! ALLELUJA \u00a0\u00a0\u00a0\u00a0\u00a0\u00a0\u00a0\u00a0\u00a0\u00a0\u00a0\u00a0\u00a0\u00a0\u00a0\u00a0\u00a0\u00a0\u00a0\u00a0\u00a0\u00a0\u00a0\u00a0\u00a0\u00a0\u00a0\u00a0\u00a0\u00a0\u00a0\u00a0\u00a0\u00a0\u00a0\u00a0\u00a0\u00a0\u00a0\u00a0\u00a0\u00a0\u00a0\u00a0\u00a0\u00a0\u00a0\u00a0\u00a0\u00a0\u00a0\u00a0\u00a0\u00a0\u00a0\u00a01 Kor 5, 7b\u20138a... R\u00e9szletek"}

Húsvét - Húsvét 2. vasárnap - Stuttgarti Katolikusok

<blockquote class="wp-embedded-content" data-secret="sCIy1LPEIq"><a href="https://stuttgarti-katolikusok.de/index.php/husvet-husvet-2-vasarnap/">Húsvét &#8211; Húsvét 2. vasárnap</a></blockquote><iframe sandbox="allow-scripts" security="restricted" src="https://stuttgarti-katolikusok.de/index.php/husvet-husvet-2-vasarnap/embed/#?secret=sCIy1LPEIq" width="600" height="338" title="&#8220;Húsvét &#8211; Húsvét 2. vasárnap&#8221; &#8212; Stuttgarti Katolikusok" data-secret="sCIy1LPEIq" frameborder="0" marginwidth="0" marginheight="0" scrolling="no" class="wp-embedded-content"></iframe><script type="text/javascript">
/* <![CDATA[ */
/*! This file is auto-generated */
!function(d,l){"use strict";l.querySelector&&d.addEventListener&&"undefined"!=typeof URL&&(d.wp=d.wp||{},d.wp.receiveEmbedMessage||(d.wp.receiveEmbedMessage=function(e){var t=e.data;if((t||t.secret||t.message||t.value)&&!/[^a-zA-Z0-9]/.test(t.secret)){for(var s,r,n,a=l.querySelectorAll('iframe[data-secret="'+t.secret+'"]'),o=l.querySelectorAll('blockquote[data-secret="'+t.secret+'"]'),c=new RegExp("^https?:$","i"),i=0;i<o.length;i++)o[i].style.display="none";for(i=0;i<a.length;i++)s=a[i],e.source===s.contentWindow&&(s.removeAttribute("style"),"height"===t.message?(1e3<(r=parseInt(t.value,10))?r=1e3:~~r<200&&(r=200),s.height=r):"link"===t.message&&(r=new URL(s.getAttribute("src")),n=new URL(t.value),c.test(n.protocol))&&n.host===r.host&&l.activeElement===s&&(d.top.location.href=t.value))}},d.addEventListener("message",d.wp.receiveEmbedMessage,!1),l.addEventListener("DOMContentLoaded",function(){for(var e,t,s=l.querySelectorAll("iframe.wp-embedded-content"),r=0;r<s.length;r++)(t=(e=s[r]).getAttribute("data-secret"))||(t=Math.random().toString(36).substring(2,12),e.src+="#?secret="+t,e.setAttribute("data-secret",t)),e.contentWindow.postMessage({message:"ready",secret:t},"*")},!1)))}(window,document);
//# sourceURL=https://stuttgarti-katolikusok.de/wp-includes/js/wp-embed.min.js
/* ]]> */
</script>

ÁPRILIS 21. HÚSVÉTVASÁRNAP – URUNK FELTÁMADÁSA &nbsp; A liturgikus év legnagyobb ünnepe. A húsvéti mise a feltámadt Krisztust köszönti, mert övé a hatalom és a dicsőség mindörökké. Minket pedig arra int, hogy a keresztségben új életre kelve az odafönt valókat keressük. S így remélhetjük, hogy Krisztussal együtt elnyerjük a feltámadás és az örök élet ajándékát. KEZDŐÉNEK                                          Lk 24, 34 vö. Jel 1, 6 Valóban feltámadt az Úr, alleluja. Övé a dicsőség és a hatalom örökkön-örökké. OLVASMÁNY                                     ApCsel 10, 34a. 37–43 Az apostolokat az ószövetségi jövendöléseken és az üres síron kívül a megjelenések győzték meg arról, hogy Krisztus valóban feltámadt. A Jézussal való találkozások azt is igazolták, hogy ő már megdicsőült, vagyis az Atyánál van és nagy hatalommal rendelkezik. Isten az élők és holtak bírájává tette. VÁLASZOS ZSOLTÁR                                    117. Zsoltár Válasz: Ezt a napot az Úristen adta: * örvendjünk és vigadjunk rajta.    SZENTLECKE                                                     Kol 3, 1–4 Szent Pál apostol írja: Isten Krisztussal együtt minket is feltámasztott. Ez azt jelenti: Krisztus feltámadása a mi feltámadásunk forrása. A keresztség révén ugyanis kegyelmi kapcsolatba kerültünk a feltámadt Jézussal. Arra kell törekednünk, hogy ez a kapcsolat a mindennapi erkölcsi életünkben is megmutatkozzék. Vagy tetszés szerint: SZENTLECKE                                               1 Kor 5, 6b–8 A kovász átjárja az egész tésztát. Ugyanígy kell átjárnia életünket Krisztus evangéliumának, hogy ne a romlottság és a gonoszság, hanem a tisztaság és az igazság érvényesüljön bennünk. SZEKVENCIA                            (mondható vagy énekelhető) A Húsvéti Bárányt keresztények dicsérve áldják! Krisztus ártatlan Bárány: vérének árán nyája bűneiért megengesztelte Atyját. Benne élet és halál csodás nagy párharcra száll: élet Ura a sírból felkél, és győztesen él. Mária Magdolna, mondd, mit láttál utadon! „Az élő Krisztusnak sírját, feltámadt Urunk nagy diadalát, angyalok jelenését, Urunk halotti leplét. Feltámadt Krisztus, reményetek: Galileába megy előttetek.” Krisztus a halálból valóban feltámadt, tudjuk. Győztes Király, könyörülj meg rajtunk! Amen. Alleluja! ALLELUJA                                                         1 Kor 5, 7b–8a... Részletek
