{"version":"1.0","provider_name":"Stuttgarti Katolikusok","provider_url":"https:\/\/stuttgarti-katolikusok.de","title":"H\u00fasv\u00e9t 7. vas\u00e1rnapja - Stuttgarti Katolikusok","type":"rich","width":600,"height":338,"html":"<blockquote class=\"wp-embedded-content\" data-secret=\"0yOwszpNas\"><a href=\"https:\/\/stuttgarti-katolikusok.de\/index.php\/husvet-7-vasarnapja\/\">H\u00fasv\u00e9t 7. vas\u00e1rnapja<\/a><\/blockquote><iframe sandbox=\"allow-scripts\" security=\"restricted\" src=\"https:\/\/stuttgarti-katolikusok.de\/index.php\/husvet-7-vasarnapja\/embed\/#?secret=0yOwszpNas\" width=\"600\" height=\"338\" title=\"&#8220;H\u00fasv\u00e9t 7. vas\u00e1rnapja&#8221; &#8212; Stuttgarti Katolikusok\" data-secret=\"0yOwszpNas\" frameborder=\"0\" marginwidth=\"0\" marginheight=\"0\" scrolling=\"no\" class=\"wp-embedded-content\"><\/iframe><script type=\"text\/javascript\">\n\/* <![CDATA[ *\/\n\/*! This file is auto-generated *\/\n!function(d,l){\"use strict\";l.querySelector&&d.addEventListener&&\"undefined\"!=typeof URL&&(d.wp=d.wp||{},d.wp.receiveEmbedMessage||(d.wp.receiveEmbedMessage=function(e){var t=e.data;if((t||t.secret||t.message||t.value)&&!\/[^a-zA-Z0-9]\/.test(t.secret)){for(var s,r,n,a=l.querySelectorAll('iframe[data-secret=\"'+t.secret+'\"]'),o=l.querySelectorAll('blockquote[data-secret=\"'+t.secret+'\"]'),c=new RegExp(\"^https?:$\",\"i\"),i=0;i<o.length;i++)o[i].style.display=\"none\";for(i=0;i<a.length;i++)s=a[i],e.source===s.contentWindow&&(s.removeAttribute(\"style\"),\"height\"===t.message?(1e3<(r=parseInt(t.value,10))?r=1e3:~~r<200&&(r=200),s.height=r):\"link\"===t.message&&(r=new URL(s.getAttribute(\"src\")),n=new URL(t.value),c.test(n.protocol))&&n.host===r.host&&l.activeElement===s&&(d.top.location.href=t.value))}},d.addEventListener(\"message\",d.wp.receiveEmbedMessage,!1),l.addEventListener(\"DOMContentLoaded\",function(){for(var e,t,s=l.querySelectorAll(\"iframe.wp-embedded-content\"),r=0;r<s.length;r++)(t=(e=s[r]).getAttribute(\"data-secret\"))||(t=Math.random().toString(36).substring(2,12),e.src+=\"#?secret=\"+t,e.setAttribute(\"data-secret\",t)),e.contentWindow.postMessage({message:\"ready\",secret:t},\"*\")},!1)))}(window,document);\n\/\/# sourceURL=https:\/\/stuttgarti-katolikusok.de\/wp-includes\/js\/wp-embed.min.js\n\/* ]]> *\/\n<\/script>\n","thumbnail_url":"https:\/\/stuttgarti-katolikusok.de\/wp-content\/uploads\/2022\/05\/75-jubileum-honlap.bmp","thumbnail_width":600,"thumbnail_height":634,"description":"OLVASM\u00c1NY\u00a0 (ApCsel 1, 12-14) J\u00e9zus mennybemenetele ut\u00e1n megkezd\u0151d\u00f6tt az Egyh\u00e1z id\u0151szaka. A fels\u0151 terem, ahol \u00f6sszegy\u0171ltek, bizony\u00e1ra az utols\u00f3 vacsora sz\u00ednhelye volt Az apostolok nev\u00e9nek felsorol\u00f3sa mutatja, hogy J\u00e9zus m\u00e1r szervezett k\u00f6z\u00f6ss\u00e9get hagyott itt s ez volt az Egyh\u00e1z magja De \u00e9let\u00e9nek kibontakoz\u00e1s\u00e1hoz meg kellett v\u00e1rni a Szentl\u00e9lek e j\u00f6vetel\u00e9i s erre im\u00e1ds\u00e1ggal k\u00e9sz\u00fclnek. Az Egyh\u00e1z els\u0151sorban h\u00edv\u0151 Egyh\u00e1z, amely fel\u00fclr\u0151l kapja a term\u00e9szetf\u00f6l\u00f6tti aj\u00e1nd\u00e9kot M\u00e1ria \u00fagy van a k\u00f6z\u00f6ss\u00e9gben, mint J\u00e9zus anyja \u00e9s mint az Egyh\u00e1z anyja. OLVASM\u00c1NY az Apostolok Cselekedeteib\u0151l Egy sz\u00edvvel, egy l\u00e9lekkel, \u00e1llhatatosan im\u00e1dkoztak. Miut\u00e1n ,J\u00e9zus f\u00f6lv\u00e9tetett a mennybe, az apostolok az Olajf\u00e1k-hegy\u00e9r\u0151l, amely Jeruzs\u00e1lemt\u0151l egy szombatnapi j\u00e1r\u00e1sra van, visszat\u00e9rtek Jeruzs\u00e1lembe. Amint meg\u00e9rkeztek, f\u00f6lmentek az emeleti terembe, ahol egy\u00fctt szoktak lenni: P\u00e9ter \u00e9s J\u00e1nos, Jakab \u00e9s Andr\u00e1s, F\u00fcl\u00f6p \u00e9s Tam\u00e1s, Bertalan \u00e9s M\u00e1t\u00e9, Alfeus fia Jakab, a buzg\u00f3 Simon \u00e9s Jakab testv\u00e9re, J\u00fad\u00e1s. Mindannyian egy sz\u00edvvel, egy l\u00e9lekkel, \u00e1llhatatosan im\u00e1dkoztak, az asszonyokkal, M\u00e1ri\u00e1val, J\u00e9zus anyj\u00e1val \u00e9s testv\u00e9reivel egy\u00fctt. Ez az Isten ig\u00e9je. V\u00c1LASZOS ZSOLT\u00c1R (26, 1. 4. 7-8a )\u00a0 \u00a02. t\u00f3nus. V\u00e1lasz: Hiszem, hogy megl\u00e1tom az \u00dar javait, * az \u00e9l\u0151k f\u00f6ldj\u00e9n. 13. vers. Vagy: Alleluja. El\u0151\u00e9nekes: Vil\u00e1goss\u00e1gom \u00e9s \u00fcdv\u00f6ss\u00e9gem az \u00dar, * kit\u0151l f\u00e9ln\u00e9k? \u00c9letem oltalmaz\u00f3ja az \u00dar, * kit\u0151l rettegn\u00e9k? H\u00edvek: Hiszem, hogy megl\u00e1tom az \u00dar javait, * az \u00e9l\u0151k f\u00f6ldj\u00e9n. Vagy: Alleluja. E: Egyet k\u00e9rek az \u00dart\u00f3l, + csak egy a v\u00e1gyam, * hogy az \u00dar h\u00e1z\u00e1ban lakjam \u00e9letem minden napj\u00e1n, hogy \u00e9lvezhessem az \u00dar \u00f6r\u00f6m\u00e9t, * \u00e9s hogy szeml\u00e9lhessem szent templom\u00e1t. H: Hiszem, hogy megl\u00e1tom az \u00dar javait, * az \u00e9l\u0151k f\u00f6ldj\u00e9n. Vagy: Alleluja. E: Uram, halld meg ki\u00e1lt\u00f3 szavamat, * k\u00f6ny\u00f6r\u00fclj rajtam, \u00e9s hallgass meg engem. Sz\u00edvem r\u00f3lad mondta, * ,,Keress\u00e9tek az \u0151 arc\u00e1t&#8221;. H: Hiszem, hogy megl\u00e1tom az \u00dar javait, * az \u00e9l\u0151k f\u00f6ldj\u00e9n. Vagy: Alleluja. SZENTLECKE\u00a0 (1 P\u00e9t 4, 13-16) \u00a0 Az Egyh\u00e1z \u00fagy indult el, hogy J\u00e9zus m\u0171v\u00e9t... R\u00e9szletek"}

Húsvét 7. vasárnapja - Stuttgarti Katolikusok

<blockquote class="wp-embedded-content" data-secret="0yOwszpNas"><a href="https://stuttgarti-katolikusok.de/index.php/husvet-7-vasarnapja/">Húsvét 7. vasárnapja</a></blockquote><iframe sandbox="allow-scripts" security="restricted" src="https://stuttgarti-katolikusok.de/index.php/husvet-7-vasarnapja/embed/#?secret=0yOwszpNas" width="600" height="338" title="&#8220;Húsvét 7. vasárnapja&#8221; &#8212; Stuttgarti Katolikusok" data-secret="0yOwszpNas" frameborder="0" marginwidth="0" marginheight="0" scrolling="no" class="wp-embedded-content"></iframe><script type="text/javascript">
/* <![CDATA[ */
/*! This file is auto-generated */
!function(d,l){"use strict";l.querySelector&&d.addEventListener&&"undefined"!=typeof URL&&(d.wp=d.wp||{},d.wp.receiveEmbedMessage||(d.wp.receiveEmbedMessage=function(e){var t=e.data;if((t||t.secret||t.message||t.value)&&!/[^a-zA-Z0-9]/.test(t.secret)){for(var s,r,n,a=l.querySelectorAll('iframe[data-secret="'+t.secret+'"]'),o=l.querySelectorAll('blockquote[data-secret="'+t.secret+'"]'),c=new RegExp("^https?:$","i"),i=0;i<o.length;i++)o[i].style.display="none";for(i=0;i<a.length;i++)s=a[i],e.source===s.contentWindow&&(s.removeAttribute("style"),"height"===t.message?(1e3<(r=parseInt(t.value,10))?r=1e3:~~r<200&&(r=200),s.height=r):"link"===t.message&&(r=new URL(s.getAttribute("src")),n=new URL(t.value),c.test(n.protocol))&&n.host===r.host&&l.activeElement===s&&(d.top.location.href=t.value))}},d.addEventListener("message",d.wp.receiveEmbedMessage,!1),l.addEventListener("DOMContentLoaded",function(){for(var e,t,s=l.querySelectorAll("iframe.wp-embedded-content"),r=0;r<s.length;r++)(t=(e=s[r]).getAttribute("data-secret"))||(t=Math.random().toString(36).substring(2,12),e.src+="#?secret="+t,e.setAttribute("data-secret",t)),e.contentWindow.postMessage({message:"ready",secret:t},"*")},!1)))}(window,document);
//# sourceURL=https://stuttgarti-katolikusok.de/wp-includes/js/wp-embed.min.js
/* ]]> */
</script>

OLVASMÁNY  (ApCsel 1, 12-14) Jézus mennybemenetele után megkezdődött az Egyház időszaka. A felső terem, ahol összegyűltek, bizonyára az utolsó vacsora színhelye volt Az apostolok nevének felsorolósa mutatja, hogy Jézus már szervezett közösséget hagyott itt s ez volt az Egyház magja De életének kibontakozásához meg kellett várni a Szentlélek e jöveteléi s erre imádsággal készülnek. Az Egyház elsősorban hívő Egyház, amely felülről kapja a természetfölötti ajándékot Mária úgy van a közösségben, mint Jézus anyja és mint az Egyház anyja. OLVASMÁNY az Apostolok Cselekedeteiből Egy szívvel, egy lélekkel, állhatatosan imádkoztak. Miután ,Jézus fölvétetett a mennybe, az apostolok az Olajfák-hegyéről, amely Jeruzsálemtől egy szombatnapi járásra van, visszatértek Jeruzsálembe. Amint megérkeztek, fölmentek az emeleti terembe, ahol együtt szoktak lenni: Péter és János, Jakab és András, Fülöp és Tamás, Bertalan és Máté, Alfeus fia Jakab, a buzgó Simon és Jakab testvére, Júdás. Mindannyian egy szívvel, egy lélekkel, állhatatosan imádkoztak, az asszonyokkal, Máriával, Jézus anyjával és testvéreivel együtt. Ez az Isten igéje. VÁLASZOS ZSOLTÁR (26, 1. 4. 7-8a )   2. tónus. Válasz: Hiszem, hogy meglátom az Úr javait, * az élők földjén. 13. vers. Vagy: Alleluja. Előénekes: Világosságom és üdvösségem az Úr, * kitől félnék? Életem oltalmazója az Úr, * kitől rettegnék? Hívek: Hiszem, hogy meglátom az Úr javait, * az élők földjén. Vagy: Alleluja. E: Egyet kérek az Úrtól, + csak egy a vágyam, * hogy az Úr házában lakjam életem minden napján, hogy élvezhessem az Úr örömét, * és hogy szemlélhessem szent templomát. H: Hiszem, hogy meglátom az Úr javait, * az élők földjén. Vagy: Alleluja. E: Uram, halld meg kiáltó szavamat, * könyörülj rajtam, és hallgass meg engem. Szívem rólad mondta, * ,,Keressétek az ő arcát&#8221;. H: Hiszem, hogy meglátom az Úr javait, * az élők földjén. Vagy: Alleluja. SZENTLECKE  (1 Pét 4, 13-16)   Az Egyház úgy indult el, hogy Jézus művét... Részletek
