{"version":"1.0","provider_name":"Stuttgarti Katolikusok","provider_url":"https:\/\/stuttgarti-katolikusok.de","title":"H\u00fasv\u00e9t 4. vas\u00e1rnapja - J\u00f3 p\u00e1sztor vas\u00e1rnapja - Stuttgarti Katolikusok","type":"rich","width":600,"height":338,"html":"<blockquote class=\"wp-embedded-content\" data-secret=\"ob1FBZxTFi\"><a href=\"https:\/\/stuttgarti-katolikusok.de\/index.php\/husvet-4-vasarnapja\/\">H\u00fasv\u00e9t 4. vas\u00e1rnapja &#8211; J\u00f3 p\u00e1sztor vas\u00e1rnapja<\/a><\/blockquote><iframe sandbox=\"allow-scripts\" security=\"restricted\" src=\"https:\/\/stuttgarti-katolikusok.de\/index.php\/husvet-4-vasarnapja\/embed\/#?secret=ob1FBZxTFi\" width=\"600\" height=\"338\" title=\"&#8220;H\u00fasv\u00e9t 4. vas\u00e1rnapja &#8211; J\u00f3 p\u00e1sztor vas\u00e1rnapja&#8221; &#8212; Stuttgarti Katolikusok\" data-secret=\"ob1FBZxTFi\" frameborder=\"0\" marginwidth=\"0\" marginheight=\"0\" scrolling=\"no\" class=\"wp-embedded-content\"><\/iframe><script type=\"text\/javascript\">\n\/* <![CDATA[ *\/\n\/*! This file is auto-generated *\/\n!function(d,l){\"use strict\";l.querySelector&&d.addEventListener&&\"undefined\"!=typeof URL&&(d.wp=d.wp||{},d.wp.receiveEmbedMessage||(d.wp.receiveEmbedMessage=function(e){var t=e.data;if((t||t.secret||t.message||t.value)&&!\/[^a-zA-Z0-9]\/.test(t.secret)){for(var s,r,n,a=l.querySelectorAll('iframe[data-secret=\"'+t.secret+'\"]'),o=l.querySelectorAll('blockquote[data-secret=\"'+t.secret+'\"]'),c=new RegExp(\"^https?:$\",\"i\"),i=0;i<o.length;i++)o[i].style.display=\"none\";for(i=0;i<a.length;i++)s=a[i],e.source===s.contentWindow&&(s.removeAttribute(\"style\"),\"height\"===t.message?(1e3<(r=parseInt(t.value,10))?r=1e3:~~r<200&&(r=200),s.height=r):\"link\"===t.message&&(r=new URL(s.getAttribute(\"src\")),n=new URL(t.value),c.test(n.protocol))&&n.host===r.host&&l.activeElement===s&&(d.top.location.href=t.value))}},d.addEventListener(\"message\",d.wp.receiveEmbedMessage,!1),l.addEventListener(\"DOMContentLoaded\",function(){for(var e,t,s=l.querySelectorAll(\"iframe.wp-embedded-content\"),r=0;r<s.length;r++)(t=(e=s[r]).getAttribute(\"data-secret\"))||(t=Math.random().toString(36).substring(2,12),e.src+=\"#?secret=\"+t,e.setAttribute(\"data-secret\",t)),e.contentWindow.postMessage({message:\"ready\",secret:t},\"*\")},!1)))}(window,document);\n\/\/# sourceURL=https:\/\/stuttgarti-katolikusok.de\/wp-includes\/js\/wp-embed.min.js\n\/* ]]> *\/\n<\/script>\n","thumbnail_url":"https:\/\/stuttgarti-katolikusok.de\/wp-content\/uploads\/2023\/04\/jo-pasztor-vasarnapja-2-egyedi.jpg","thumbnail_width":1000,"thumbnail_height":667,"description":"\u00dcnnepi liturgi\u00e1nkb\u00f3l a szentmise els\u0151 k\u00f6ny\u00f6rg\u00e9s\u00e9t \u00e9s annak k\u00f6zvet\u00edtett \u00fczenet\u00e9t szeretn\u00e9m idehozni. Benne azt k\u00e9rj\u00fck, hogy J\u00e9zus Krisztus, a J\u00f3 P\u00e1sztor, benn\u00fcnket, a gy\u00f6nge ny\u00e1jnak juhait elvezessen a mennyei \u00f6r\u00f6kk\u00e9val\u00f3s\u00e1gba. Egy nagyon fontos igazs\u00e1gra ir\u00e1ny\u00edtja r\u00e1 figyelm\u00fcnket, mintegy biztatva, v\u00e1ltoz\u00f3 vil\u00e1gban \u00e9l\u00fcnk. K\u00f6zben pedig mi magunk is v\u00e1ltozunk. Olykor egym\u00e1snak ellentmond\u00f3 ideol\u00f3gi\u00e1k keresztt\u00fcz\u00e9ben \u00e9l\u00fcnk, s mi magunk is \u00e1lland\u00f3an v\u00e1ltozunk. Fontos teh\u00e1t, hogy megtal\u00e1ljuk utunkat, s benne meg\u0151rizz\u00fck \u00f6nazonoss\u00e1gunkat.\u00a0 Nagyon friss az \u00e9lm\u00e9nyem. Felvid\u00e9kr\u0151l elsz\u00e1rmaz\u00f3 csal\u00e1d gyermek\u00e9t kereszteltem meg most szombat d\u00e9lben. El\u0151tte pedig egy k\u00e9t\u00f3r\u00e1s tal\u00e1lkoz\u00f3n vett\u00fcnk r\u00e9szt Szegi Oszk\u00e1r testv\u00e9r\u00fcnkkel egy\u00fctt, a Szent Gell\u00e9rt Egyh\u00e1zk\u00f6zs\u00e9g k\u00e9pviselet\u00e9ben. Itt, a m\u00e1s anyanyelv\u0171 k\u00f6z\u00f6ss\u00e9gek k\u00e9pvisel\u0151i az Egyh\u00e1zmegye p\u00fcsp\u00f6k\u00e9vel tal\u00e1lkoztunk, v\u00e1laszt keresve, hogyan folytathatjuk utunkat ebben a v\u00e1ltoz\u00f3 vil\u00e1gban. Szem\u00e9ly szerint engem az a v\u00e1gy vez\u00e9rel, hogy Egyh\u00e1zk\u00f6zs\u00e9g\u00fcnk 79 esztend\u0151s nemes \u00f6r\u00f6ks\u00e9g\u00e9t tov\u00e1bb tudjuk vinni, s \u00e1t is tudjuk \u00f6r\u00f6k\u00edteni. A felel\u0151ss\u00e9g \u00f3ri\u00e1si! Amennyiben k\u00f6z\u00f6ss\u00e9g\u00fcnk tagja vagy, \u00fagy te is gondolkozz el azon, hogy mit tudsz hozz\u00e1tenni k\u00f6z\u00f6ss\u00e9g\u00fcnk \u00e9let\u00e9hez. Ne feledd, sz\u00fcks\u00e9g van r\u00e1d.\u00a0 Most a keresztel\u0151n ugyanaz az \u00e9rz\u00e9s ker\u00edtett hatalm\u00e1ba, mint a cs\u00fct\u00f6rt\u00f6ki temet\u00e9s alkalm\u00e1val. Milyen nagy kegyelem, hogy l\u00e9tezik a mi k\u00f6z\u00f6ss\u00e9g\u00fcnk. K\u00f6z\u00f6ss\u00e9g\u00fcnk k\u00e9pviselet\u00e9ben pedig ott \u00e1llhatok egy csal\u00e1d mellett mind a f\u00e1jdalom \u00e9s gy\u00e1szban, mind pedig az \u00f6r\u00f6mben. Ajt\u00f3v\u00e1 v\u00e1lok, amin ki \u00e9s be lehet menni. H\u00e1t nem csod\u00e1latos!? A keresztel\u0151 v\u00e9gezt\u00e9vel \u00e9ppen k\u00e9sz\u00fcltem bez\u00e1rni a templomot, amikor megl\u00e1ttam, hogy egy fiatal h\u00f6lgy &#8222;bet\u00e9vedt&#8221; templomunkba. \u00dajb\u00f3l felkapcsoltam a f\u00e9nyeket, t\u00fcrelmesen v\u00e1rtam. Azt\u00e1n elkezdt\u00fcnk besz\u00e9lgetni. Kider\u00fclt, hogy n\u00e9gy \u00e9ve \u00e9l itt Stuttgartban. K\u00edn\u00e1b\u00f3l \u00e9rkezett, egy g\u00e9pkocsikat \u00e9rt\u00e9kes\u00edt\u0151 c\u00e9gn\u00e9l dolgozik. Mintegy f\u00e9l\u00f3r\u00e1t v\u00e1rtam, hogy sok-sok k\u00e9pet k\u00e9sz\u00edtsen, ahogyan ez az \u0151 kult\u00far\u00e1jukban szok\u00e1s. K\u00f6zben csendesen medit\u00e1ltam templomunk egyik sark\u00e1ban. \u00c9ppen arra gondoltam, itt az alkalom, hogy ajt\u00f3t nyissak. Majd \u0151 eld\u00f6nti, hogy bel\u00e9p-e ezen az ajt\u00f3n. V\u00e9g\u00fcl sz\u00f3ba elegyedt\u00fcnk. M\u00e9g megk\u00e9rt, hogy n\u00e9h\u00e1ny k\u00e9pet k\u00e9sz\u00edtsek, amelyen \u0151 rajta van. Eleget... R\u00e9szletek"}

Húsvét 4. vasárnapja - Jó pásztor vasárnapja - Stuttgarti Katolikusok

<blockquote class="wp-embedded-content" data-secret="ob1FBZxTFi"><a href="https://stuttgarti-katolikusok.de/index.php/husvet-4-vasarnapja/">Húsvét 4. vasárnapja &#8211; Jó pásztor vasárnapja</a></blockquote><iframe sandbox="allow-scripts" security="restricted" src="https://stuttgarti-katolikusok.de/index.php/husvet-4-vasarnapja/embed/#?secret=ob1FBZxTFi" width="600" height="338" title="&#8220;Húsvét 4. vasárnapja &#8211; Jó pásztor vasárnapja&#8221; &#8212; Stuttgarti Katolikusok" data-secret="ob1FBZxTFi" frameborder="0" marginwidth="0" marginheight="0" scrolling="no" class="wp-embedded-content"></iframe><script type="text/javascript">
/* <![CDATA[ */
/*! This file is auto-generated */
!function(d,l){"use strict";l.querySelector&&d.addEventListener&&"undefined"!=typeof URL&&(d.wp=d.wp||{},d.wp.receiveEmbedMessage||(d.wp.receiveEmbedMessage=function(e){var t=e.data;if((t||t.secret||t.message||t.value)&&!/[^a-zA-Z0-9]/.test(t.secret)){for(var s,r,n,a=l.querySelectorAll('iframe[data-secret="'+t.secret+'"]'),o=l.querySelectorAll('blockquote[data-secret="'+t.secret+'"]'),c=new RegExp("^https?:$","i"),i=0;i<o.length;i++)o[i].style.display="none";for(i=0;i<a.length;i++)s=a[i],e.source===s.contentWindow&&(s.removeAttribute("style"),"height"===t.message?(1e3<(r=parseInt(t.value,10))?r=1e3:~~r<200&&(r=200),s.height=r):"link"===t.message&&(r=new URL(s.getAttribute("src")),n=new URL(t.value),c.test(n.protocol))&&n.host===r.host&&l.activeElement===s&&(d.top.location.href=t.value))}},d.addEventListener("message",d.wp.receiveEmbedMessage,!1),l.addEventListener("DOMContentLoaded",function(){for(var e,t,s=l.querySelectorAll("iframe.wp-embedded-content"),r=0;r<s.length;r++)(t=(e=s[r]).getAttribute("data-secret"))||(t=Math.random().toString(36).substring(2,12),e.src+="#?secret="+t,e.setAttribute("data-secret",t)),e.contentWindow.postMessage({message:"ready",secret:t},"*")},!1)))}(window,document);
//# sourceURL=https://stuttgarti-katolikusok.de/wp-includes/js/wp-embed.min.js
/* ]]> */
</script>

Ünnepi liturgiánkból a szentmise első könyörgését és annak közvetített üzenetét szeretném idehozni. Benne azt kérjük, hogy Jézus Krisztus, a Jó Pásztor, bennünket, a gyönge nyájnak juhait elvezessen a mennyei örökkévalóságba. Egy nagyon fontos igazságra irányítja rá figyelmünket, mintegy biztatva, változó világban élünk. Közben pedig mi magunk is változunk. Olykor egymásnak ellentmondó ideológiák kereszttüzében élünk, s mi magunk is állandóan változunk. Fontos tehát, hogy megtaláljuk utunkat, s benne megőrizzük önazonosságunkat.  Nagyon friss az élményem. Felvidékről elszármazó család gyermekét kereszteltem meg most szombat délben. Előtte pedig egy kétórás találkozón vettünk részt Szegi Oszkár testvérünkkel együtt, a Szent Gellért Egyházközség képviseletében. Itt, a más anyanyelvű közösségek képviselői az Egyházmegye püspökével találkoztunk, választ keresve, hogyan folytathatjuk utunkat ebben a változó világban. Személy szerint engem az a vágy vezérel, hogy Egyházközségünk 79 esztendős nemes örökségét tovább tudjuk vinni, s át is tudjuk örökíteni. A felelősség óriási! Amennyiben közösségünk tagja vagy, úgy te is gondolkozz el azon, hogy mit tudsz hozzátenni közösségünk életéhez. Ne feledd, szükség van rád.  Most a keresztelőn ugyanaz az érzés kerített hatalmába, mint a csütörtöki temetés alkalmával. Milyen nagy kegyelem, hogy létezik a mi közösségünk. Közösségünk képviseletében pedig ott állhatok egy család mellett mind a fájdalom és gyászban, mind pedig az örömben. Ajtóvá válok, amin ki és be lehet menni. Hát nem csodálatos!? A keresztelő végeztével éppen készültem bezárni a templomot, amikor megláttam, hogy egy fiatal hölgy &#8222;betévedt&#8221; templomunkba. Újból felkapcsoltam a fényeket, türelmesen vártam. Aztán elkezdtünk beszélgetni. Kiderült, hogy négy éve él itt Stuttgartban. Kínából érkezett, egy gépkocsikat értékesítő cégnél dolgozik. Mintegy félórát vártam, hogy sok-sok képet készítsen, ahogyan ez az ő kultúrájukban szokás. Közben csendesen meditáltam templomunk egyik sarkában. Éppen arra gondoltam, itt az alkalom, hogy ajtót nyissak. Majd ő eldönti, hogy belép-e ezen az ajtón. Végül szóba elegyedtünk. Még megkért, hogy néhány képet készítsek, amelyen ő rajta van. Eleget... Részletek
