{"version":"1.0","provider_name":"Stuttgarti Katolikusok","provider_url":"https:\/\/stuttgarti-katolikusok.de","title":"H\u00fasv\u00e9t 3. vas\u00e1rnapj\u00e1ra - Stuttgarti Katolikusok","type":"rich","width":600,"height":338,"html":"<blockquote class=\"wp-embedded-content\" data-secret=\"j0k1St6FqP\"><a href=\"https:\/\/stuttgarti-katolikusok.de\/index.php\/husvet-3-vasarnapjara\/\">H\u00fasv\u00e9t 3. vas\u00e1rnapj\u00e1ra<\/a><\/blockquote><iframe sandbox=\"allow-scripts\" security=\"restricted\" src=\"https:\/\/stuttgarti-katolikusok.de\/index.php\/husvet-3-vasarnapjara\/embed\/#?secret=j0k1St6FqP\" width=\"600\" height=\"338\" title=\"&#8220;H\u00fasv\u00e9t 3. vas\u00e1rnapj\u00e1ra&#8221; &#8212; Stuttgarti Katolikusok\" data-secret=\"j0k1St6FqP\" frameborder=\"0\" marginwidth=\"0\" marginheight=\"0\" scrolling=\"no\" class=\"wp-embedded-content\"><\/iframe><script type=\"text\/javascript\">\n\/* <![CDATA[ *\/\n\/*! This file is auto-generated *\/\n!function(d,l){\"use strict\";l.querySelector&&d.addEventListener&&\"undefined\"!=typeof URL&&(d.wp=d.wp||{},d.wp.receiveEmbedMessage||(d.wp.receiveEmbedMessage=function(e){var t=e.data;if((t||t.secret||t.message||t.value)&&!\/[^a-zA-Z0-9]\/.test(t.secret)){for(var s,r,n,a=l.querySelectorAll('iframe[data-secret=\"'+t.secret+'\"]'),o=l.querySelectorAll('blockquote[data-secret=\"'+t.secret+'\"]'),c=new RegExp(\"^https?:$\",\"i\"),i=0;i<o.length;i++)o[i].style.display=\"none\";for(i=0;i<a.length;i++)s=a[i],e.source===s.contentWindow&&(s.removeAttribute(\"style\"),\"height\"===t.message?(1e3<(r=parseInt(t.value,10))?r=1e3:~~r<200&&(r=200),s.height=r):\"link\"===t.message&&(r=new URL(s.getAttribute(\"src\")),n=new URL(t.value),c.test(n.protocol))&&n.host===r.host&&l.activeElement===s&&(d.top.location.href=t.value))}},d.addEventListener(\"message\",d.wp.receiveEmbedMessage,!1),l.addEventListener(\"DOMContentLoaded\",function(){for(var e,t,s=l.querySelectorAll(\"iframe.wp-embedded-content\"),r=0;r<s.length;r++)(t=(e=s[r]).getAttribute(\"data-secret\"))||(t=Math.random().toString(36).substring(2,12),e.src+=\"#?secret=\"+t,e.setAttribute(\"data-secret\",t)),e.contentWindow.postMessage({message:\"ready\",secret:t},\"*\")},!1)))}(window,document);\n\/\/# sourceURL=https:\/\/stuttgarti-katolikusok.de\/wp-includes\/js\/wp-embed.min.js\n\/* ]]> *\/\n<\/script>\n","description":"\u00a0 \u00c1PRILIS 26. H\u00daSV\u00c9T 3. VAS\u00c1RNAPJA ALLELUJA! ALLELUJA! ALLELUJA! &nbsp; J\u00e9zus \u00e9l \u00e9s nek\u00fcnk is \u00e9letet ad! Ezt a gondolatot soha nem felejthetj\u00fck el. \u00c9let\u00fcnk s\u00f6t\u00e9t \u00f3r\u00e1iban sem, a gy\u00e1szban sem, a hal\u00e1lban sem. OLVASM\u00c1NY\u00a0\u00a0\u00a0\u00a0\u00a0\u00a0\u00a0\u00a0\u00a0\u00a0\u00a0\u00a0\u00a0\u00a0\u00a0\u00a0\u00a0\u00a0\u00a0\u00a0\u00a0\u00a0\u00a0\u00a0\u00a0\u00a0\u00a0\u00a0\u00a0\u00a0\u00a0\u00a0\u00a0\u00a0\u00a0 ApCsel 2, 14. 22\u201328 Krisztus csod\u00e1ival igazolta istens\u00e9g\u00e9t. A legf\u0151bb bizony\u00edt\u00e9k a felt\u00e1mad\u00e1sa. Szent P\u00e9ter nyomat\u00e9kkal h\u00edvja fel erre a figyelmet, hiszen a tan\u00edtv\u00e1nyok lelk\u00e9ben ink\u00e1bb az maradt meg az \u00dar j\u00f6vend\u00f6l\u00e9s\u00e9b\u0151l, hogy neki szenvednie kell; a felt\u00e1mad\u00e1st nem \u00e9rtett\u00e9k. V\u00c1LASZOS ZSOLT\u00c1R\u00a0\u00a0\u00a0\u00a0\u00a0\u00a0\u00a0\u00a0\u00a0\u00a0\u00a0\u00a0\u00a0\u00a0\u00a0\u00a0\u00a0\u00a0\u00a0\u00a0\u00a0\u00a0\u00a0\u00a0 \u00a0\u00a0\u00a0\u00a0\u00a0\u00a0\u00a0\u00a0\u00a0\u00a0\u00a0\u00a0\u00a0\u00a0\u00a0\u00a015. Zsolt\u00e1r V\u00e1lasz: Az \u00e9let \u00fatj\u00e1t * mutatod, Uram, n\u00e9kem. Vagy: Alleluja, alleluja, alleluja. SZENTLECKE\u00a0\u00a0\u00a0\u00a0\u00a0\u00a0\u00a0\u00a0\u00a0\u00a0\u00a0\u00a0\u00a0\u00a0\u00a0\u00a0\u00a0\u00a0\u00a0\u00a0\u00a0\u00a0\u00a0\u00a0\u00a0\u00a0\u00a0\u00a0\u00a0\u00a0\u00a0\u00a0\u00a0\u00a0\u00a0\u00a0\u00a0\u00a0\u00a0\u00a0\u00a0\u00a0\u00a0\u00a0\u00a0 1 P\u00e9t 1, 17\u201321 A szentleck\u00e9ben is Szent P\u00e9tert id\u00e9zi az Egyh\u00e1z, m\u00e9gpedig buzd\u00edt\u00e1s\u00e1t, hogy \u201eszent f\u00e9lelem\u201d j\u00e1rja \u00e1t lelk\u00fcnket. Nem b\u00e9n\u00edt\u00f3 f\u00e9lelem ez, hanem szeretetb\u0151l fakad\u00f3 f\u00e9lelem, hogy el ne vesz\u00edts\u00fck hit\u00fcnket, s az \u00edt\u00e9leten igaznak tal\u00e1ljon minket az \u00daristen. ALLELUJA\u00a0\u00a0\u00a0\u00a0\u00a0\u00a0\u00a0\u00a0\u00a0\u00a0\u00a0\u00a0\u00a0\u00a0\u00a0\u00a0\u00a0\u00a0\u00a0\u00a0\u00a0\u00a0\u00a0\u00a0\u00a0\u00a0\u00a0\u00a0\u00a0\u00a0\u00a0\u00a0\u00a0\u00a0\u00a0\u00a0\u00a0\u00a0\u00a0\u00a0\u00a0\u00a0\u00a0\u00a0\u00a0\u00a0\u00a0\u00a0\u00a0\u00a0\u00a0\u00a0 \u00a0\u00a0\u00a0\u00a0\u00a0\u00a0\u00a0\u00a0\u00a0\u00a0\u00a0\u00a0\u00a0\u00a0\u00a0Lk 24, 32 Urunk J\u00e9zus, t\u00e1rd fel az \u00cdr\u00e1sok \u00e9rtelm\u00e9t, hadd l\u00e1ngoljon a sz\u00edv\u00fcnk, mid\u0151n tan\u00edtasz minket! EVANG\u00c9LIUM\u00a0\u00a0\u00a0\u00a0\u00a0\u00a0\u00a0\u00a0\u00a0\u00a0\u00a0\u00a0\u00a0\u00a0\u00a0\u00a0\u00a0\u00a0\u00a0\u00a0\u00a0\u00a0\u00a0\u00a0\u00a0\u00a0\u00a0\u00a0\u00a0\u00a0\u00a0\u00a0\u00a0\u00a0\u00a0\u00a0\u00a0\u00a0\u00a0\u00a0\u00a0\u00a0\u00a0\u00a0\u00a0 Lk 24, 13\u201335 A felt\u00e1madt J\u00e9zus az emmauszi tan\u00edtv\u00e1nyoknak felt\u00e1rta az \u00f3sz\u00f6vets\u00e9gi j\u00f6vend\u00f6l\u00e9sek igazi \u00e9rtelm\u00e9t: a Messi\u00e1s szenved\u00e9se \u00e9s kereszthal\u00e1la Isten tervei szerint t\u00f6rt\u00e9nt. Ez\u00e1ltal nyert\u00fck el b\u0171neink bocs\u00e1nat\u00e1t \u00e9s az \u00f6r\u00f6k \u00e9letet. K\u00c9R\u00c9SEK Add, Urunk, hogy Isten n\u00e9pe nindig felismerje a f\u00f6ldi \u00e9let \u00fatjain k\u00f6zt\u00fcnk j\u00e1r\u00f3 Krisztust! * Hogy \u00e9let\u00fcnk est\u00e9j\u00e9n Krisztus vel\u00fcnk maradjon, \u00e9s megadja nek\u00fcnk a boldog\u00edt\u00f3 istenl\u00e1t\u00e1s kegyelm\u00e9t! AZ EUCHARISZTI\u00c1HOZ A felt\u00e1madott J\u00e9zus a szents\u00e9gekkel kapcsol bele minket az isteni \u00e9letbe, a Szenth\u00e1roms\u00e1g \u00e9let\u00e9be. \u0150 \u00e9let\u00e9t adta \u00e9rt\u00fcnk. Mi is szentelj\u00fck neki \u00e9let\u00fcnket. A LELKI \u00c1LDOZ\u00c1S IM\u00c1JA J\u00c9ZUSOM! Hiszem, hogy jelen vagy a legm\u00e9lt\u00f3s\u00e1gosabb Olt\u00e1riszents\u00e9gben. Mindenn\u00e9l jobban szeretlek, \u00e9s v\u00e1gyom r\u00e1, hogy a lelkembe fogadhassalak. Mivel most nem tudlak szents\u00e9gi m\u00f3don magamhoz venni, j\u00f6jj, legal\u00e1bb lelki m\u00f3don, a sz\u00edvembe! Magamhoz \u00f6lellek, mintha m\u00e1r ott lenn\u00e9l, \u00e9s teljesen egyes\u00edtem magamat Veled. Ne engedd, hogy elszakadjak T\u0151led! \u00c1men. &nbsp; ELM\u00c9LKED\u00c9S \u2013 EMMAUSZ Urunk, mily r\u00e9g\u00f3ta \u00faton... R\u00e9szletek"}

Húsvét 3. vasárnapjára - Stuttgarti Katolikusok

<blockquote class="wp-embedded-content" data-secret="j0k1St6FqP"><a href="https://stuttgarti-katolikusok.de/index.php/husvet-3-vasarnapjara/">Húsvét 3. vasárnapjára</a></blockquote><iframe sandbox="allow-scripts" security="restricted" src="https://stuttgarti-katolikusok.de/index.php/husvet-3-vasarnapjara/embed/#?secret=j0k1St6FqP" width="600" height="338" title="&#8220;Húsvét 3. vasárnapjára&#8221; &#8212; Stuttgarti Katolikusok" data-secret="j0k1St6FqP" frameborder="0" marginwidth="0" marginheight="0" scrolling="no" class="wp-embedded-content"></iframe><script type="text/javascript">
/* <![CDATA[ */
/*! This file is auto-generated */
!function(d,l){"use strict";l.querySelector&&d.addEventListener&&"undefined"!=typeof URL&&(d.wp=d.wp||{},d.wp.receiveEmbedMessage||(d.wp.receiveEmbedMessage=function(e){var t=e.data;if((t||t.secret||t.message||t.value)&&!/[^a-zA-Z0-9]/.test(t.secret)){for(var s,r,n,a=l.querySelectorAll('iframe[data-secret="'+t.secret+'"]'),o=l.querySelectorAll('blockquote[data-secret="'+t.secret+'"]'),c=new RegExp("^https?:$","i"),i=0;i<o.length;i++)o[i].style.display="none";for(i=0;i<a.length;i++)s=a[i],e.source===s.contentWindow&&(s.removeAttribute("style"),"height"===t.message?(1e3<(r=parseInt(t.value,10))?r=1e3:~~r<200&&(r=200),s.height=r):"link"===t.message&&(r=new URL(s.getAttribute("src")),n=new URL(t.value),c.test(n.protocol))&&n.host===r.host&&l.activeElement===s&&(d.top.location.href=t.value))}},d.addEventListener("message",d.wp.receiveEmbedMessage,!1),l.addEventListener("DOMContentLoaded",function(){for(var e,t,s=l.querySelectorAll("iframe.wp-embedded-content"),r=0;r<s.length;r++)(t=(e=s[r]).getAttribute("data-secret"))||(t=Math.random().toString(36).substring(2,12),e.src+="#?secret="+t,e.setAttribute("data-secret",t)),e.contentWindow.postMessage({message:"ready",secret:t},"*")},!1)))}(window,document);
//# sourceURL=https://stuttgarti-katolikusok.de/wp-includes/js/wp-embed.min.js
/* ]]> */
</script>

ÁPRILIS 26. HÚSVÉT 3. VASÁRNAPJA ALLELUJA! ALLELUJA! ALLELUJA! &nbsp; Jézus él és nekünk is életet ad! Ezt a gondolatot soha nem felejthetjük el. Életünk sötét óráiban sem, a gyászban sem, a halálban sem. OLVASMÁNY                                    ApCsel 2, 14. 22–28 Krisztus csodáival igazolta istenségét. A legfőbb bizonyíték a feltámadása. Szent Péter nyomatékkal hívja fel erre a figyelmet, hiszen a tanítványok lelkében inkább az maradt meg az Úr jövendöléséből, hogy neki szenvednie kell; a feltámadást nem értették. VÁLASZOS ZSOLTÁR                                         15. Zsoltár Válasz: Az élet útját * mutatod, Uram, nékem. Vagy: Alleluja, alleluja, alleluja. SZENTLECKE                                              1 Pét 1, 17–21 A szentleckében is Szent Pétert idézi az Egyház, mégpedig buzdítását, hogy „szent félelem” járja át lelkünket. Nem bénító félelem ez, hanem szeretetből fakadó félelem, hogy el ne veszítsük hitünket, s az ítéleten igaznak találjon minket az Úristen. ALLELUJA                                                                    Lk 24, 32 Urunk Jézus, tárd fel az Írások értelmét, hadd lángoljon a szívünk, midőn tanítasz minket! EVANGÉLIUM                                              Lk 24, 13–35 A feltámadt Jézus az emmauszi tanítványoknak feltárta az ószövetségi jövendölések igazi értelmét: a Messiás szenvedése és kereszthalála Isten tervei szerint történt. Ezáltal nyertük el bűneink bocsánatát és az örök életet. KÉRÉSEK Add, Urunk, hogy Isten népe nindig felismerje a földi élet útjain köztünk járó Krisztust! * Hogy életünk estéjén Krisztus velünk maradjon, és megadja nekünk a boldogító istenlátás kegyelmét! AZ EUCHARISZTIÁHOZ A feltámadott Jézus a szentségekkel kapcsol bele minket az isteni életbe, a Szentháromság életébe. Ő életét adta értünk. Mi is szenteljük neki életünket. A LELKI ÁLDOZÁS IMÁJA JÉZUSOM! Hiszem, hogy jelen vagy a legméltóságosabb Oltáriszentségben. Mindennél jobban szeretlek, és vágyom rá, hogy a lelkembe fogadhassalak. Mivel most nem tudlak szentségi módon magamhoz venni, jöjj, legalább lelki módon, a szívembe! Magamhoz ölellek, mintha már ott lennél, és teljesen egyesítem magamat Veled. Ne engedd, hogy elszakadjak Tőled! Ámen. &nbsp; ELMÉLKEDÉS – EMMAUSZ Urunk, mily régóta úton... Részletek
