{"version":"1.0","provider_name":"Stuttgarti Katolikusok","provider_url":"https:\/\/stuttgarti-katolikusok.de","title":"H\u00fasv\u00e9t 3. vas\u00e1rnapja - Stuttgarti Katolikusok","type":"rich","width":600,"height":338,"html":"<blockquote class=\"wp-embedded-content\" data-secret=\"z8VyEDoRxV\"><a href=\"https:\/\/stuttgarti-katolikusok.de\/index.php\/husvet-3-vasarnapja-3\/\">H\u00fasv\u00e9t 3. vas\u00e1rnapja<\/a><\/blockquote><iframe sandbox=\"allow-scripts\" security=\"restricted\" src=\"https:\/\/stuttgarti-katolikusok.de\/index.php\/husvet-3-vasarnapja-3\/embed\/#?secret=z8VyEDoRxV\" width=\"600\" height=\"338\" title=\"&#8220;H\u00fasv\u00e9t 3. vas\u00e1rnapja&#8221; &#8212; Stuttgarti Katolikusok\" data-secret=\"z8VyEDoRxV\" frameborder=\"0\" marginwidth=\"0\" marginheight=\"0\" scrolling=\"no\" class=\"wp-embedded-content\"><\/iframe><script type=\"text\/javascript\">\n\/* <![CDATA[ *\/\n\/*! This file is auto-generated *\/\n!function(d,l){\"use strict\";l.querySelector&&d.addEventListener&&\"undefined\"!=typeof URL&&(d.wp=d.wp||{},d.wp.receiveEmbedMessage||(d.wp.receiveEmbedMessage=function(e){var t=e.data;if((t||t.secret||t.message||t.value)&&!\/[^a-zA-Z0-9]\/.test(t.secret)){for(var s,r,n,a=l.querySelectorAll('iframe[data-secret=\"'+t.secret+'\"]'),o=l.querySelectorAll('blockquote[data-secret=\"'+t.secret+'\"]'),c=new RegExp(\"^https?:$\",\"i\"),i=0;i<o.length;i++)o[i].style.display=\"none\";for(i=0;i<a.length;i++)s=a[i],e.source===s.contentWindow&&(s.removeAttribute(\"style\"),\"height\"===t.message?(1e3<(r=parseInt(t.value,10))?r=1e3:~~r<200&&(r=200),s.height=r):\"link\"===t.message&&(r=new URL(s.getAttribute(\"src\")),n=new URL(t.value),c.test(n.protocol))&&n.host===r.host&&l.activeElement===s&&(d.top.location.href=t.value))}},d.addEventListener(\"message\",d.wp.receiveEmbedMessage,!1),l.addEventListener(\"DOMContentLoaded\",function(){for(var e,t,s=l.querySelectorAll(\"iframe.wp-embedded-content\"),r=0;r<s.length;r++)(t=(e=s[r]).getAttribute(\"data-secret\"))||(t=Math.random().toString(36).substring(2,12),e.src+=\"#?secret=\"+t,e.setAttribute(\"data-secret\",t)),e.contentWindow.postMessage({message:\"ready\",secret:t},\"*\")},!1)))}(window,document);\n\/\/# sourceURL=https:\/\/stuttgarti-katolikusok.de\/wp-includes\/js\/wp-embed.min.js\n\/* ]]> *\/\n<\/script>\n","thumbnail_url":"https:\/\/stuttgarti-katolikusok.de\/wp-content\/uploads\/2023\/04\/eislingen-emmausz.jpg","thumbnail_width":1976,"thumbnail_height":1100,"description":"A tan\u00fas\u00e1gt\u00e9tel vas\u00e1rnapja &#8211; Meg\u00fajul\u00e1s kudarcainkon kereszt\u00fcl A tan\u00fas\u00e1gt\u00e9tel (g\u00f6r\u00f6g: mart\u00fcrion, latin: testimonium) eredetileg jogi fogalom. A Szent\u00edr\u00e1sban pedig ennek vall\u00e1si tartalm\u00e1val ismerkedhet\u00fcnk meg. Az olvasm\u00e1ny\u00a0P\u00e9ter apostolnak tan\u00fas\u00e1gt\u00e9tel\u00e9r\u0151l sz\u00f3l, aki f\u00e9lelemb\u0151l m\u00e9g megtagadja J\u00e9zus Krisztust. A felt\u00e1madottal val\u00f3 t\u00f6bbsz\u00f6ri tal\u00e1lkoz\u00e1sa mer\u0151ben megv\u00e1ltoztatja \u0151t. Hasonl\u00f3 v\u00e1ltoz\u00e1s megy v\u00e9gbe az apostolt\u00e1rsakban is. Most b\u00e1tran tan\u00fas\u00e1got tesznek hit\u00fckr\u0151l. &#8222;Mi ezeknek a dolgoknak tan\u00fai vagyunk a Szentl\u00e9lekkel egyetemben.&#8221; Milyen er\u0151 van ebben a mondatban! A szentlecke J\u00e1nos apostol l\u00e1tom\u00e1s\u00e1r\u00f3l sz\u00f3l. Tekinthetj\u00fck ezt a rem\u00e9ny \u00fczenet\u00e9nek is. K\u00fcl\u00f6n\u00f6sen fontos tan\u00edt\u00e1s ez a kereszt\u00e9ny ember sz\u00e1m\u00e1ra, hiszen ebben a jubileumi esztend\u0151ben a rem\u00e9ny zar\u00e1ndokaik\u00e9nt j\u00e1rjuk a magunk \u00fatj\u00e1t. A l\u00e1tom\u00e1s l\u00e9nyege: Krisztus \u00f6r\u00f6mh\u00edre egyetemes \u00e9s gy\u0151zelemre jut. A mai, er\u0151ltetett ideol\u00f3giai k\u00fczdelemben igazi er\u0151forr\u00e1s mindannyiunk sz\u00e1m\u00e1ra. Az evang\u00e9liumban arr\u00f3l hallunk, hogy J\u00e9zus Krisztus a hal\u00e1lb\u00f3l val\u00f3 felt\u00e1mad\u00e1s\u00e1t k\u00f6vet\u0151en harmadik alkalommal jelenik meg az apostoloknak. T\u00f6bb \u00e9rdekes mozzanatra is felfigyelhet\u00fcnk: &#8211; Ez az esem\u00e9ny m\u00e1r a k\u00e9telked\u0151 Tam\u00e1s apostol \u00e9s a t\u00f6bbi apostollal t\u00f6rt\u00e9n\u0151 megjelen\u00e9s ut\u00e1n van. Vagyis, a teljes bizonyoss\u00e1ghoz vezet\u0151 \u00fat mindannyiunk sz\u00e1m\u00e1ra hossz\u00fa. Benne pedig helyet kap a k\u00e9tely, f\u00e9lelem, kishit\u0171s\u00e9g. &#8211; Egy kudarcos \u00e9s eredm\u00e9nytelen \u00e9jszaka ut\u00e1n vannak. Tal\u00e1n ennek is k\u00f6sz\u00f6nhet\u0151, hogy kezdetben nem ismerik fel a parton \u00e1ll\u00f3 J\u00e9zust. Egyszer\u0171 a k\u00f6vetkeztet\u00e9s: kudarcaink \u00e9s sikertelens\u00e9geink hatalmukba ker\u00edtenek. Nem l\u00e1tunk kiutat abb\u00f3l a helyzetb\u0151l. &#8211; J\u00e9zus arra k\u00e9ri \u0151ket, hogy menjenek vissza kudarcaik hely\u00e9re. &#8222;Vess\u00e9tek ki a h\u00e1l\u00f3t!&#8221; &#8211; Engedelmeskednek, s ennek gy\u00fcm\u00f6lcse \u00e9s jutalma a halakkal teli h\u00e1l\u00f3. A kudarc jelentette f\u00e1tyolk\u00f6d elt\u0171nik, felismerik a parton \u00e1ll\u00f3 Krisztust. &#8211; J\u00e9zus hallal \u00e9s keny\u00e9rrel v\u00e1rja \u0151ket. Azonban sz\u00fcks\u00e9g van az \u00e1ltaluk kifogott halakra is. Gy\u00f6ny\u00f6r\u0171 a szimbolikus \u00e9rtelme ennek a jelenetnek! J\u00e9zusnak sz\u00fcks\u00e9ge van az \u00c9n kifogott halamra, vagyis munk\u00e1mra. &#8211; Nem P\u00e9ter apostol megleck\u00e9ztet\u00e9s\u00e9r\u0151l van sz\u00f3, amikor J\u00e9zus h\u00e1romszor is megk\u00e9rdezi P\u00e9tert, hogy szereti-e \u0150t. P\u00e9ter apostol sz\u00e1m\u00e1ra a h\u00e1romszori tagad\u00e1s... R\u00e9szletek"}

Húsvét 3. vasárnapja - Stuttgarti Katolikusok

<blockquote class="wp-embedded-content" data-secret="z8VyEDoRxV"><a href="https://stuttgarti-katolikusok.de/index.php/husvet-3-vasarnapja-3/">Húsvét 3. vasárnapja</a></blockquote><iframe sandbox="allow-scripts" security="restricted" src="https://stuttgarti-katolikusok.de/index.php/husvet-3-vasarnapja-3/embed/#?secret=z8VyEDoRxV" width="600" height="338" title="&#8220;Húsvét 3. vasárnapja&#8221; &#8212; Stuttgarti Katolikusok" data-secret="z8VyEDoRxV" frameborder="0" marginwidth="0" marginheight="0" scrolling="no" class="wp-embedded-content"></iframe><script type="text/javascript">
/* <![CDATA[ */
/*! This file is auto-generated */
!function(d,l){"use strict";l.querySelector&&d.addEventListener&&"undefined"!=typeof URL&&(d.wp=d.wp||{},d.wp.receiveEmbedMessage||(d.wp.receiveEmbedMessage=function(e){var t=e.data;if((t||t.secret||t.message||t.value)&&!/[^a-zA-Z0-9]/.test(t.secret)){for(var s,r,n,a=l.querySelectorAll('iframe[data-secret="'+t.secret+'"]'),o=l.querySelectorAll('blockquote[data-secret="'+t.secret+'"]'),c=new RegExp("^https?:$","i"),i=0;i<o.length;i++)o[i].style.display="none";for(i=0;i<a.length;i++)s=a[i],e.source===s.contentWindow&&(s.removeAttribute("style"),"height"===t.message?(1e3<(r=parseInt(t.value,10))?r=1e3:~~r<200&&(r=200),s.height=r):"link"===t.message&&(r=new URL(s.getAttribute("src")),n=new URL(t.value),c.test(n.protocol))&&n.host===r.host&&l.activeElement===s&&(d.top.location.href=t.value))}},d.addEventListener("message",d.wp.receiveEmbedMessage,!1),l.addEventListener("DOMContentLoaded",function(){for(var e,t,s=l.querySelectorAll("iframe.wp-embedded-content"),r=0;r<s.length;r++)(t=(e=s[r]).getAttribute("data-secret"))||(t=Math.random().toString(36).substring(2,12),e.src+="#?secret="+t,e.setAttribute("data-secret",t)),e.contentWindow.postMessage({message:"ready",secret:t},"*")},!1)))}(window,document);
//# sourceURL=https://stuttgarti-katolikusok.de/wp-includes/js/wp-embed.min.js
/* ]]> */
</script>

A tanúságtétel vasárnapja &#8211; Megújulás kudarcainkon keresztül A tanúságtétel (görög: martürion, latin: testimonium) eredetileg jogi fogalom. A Szentírásban pedig ennek vallási tartalmával ismerkedhetünk meg. Az olvasmány Péter apostolnak tanúságtételéről szól, aki félelemből még megtagadja Jézus Krisztust. A feltámadottal való többszöri találkozása merőben megváltoztatja őt. Hasonló változás megy végbe az apostoltársakban is. Most bátran tanúságot tesznek hitükről. &#8222;Mi ezeknek a dolgoknak tanúi vagyunk a Szentlélekkel egyetemben.&#8221; Milyen erő van ebben a mondatban! A szentlecke János apostol látomásáról szól. Tekinthetjük ezt a remény üzenetének is. Különösen fontos tanítás ez a keresztény ember számára, hiszen ebben a jubileumi esztendőben a remény zarándokaiként járjuk a magunk útját. A látomás lényege: Krisztus örömhíre egyetemes és győzelemre jut. A mai, erőltetett ideológiai küzdelemben igazi erőforrás mindannyiunk számára. Az evangéliumban arról hallunk, hogy Jézus Krisztus a halálból való feltámadását követően harmadik alkalommal jelenik meg az apostoloknak. Több érdekes mozzanatra is felfigyelhetünk: &#8211; Ez az esemény már a kételkedő Tamás apostol és a többi apostollal történő megjelenés után van. Vagyis, a teljes bizonyossághoz vezető út mindannyiunk számára hosszú. Benne pedig helyet kap a kétely, félelem, kishitűség. &#8211; Egy kudarcos és eredménytelen éjszaka után vannak. Talán ennek is köszönhető, hogy kezdetben nem ismerik fel a parton álló Jézust. Egyszerű a következtetés: kudarcaink és sikertelenségeink hatalmukba kerítenek. Nem látunk kiutat abból a helyzetből. &#8211; Jézus arra kéri őket, hogy menjenek vissza kudarcaik helyére. &#8222;Vessétek ki a hálót!&#8221; &#8211; Engedelmeskednek, s ennek gyümölcse és jutalma a halakkal teli háló. A kudarc jelentette fátyolköd eltűnik, felismerik a parton álló Krisztust. &#8211; Jézus hallal és kenyérrel várja őket. Azonban szükség van az általuk kifogott halakra is. Gyönyörű a szimbolikus értelme ennek a jelenetnek! Jézusnak szüksége van az Én kifogott halamra, vagyis munkámra. &#8211; Nem Péter apostol megleckéztetéséről van szó, amikor Jézus háromszor is megkérdezi Pétert, hogy szereti-e Őt. Péter apostol számára a háromszori tagadás... Részletek
