{"version":"1.0","provider_name":"Stuttgarti Katolikusok","provider_url":"https:\/\/stuttgarti-katolikusok.de","title":"H\u00e1zass\u00e1g hete: L\u00e9tezik-e tart\u00f3s szeretetkapcsolat? - Stuttgarti Katolikusok","type":"rich","width":600,"height":338,"html":"<blockquote class=\"wp-embedded-content\" data-secret=\"QafwGjU2U8\"><a href=\"https:\/\/stuttgarti-katolikusok.de\/index.php\/hazassag-hete-letezik-e-tartos-szeretetkapcsolat\/\">H\u00e1zass\u00e1g hete: L\u00e9tezik-e tart\u00f3s szeretetkapcsolat?<\/a><\/blockquote><iframe sandbox=\"allow-scripts\" security=\"restricted\" src=\"https:\/\/stuttgarti-katolikusok.de\/index.php\/hazassag-hete-letezik-e-tartos-szeretetkapcsolat\/embed\/#?secret=QafwGjU2U8\" width=\"600\" height=\"338\" title=\"&#8220;H\u00e1zass\u00e1g hete: L\u00e9tezik-e tart\u00f3s szeretetkapcsolat?&#8221; &#8212; Stuttgarti Katolikusok\" data-secret=\"QafwGjU2U8\" frameborder=\"0\" marginwidth=\"0\" marginheight=\"0\" scrolling=\"no\" class=\"wp-embedded-content\"><\/iframe><script type=\"text\/javascript\">\n\/* <![CDATA[ *\/\n\/*! This file is auto-generated *\/\n!function(d,l){\"use strict\";l.querySelector&&d.addEventListener&&\"undefined\"!=typeof URL&&(d.wp=d.wp||{},d.wp.receiveEmbedMessage||(d.wp.receiveEmbedMessage=function(e){var t=e.data;if((t||t.secret||t.message||t.value)&&!\/[^a-zA-Z0-9]\/.test(t.secret)){for(var s,r,n,a=l.querySelectorAll('iframe[data-secret=\"'+t.secret+'\"]'),o=l.querySelectorAll('blockquote[data-secret=\"'+t.secret+'\"]'),c=new RegExp(\"^https?:$\",\"i\"),i=0;i<o.length;i++)o[i].style.display=\"none\";for(i=0;i<a.length;i++)s=a[i],e.source===s.contentWindow&&(s.removeAttribute(\"style\"),\"height\"===t.message?(1e3<(r=parseInt(t.value,10))?r=1e3:~~r<200&&(r=200),s.height=r):\"link\"===t.message&&(r=new URL(s.getAttribute(\"src\")),n=new URL(t.value),c.test(n.protocol))&&n.host===r.host&&l.activeElement===s&&(d.top.location.href=t.value))}},d.addEventListener(\"message\",d.wp.receiveEmbedMessage,!1),l.addEventListener(\"DOMContentLoaded\",function(){for(var e,t,s=l.querySelectorAll(\"iframe.wp-embedded-content\"),r=0;r<s.length;r++)(t=(e=s[r]).getAttribute(\"data-secret\"))||(t=Math.random().toString(36).substring(2,12),e.src+=\"#?secret=\"+t,e.setAttribute(\"data-secret\",t)),e.contentWindow.postMessage({message:\"ready\",secret:t},\"*\")},!1)))}(window,document);\n\/\/# sourceURL=https:\/\/stuttgarti-katolikusok.de\/wp-includes\/js\/wp-embed.min.js\n\/* ]]> *\/\n<\/script>\n","thumbnail_url":"https:\/\/stuttgarti-katolikusok.de\/wp-content\/uploads\/2023\/02\/hazassag-hete-fb-logo.jpg","thumbnail_width":1451,"thumbnail_height":857,"description":"1. T\u00c9MA: L\u00e9tezik-e tart\u00f3s szeretetkapcsolat? Szeretet, szerelem v\u00e1ltoz\u00e1sai Sz\u00e1szi Bal\u00e1zs \u00e9s Sz\u00e1szin\u00e9 Feh\u00e9rv\u00e1ry Anik\u00f3 Hogyan alakul a p\u00e1rkapcsolatban a szerelem, a szeretet? Mik\u00e9nt v\u00e1ltozhat?\u00a0Ezekr\u0151l a k\u00e9rd\u00e9sekr\u0151l besz\u00e9lgettem Sz\u00e1szi Bal\u00e1zs \u00e9s Sz\u00e1szin\u00e9 Feh\u00e9rv\u00e1ry Anik\u00f3 csal\u00e1dterapeuta h\u00e1zasp\u00e1rral. Anik\u00f3:\u00a0Egy modell szerint p\u00e1rhuzam van az anya-gyermek kapcsolat \u00e9s a p\u00e1rkapcsolat k\u00f6z\u00f6tt. Ugyanis a p\u00e1rkapcsolat elej\u00e9n is van egy szimbi\u00f3zis, ahogy az anya \u00e9s a gyerek k\u00f6z\u00f6tt is. Ebben az id\u0151szakban nagyon azonosan gondolkodunk egym\u00e1sr\u00f3l, a vil\u00e1gr\u00f3l. Szinte \u00e9szre se vessz\u00fck a k\u00fcl\u00f6nb\u00f6z\u0151s\u00e9geket. A hangs\u00faly az egys\u00e9gen van. Ez sz\u00fcks\u00e9ges is a k\u00f6z\u00f6ss\u00e9g\u00fcnk megalapoz\u00e1s\u00e1hoz. K\u00e9s\u0151bb, a kisgyermek eltotyog az \u00e9desanyj\u00e1t\u00f3l, hogy a saj\u00e1t erej\u00e9t meg\u00e9lje, kezdi kialak\u00edtani \u00e9rdekl\u0151d\u00e9si k\u00f6r\u00e9t, k\u00e9pess\u00e9geit fejleszti. A h\u00e1zass\u00e1gban is elk\u00f6vetkezik egy szakasz, amikor a f\u00e9rfi \u00e9s a n\u0151 saj\u00e1t mag\u00e1t pr\u00f3b\u00e1lgatja. Ez a fajta term\u00e9szetes differenci\u00e1l\u00f3d\u00e1s ijeszt\u0151en hathat a t\u00e1rsakra, mert konfliktusokat sz\u00fcl, \u00fajfajta egyeztet\u00e9sekre van sz\u00fcks\u00e9g. Kifejez\u00e9sre ker\u00fclnek a szem\u00e9lyes ig\u00e9nyeik.\u00a0A k\u00e9rd\u00e9s: ebben a szakaszban tudunk-e egym\u00e1snak t\u00e1maszai lenni. Mindenki t\u00fckr\u00f6t tart sz\u00e1munkra. A kisgyermeknek m\u00e9g az anyja a t\u00fck\u00f6r, a kamasznak m\u00e1r a vil\u00e1g. A dolgoz\u00f3 anya m\u00e1s t\u00fckr\u00f6t kap a munkahely\u00e9t\u0151l, ahol j\u00f3l \u00f6lt\u00f6z\u00f6tt, prec\u00edz, m\u00edg otthon a f\u00e9rj a kiss\u00e9 sz\u00e9tesett, pongyol\u00e1s feles\u00e9g arc\u00e1t l\u00e1tja. Az \u00e9vek m\u00fal\u00e1s\u00e1val k\u00edv\u00e1natos, hogy az egys\u00e9g n\u00f6vekedjen a h\u00e1zasp\u00e1rok k\u00f6z\u00f6tt, \u00edgy tudnak egy\u00fctt maradni. Ezt a hossz\u00fa folyamatot tark\u00edtj\u00e1k az \u00e9letciklusok: kisgyermekek nevel\u00e9se, kamaszkori probl\u00e9m\u00e1k, \u00fcres f\u00e9szek szindr\u00f3ma, sz\u00fcl\u0151k elm\u00fal\u00e1sa, stb. A kapcsolatot megterhel\u0151 esem\u00e9nyek k\u00f6zepette a k\u00fcl\u00f6nb\u00f6z\u0151 szerepeinkkel (anya, feles\u00e9g, apa, munkav\u00e1llal\u00f3, stb.) is zsongl\u0151rk\u00f6d\u00fcnk. Mindegyik szerep\u00fcnket t\u00e1pl\u00e1lni kell, att\u00f3l f\u00fcgg\u0151en, melyik, mikor, mennyit k\u00edv\u00e1n t\u0151l\u00fcnk. P\u00e9ld\u00e1ul a kisgyermeket nevel\u0151 csal\u00e1dn\u00e1l az anya szerepe nagyon jelent\u0151s, sok energi\u00e1t ig\u00e9nyel, emiatt gyeng\u00fcl a p\u00e1rkapcsolati szerepe. Egy csal\u00e1dban sz\u00fcks\u00e9g van mindk\u00e9t sz\u00fcl\u0151re, a figyelm\u00fckre, az energi\u00e1jukra. Id\u0151ben \u00e9szre kell venni, ha t\u00fals\u00falyba ker\u00fcl p\u00e9ld\u00e1ul az anya figyelme a gyerekekre. Szerepekkel zs\u00fafolt \u00e9letet \u00e9l\u00fcnk, beleadunk apait-anyait, ennek ellen\u00e9re m\u00e9gis elromolhat valami. Ha... R\u00e9szletek"}

Házasság hete: Létezik-e tartós szeretetkapcsolat? - Stuttgarti Katolikusok

<blockquote class="wp-embedded-content" data-secret="QafwGjU2U8"><a href="https://stuttgarti-katolikusok.de/index.php/hazassag-hete-letezik-e-tartos-szeretetkapcsolat/">Házasság hete: Létezik-e tartós szeretetkapcsolat?</a></blockquote><iframe sandbox="allow-scripts" security="restricted" src="https://stuttgarti-katolikusok.de/index.php/hazassag-hete-letezik-e-tartos-szeretetkapcsolat/embed/#?secret=QafwGjU2U8" width="600" height="338" title="&#8220;Házasság hete: Létezik-e tartós szeretetkapcsolat?&#8221; &#8212; Stuttgarti Katolikusok" data-secret="QafwGjU2U8" frameborder="0" marginwidth="0" marginheight="0" scrolling="no" class="wp-embedded-content"></iframe><script type="text/javascript">
/* <![CDATA[ */
/*! This file is auto-generated */
!function(d,l){"use strict";l.querySelector&&d.addEventListener&&"undefined"!=typeof URL&&(d.wp=d.wp||{},d.wp.receiveEmbedMessage||(d.wp.receiveEmbedMessage=function(e){var t=e.data;if((t||t.secret||t.message||t.value)&&!/[^a-zA-Z0-9]/.test(t.secret)){for(var s,r,n,a=l.querySelectorAll('iframe[data-secret="'+t.secret+'"]'),o=l.querySelectorAll('blockquote[data-secret="'+t.secret+'"]'),c=new RegExp("^https?:$","i"),i=0;i<o.length;i++)o[i].style.display="none";for(i=0;i<a.length;i++)s=a[i],e.source===s.contentWindow&&(s.removeAttribute("style"),"height"===t.message?(1e3<(r=parseInt(t.value,10))?r=1e3:~~r<200&&(r=200),s.height=r):"link"===t.message&&(r=new URL(s.getAttribute("src")),n=new URL(t.value),c.test(n.protocol))&&n.host===r.host&&l.activeElement===s&&(d.top.location.href=t.value))}},d.addEventListener("message",d.wp.receiveEmbedMessage,!1),l.addEventListener("DOMContentLoaded",function(){for(var e,t,s=l.querySelectorAll("iframe.wp-embedded-content"),r=0;r<s.length;r++)(t=(e=s[r]).getAttribute("data-secret"))||(t=Math.random().toString(36).substring(2,12),e.src+="#?secret="+t,e.setAttribute("data-secret",t)),e.contentWindow.postMessage({message:"ready",secret:t},"*")},!1)))}(window,document);
//# sourceURL=https://stuttgarti-katolikusok.de/wp-includes/js/wp-embed.min.js
/* ]]> */
</script>

1. TÉMA: Létezik-e tartós szeretetkapcsolat? Szeretet, szerelem változásai Szászi Balázs és Szásziné Fehérváry Anikó Hogyan alakul a párkapcsolatban a szerelem, a szeretet? Miként változhat? Ezekről a kérdésekről beszélgettem Szászi Balázs és Szásziné Fehérváry Anikó családterapeuta házaspárral. Anikó: Egy modell szerint párhuzam van az anya-gyermek kapcsolat és a párkapcsolat között. Ugyanis a párkapcsolat elején is van egy szimbiózis, ahogy az anya és a gyerek között is. Ebben az időszakban nagyon azonosan gondolkodunk egymásról, a világról. Szinte észre se vesszük a különbözőségeket. A hangsúly az egységen van. Ez szükséges is a közösségünk megalapozásához. Később, a kisgyermek eltotyog az édesanyjától, hogy a saját erejét megélje, kezdi kialakítani érdeklődési körét, képességeit fejleszti. A házasságban is elkövetkezik egy szakasz, amikor a férfi és a nő saját magát próbálgatja. Ez a fajta természetes differenciálódás ijesztően hathat a társakra, mert konfliktusokat szül, újfajta egyeztetésekre van szükség. Kifejezésre kerülnek a személyes igényeik. A kérdés: ebben a szakaszban tudunk-e egymásnak támaszai lenni. Mindenki tükröt tart számunkra. A kisgyermeknek még az anyja a tükör, a kamasznak már a világ. A dolgozó anya más tükröt kap a munkahelyétől, ahol jól öltözött, precíz, míg otthon a férj a kissé szétesett, pongyolás feleség arcát látja. Az évek múlásával kívánatos, hogy az egység növekedjen a házaspárok között, így tudnak együtt maradni. Ezt a hosszú folyamatot tarkítják az életciklusok: kisgyermekek nevelése, kamaszkori problémák, üres fészek szindróma, szülők elmúlása, stb. A kapcsolatot megterhelő események közepette a különböző szerepeinkkel (anya, feleség, apa, munkavállaló, stb.) is zsonglőrködünk. Mindegyik szerepünket táplálni kell, attól függően, melyik, mikor, mennyit kíván tőlünk. Például a kisgyermeket nevelő családnál az anya szerepe nagyon jelentős, sok energiát igényel, emiatt gyengül a párkapcsolati szerepe. Egy családban szükség van mindkét szülőre, a figyelmükre, az energiájukra. Időben észre kell venni, ha túlsúlyba kerül például az anya figyelme a gyerekekre. Szerepekkel zsúfolt életet élünk, beleadunk apait-anyait, ennek ellenére mégis elromolhat valami. Ha... Részletek
