{"version":"1.0","provider_name":"Stuttgarti Katolikusok","provider_url":"https:\/\/stuttgarti-katolikusok.de","title":"Hamvaz\u00f3szerda - Stuttgarti Katolikusok","type":"rich","width":600,"height":338,"html":"<blockquote class=\"wp-embedded-content\" data-secret=\"P5zt9Ex4nL\"><a href=\"https:\/\/stuttgarti-katolikusok.de\/index.php\/hamvazoszerda\/\">Hamvaz\u00f3szerda<\/a><\/blockquote><iframe sandbox=\"allow-scripts\" security=\"restricted\" src=\"https:\/\/stuttgarti-katolikusok.de\/index.php\/hamvazoszerda\/embed\/#?secret=P5zt9Ex4nL\" width=\"600\" height=\"338\" title=\"&#8220;Hamvaz\u00f3szerda&#8221; &#8212; Stuttgarti Katolikusok\" data-secret=\"P5zt9Ex4nL\" frameborder=\"0\" marginwidth=\"0\" marginheight=\"0\" scrolling=\"no\" class=\"wp-embedded-content\"><\/iframe><script type=\"text\/javascript\">\n\/* <![CDATA[ *\/\n\/*! This file is auto-generated *\/\n!function(d,l){\"use strict\";l.querySelector&&d.addEventListener&&\"undefined\"!=typeof URL&&(d.wp=d.wp||{},d.wp.receiveEmbedMessage||(d.wp.receiveEmbedMessage=function(e){var t=e.data;if((t||t.secret||t.message||t.value)&&!\/[^a-zA-Z0-9]\/.test(t.secret)){for(var s,r,n,a=l.querySelectorAll('iframe[data-secret=\"'+t.secret+'\"]'),o=l.querySelectorAll('blockquote[data-secret=\"'+t.secret+'\"]'),c=new RegExp(\"^https?:$\",\"i\"),i=0;i<o.length;i++)o[i].style.display=\"none\";for(i=0;i<a.length;i++)s=a[i],e.source===s.contentWindow&&(s.removeAttribute(\"style\"),\"height\"===t.message?(1e3<(r=parseInt(t.value,10))?r=1e3:~~r<200&&(r=200),s.height=r):\"link\"===t.message&&(r=new URL(s.getAttribute(\"src\")),n=new URL(t.value),c.test(n.protocol))&&n.host===r.host&&l.activeElement===s&&(d.top.location.href=t.value))}},d.addEventListener(\"message\",d.wp.receiveEmbedMessage,!1),l.addEventListener(\"DOMContentLoaded\",function(){for(var e,t,s=l.querySelectorAll(\"iframe.wp-embedded-content\"),r=0;r<s.length;r++)(t=(e=s[r]).getAttribute(\"data-secret\"))||(t=Math.random().toString(36).substring(2,12),e.src+=\"#?secret=\"+t,e.setAttribute(\"data-secret\",t)),e.contentWindow.postMessage({message:\"ready\",secret:t},\"*\")},!1)))}(window,document);\n\/\/# sourceURL=https:\/\/stuttgarti-katolikusok.de\/wp-includes\/js\/wp-embed.min.js\n\/* ]]> *\/\n<\/script>\n","description":"HAMVAZ\u00d3SZERDA \u00a0 Id\u00e9n febru\u00e1r 26-\u00e1n veszi kezdet\u00e9t a negyvennapos b\u00f6jt, melynek sor\u00e1n a kereszt\u00e9nyek h\u00fasv\u00e9tra, J\u00e9zus Krisztus f\u00f6lt\u00e1mad\u00e1s\u00e1nak \u00fcnnep\u00e9re k\u00e9sz\u00fclnek. Hamvaz\u00f3szerd\u00e1n \u00e9s a r\u00e1 k\u00f6vetkez\u0151 vas\u00e1rnapon a h\u00edvek homlok\u00e1t az el\u0151z\u0151 \u00e9v vir\u00e1gvas\u00e1rnapj\u00e1n szentelt barka hamuj\u00e1val hintik meg. Hamvaz\u00f3szerd\u00e1n Stuttgartban lesz szentmis\u00e9nk d\u00e9lel\u0151tt 10.15 \u00f3rakor! Mindenkit szeretettel v\u00e1runk! A hamvazkod\u00e1s k\u00f6zben hagyom\u00e1nyosan a k\u00f6vetkez\u0151ket mondja a pap: \u201eEml\u00e9kezz\u00e9l, ember, hogy por vagy \u00e9s porr\u00e1 leszel!\u201d vagy: \u201eTartsatok b\u0171nb\u00e1natot, \u00e9s higgyetek az evang\u00e9liumban!\u201d. A hamu jelk\u00e9pezi ezt a b\u0171nb\u00e1natot a megt\u00e9r\u00e9sre, \u00e9s persze mag\u00e1t az elm\u00fal\u00e1st. Eleinte a hamuval val\u00f3 megsz\u00f3r\u00e1s csak nyilv\u00e1nos b\u0171nb\u00e1n\u00f3k szertart\u00e1sa volt. A negyvennapos b\u00f6jt a 4. sz\u00e1zadra v\u00e1lt \u00e1ltal\u00e1noss\u00e1 a kereszt\u00e9ny vil\u00e1gban. Az egyh\u00e1z hamvaz\u00f3szerd\u00e1ra \u00e9s nagyp\u00e9ntekre szigor\u00fa b\u00f6jt\u00f6t \u00edr el\u0151: a 18 \u00e9s 60 \u00e9v k\u00f6z\u00f6tti h\u00edveknek csak h\u00e1romszor lehet \u00e9tkezni\u00fck \u00e9s egyszer j\u00f3llakniuk. E k\u00e9t napon \u00e9s nagyb\u00f6jt t\u00f6bbi p\u00e9ntek\u00e9n 14 \u00e9vesn\u00e9l id\u0151sebb tagjait pedig arra k\u00e9ri, hogy a b\u00f6jti fegyelem r\u00e9szek\u00e9nt ne fogyasszanak h\u00fast. A k\u00e9r\u00e9s m\u00f6g\u00f6tt persze az a m\u00e9lyebb meggy\u0151z\u0151d\u00e9s \u00e1ll, hogy a b\u00f6jt r\u00e9v\u00e9n az \u00e1ldozatv\u00e1llal\u00e1s lelk\u00fclete seg\u00edti a h\u00edv\u0151 embert abban, hogy az igazi \u00c1ldozattal, J\u00e9zus Krisztussal tudjon jobban lelkileg egyes\u00fclni. A nagyb\u00f6jt liturgikus sz\u00edne a lila, amely jelk\u00e9pezi a liturgi\u00e1ban a b\u0171nb\u00e1natot. Ugyancsak a b\u0171nb\u00e1nat jelek\u00e9nt marad el a nagyb\u00f6jt eg\u00e9sz folyam\u00e1n a szentmis\u00e9kben az alleluja, amely a liturgi\u00e1ban az \u00f6r\u00f6m legk\u00f6zvetlenebb kifejez\u0151d\u00e9se; a templomot ez id\u0151szakban nem d\u00edsz\u00edti vir\u00e1g. Az egyh\u00e1znak saj\u00e1tosan a nagyb\u00f6jth\u00f6z k\u00f6t\u0151d\u0151 szertart\u00e1sa a kereszt\u00fati \u00e1jtatoss\u00e1g, amelyen a h\u00edvek mintegy v\u00e9gigk\u00eds\u00e9rik Krisztust a kereszthal\u00e1la fel\u00e9 vezet\u0151 \u00faton. A b\u00f6jt vall\u00e1sos gyakorlata a b\u0171nb\u00e1nat, a megtisztul\u00e1s, az \u00e1ldozat \u00e9s a k\u00f6ny\u00f6rg\u00e9s fontoss\u00e1g\u00e1t \u00e1ll\u00edtja k\u00f6z\u00e9ppontba, kifejezi az ember Isten ir\u00e1nt tan\u00fas\u00edtott szeretet\u00e9t \u00e9s az \u00e9rte val\u00f3 \u00e1ldozatv\u00e1llal\u00e1s\u00e1t, melynek fontos r\u00e9sz\u00e9t k\u00e9pezik a mindennapi \u00e9letben tett j\u00f3cselekedetek. A Szentatya nagyb\u00f6jti \u00fczenet\u00e9ben is konkr\u00e9tan aj\u00e1nlja, hogy a kereszt\u00e9nyek most k\u00fcl\u00f6n\u00f6sk\u00e9ppen gyakorolj\u00e1k az irgalmass\u00e1g testi \u00e9s lelki cselekedeteit: \u201eHa... R\u00e9szletek"}

Hamvazószerda - Stuttgarti Katolikusok

<blockquote class="wp-embedded-content" data-secret="P5zt9Ex4nL"><a href="https://stuttgarti-katolikusok.de/index.php/hamvazoszerda/">Hamvazószerda</a></blockquote><iframe sandbox="allow-scripts" security="restricted" src="https://stuttgarti-katolikusok.de/index.php/hamvazoszerda/embed/#?secret=P5zt9Ex4nL" width="600" height="338" title="&#8220;Hamvazószerda&#8221; &#8212; Stuttgarti Katolikusok" data-secret="P5zt9Ex4nL" frameborder="0" marginwidth="0" marginheight="0" scrolling="no" class="wp-embedded-content"></iframe><script type="text/javascript">
/* <![CDATA[ */
/*! This file is auto-generated */
!function(d,l){"use strict";l.querySelector&&d.addEventListener&&"undefined"!=typeof URL&&(d.wp=d.wp||{},d.wp.receiveEmbedMessage||(d.wp.receiveEmbedMessage=function(e){var t=e.data;if((t||t.secret||t.message||t.value)&&!/[^a-zA-Z0-9]/.test(t.secret)){for(var s,r,n,a=l.querySelectorAll('iframe[data-secret="'+t.secret+'"]'),o=l.querySelectorAll('blockquote[data-secret="'+t.secret+'"]'),c=new RegExp("^https?:$","i"),i=0;i<o.length;i++)o[i].style.display="none";for(i=0;i<a.length;i++)s=a[i],e.source===s.contentWindow&&(s.removeAttribute("style"),"height"===t.message?(1e3<(r=parseInt(t.value,10))?r=1e3:~~r<200&&(r=200),s.height=r):"link"===t.message&&(r=new URL(s.getAttribute("src")),n=new URL(t.value),c.test(n.protocol))&&n.host===r.host&&l.activeElement===s&&(d.top.location.href=t.value))}},d.addEventListener("message",d.wp.receiveEmbedMessage,!1),l.addEventListener("DOMContentLoaded",function(){for(var e,t,s=l.querySelectorAll("iframe.wp-embedded-content"),r=0;r<s.length;r++)(t=(e=s[r]).getAttribute("data-secret"))||(t=Math.random().toString(36).substring(2,12),e.src+="#?secret="+t,e.setAttribute("data-secret",t)),e.contentWindow.postMessage({message:"ready",secret:t},"*")},!1)))}(window,document);
//# sourceURL=https://stuttgarti-katolikusok.de/wp-includes/js/wp-embed.min.js
/* ]]> */
</script>

HAMVAZÓSZERDA   Idén február 26-án veszi kezdetét a negyvennapos böjt, melynek során a keresztények húsvétra, Jézus Krisztus föltámadásának ünnepére készülnek. Hamvazószerdán és a rá következő vasárnapon a hívek homlokát az előző év virágvasárnapján szentelt barka hamujával hintik meg. Hamvazószerdán Stuttgartban lesz szentmisénk délelőtt 10.15 órakor! Mindenkit szeretettel várunk! A hamvazkodás közben hagyományosan a következőket mondja a pap: „Emlékezzél, ember, hogy por vagy és porrá leszel!” vagy: „Tartsatok bűnbánatot, és higgyetek az evangéliumban!”. A hamu jelképezi ezt a bűnbánatot a megtérésre, és persze magát az elmúlást. Eleinte a hamuval való megszórás csak nyilvános bűnbánók szertartása volt. A negyvennapos böjt a 4. századra vált általánossá a keresztény világban. Az egyház hamvazószerdára és nagypéntekre szigorú böjtöt ír elő: a 18 és 60 év közötti híveknek csak háromszor lehet étkezniük és egyszer jóllakniuk. E két napon és nagyböjt többi péntekén 14 évesnél idősebb tagjait pedig arra kéri, hogy a böjti fegyelem részeként ne fogyasszanak húst. A kérés mögött persze az a mélyebb meggyőződés áll, hogy a böjt révén az áldozatvállalás lelkülete segíti a hívő embert abban, hogy az igazi Áldozattal, Jézus Krisztussal tudjon jobban lelkileg egyesülni. A nagyböjt liturgikus színe a lila, amely jelképezi a liturgiában a bűnbánatot. Ugyancsak a bűnbánat jeleként marad el a nagyböjt egész folyamán a szentmisékben az alleluja, amely a liturgiában az öröm legközvetlenebb kifejeződése; a templomot ez időszakban nem díszíti virág. Az egyháznak sajátosan a nagyböjthöz kötődő szertartása a keresztúti ájtatosság, amelyen a hívek mintegy végigkísérik Krisztust a kereszthalála felé vezető úton. A böjt vallásos gyakorlata a bűnbánat, a megtisztulás, az áldozat és a könyörgés fontosságát állítja középpontba, kifejezi az ember Isten iránt tanúsított szeretetét és az érte való áldozatvállalását, melynek fontos részét képezik a mindennapi életben tett jócselekedetek. A Szentatya nagyböjti üzenetében is konkrétan ajánlja, hogy a keresztények most különösképpen gyakorolják az irgalmasság testi és lelki cselekedeteit: „Ha... Részletek
