{"version":"1.0","provider_name":"Stuttgarti Katolikusok","provider_url":"https:\/\/stuttgarti-katolikusok.de","title":"Hal\u00e1szy Erzs\u00e9bet: Csendes H\u00fasv\u00e9t 2020-ban - Stuttgarti Katolikusok","type":"rich","width":600,"height":338,"html":"<blockquote class=\"wp-embedded-content\" data-secret=\"DC1pjpS7zu\"><a href=\"https:\/\/stuttgarti-katolikusok.de\/index.php\/halaszy-erzsebet-csendes-husvet-2020-ban\/\">Hal\u00e1szy Erzs\u00e9bet: Csendes H\u00fasv\u00e9t 2020-ban<\/a><\/blockquote><iframe sandbox=\"allow-scripts\" security=\"restricted\" src=\"https:\/\/stuttgarti-katolikusok.de\/index.php\/halaszy-erzsebet-csendes-husvet-2020-ban\/embed\/#?secret=DC1pjpS7zu\" width=\"600\" height=\"338\" title=\"&#8220;Hal\u00e1szy Erzs\u00e9bet: Csendes H\u00fasv\u00e9t 2020-ban&#8221; &#8212; Stuttgarti Katolikusok\" data-secret=\"DC1pjpS7zu\" frameborder=\"0\" marginwidth=\"0\" marginheight=\"0\" scrolling=\"no\" class=\"wp-embedded-content\"><\/iframe><script type=\"text\/javascript\">\n\/* <![CDATA[ *\/\n\/*! This file is auto-generated *\/\n!function(d,l){\"use strict\";l.querySelector&&d.addEventListener&&\"undefined\"!=typeof URL&&(d.wp=d.wp||{},d.wp.receiveEmbedMessage||(d.wp.receiveEmbedMessage=function(e){var t=e.data;if((t||t.secret||t.message||t.value)&&!\/[^a-zA-Z0-9]\/.test(t.secret)){for(var s,r,n,a=l.querySelectorAll('iframe[data-secret=\"'+t.secret+'\"]'),o=l.querySelectorAll('blockquote[data-secret=\"'+t.secret+'\"]'),c=new RegExp(\"^https?:$\",\"i\"),i=0;i<o.length;i++)o[i].style.display=\"none\";for(i=0;i<a.length;i++)s=a[i],e.source===s.contentWindow&&(s.removeAttribute(\"style\"),\"height\"===t.message?(1e3<(r=parseInt(t.value,10))?r=1e3:~~r<200&&(r=200),s.height=r):\"link\"===t.message&&(r=new URL(s.getAttribute(\"src\")),n=new URL(t.value),c.test(n.protocol))&&n.host===r.host&&l.activeElement===s&&(d.top.location.href=t.value))}},d.addEventListener(\"message\",d.wp.receiveEmbedMessage,!1),l.addEventListener(\"DOMContentLoaded\",function(){for(var e,t,s=l.querySelectorAll(\"iframe.wp-embedded-content\"),r=0;r<s.length;r++)(t=(e=s[r]).getAttribute(\"data-secret\"))||(t=Math.random().toString(36).substring(2,12),e.src+=\"#?secret=\"+t,e.setAttribute(\"data-secret\",t)),e.contentWindow.postMessage({message:\"ready\",secret:t},\"*\")},!1)))}(window,document);\n\/\/# sourceURL=https:\/\/stuttgarti-katolikusok.de\/wp-includes\/js\/wp-embed.min.js\n\/* ]]> *\/\n<\/script>\n","thumbnail_url":"https:\/\/stuttgarti-katolikusok.de\/wp-content\/uploads\/2020\/05\/jopasztor.jpg","thumbnail_width":2417,"thumbnail_height":2267,"description":"+! Kedveseim, \u201eAz \u00e9n H\u00fasv\u00e9tom\u201d sorozatunk \u00fajabb nagyszer\u0171 \u00edr\u00e1sa k\u00f6vetkezik Hal\u00e1szy Erzs\u00e9bet toll\u00e1b\u00f3l. Sorait olvasva ism\u00e9t az a meggy\u0151z\u0151d\u00e9s izmosodhat meg benn\u00fcnk, hogy noha ez a H\u00fasv\u00e9tunk a koronaj\u00e1rv\u00e1ny miatt m\u00e1s volt, mint minden el\u0151bbi, m\u00e9gis annyi \u00e9s annyi sz\u00e9ps\u00e9get \u00e9s lehet\u0151s\u00e9get rejtett mag\u00e1ban, amir\u0151l \u00e1lmodni sem mert\u00fcnk. H\u00e1la a Felt\u00e1madottnak, aki mindig vel\u00fcnk van! Lelkip\u00e1sztori szeretettel, Imre atya \u00a0 \u00a0 Csendes H\u00fasv\u00e9t 2020-ban \u2013 Gondolatok \u201eA csend az Isten hangja\u201c \u2013 \u00edrta egykor Sz\u00e9chenyi Zsigmond, a h\u00edres vad\u00e1sz \u00e9s \u00edr\u00f3. Vajon ki hogyan hallotta meg Isten v\u00edgasztal\u00f3 hangj\u00e1t az idei szokatlanul csendes h\u00fasv\u00e9ti \u00fcnnepek alatt? \u00c1tjutott-e, a n\u00e9ha ijedt, mag\u00e1nyos csenden kereszt\u00fcl? Zajos, rohan\u00f3, nyugtalan vil\u00e1gunkat jelenleg a v\u00edrus tartja karmai k\u00f6z\u00f6tt &#8211; ez\u00e1ltal elcsendes\u00fclt, lelassult minden. Megh\u00faztuk magunkat, engedelmesen k\u00f6vett\u00fck a kapkod\u00f3, t\u00f6bb\u00e9-kev\u00e9sb\u00e9 \u00e9sszer\u0171 vagy \u00e9sszer\u00fctlen rendeleteket \u00e9s sz\u00fcks\u00e9gszer\u0171en v\u00e1llaltuk az ezekb\u0151l ad\u00f3d\u00f3 szomor\u00fa k\u00f6vetkezm\u00e9nyeket. A csend kifinom\u00edtja \u00e9rz\u00e9keinket \u00e9s \u2013 legl\u00e1bb is \u00e9n \u00fagy \u00e9rzem \u2013 ha odafigyelt\u00fcnk, \u00fajra meg \u00fajra hallhattuk Isten hangj\u00e1t: A k\u00f6zvet\u00edtett Szentmis\u00e9ken, szentbesz\u00e9deken kereszt\u00fcl\u2026 Szeretteinket ha nem is l\u00e1thattuk, de a technika seg\u00edts\u00e9g\u00e9vel gyakran kaptunk gy\u00f6ny\u00f6r\u0171 gondolatokat, k\u00e9peket, dalokat, im\u00e1kat, id\u00e9zeteket \u2026 gondoltunk egym\u00e1sra. A templomi cseng\u0151t nem hallhattuk, de a h\u00edv\u00f3 harangsz\u00f3, amelyet m\u00e1skor elnyom a rep\u00fcl\u0151g\u00e9pek zaja, most tiszt\u00e1n \u00e9rkezett hozz\u00e1nk. Csak virtu\u00e1lisan vehett\u00fcnk r\u00e9szt a a k\u00fcl\u00f6n\u00f6sen sz\u00e9p \u00e9s meghat\u00f3 t\u0171zszentel\u00e9sen, de elmehett\u00fcnk a nyitott templomokba \u2013 ez esetben a scharnhauseni \u201eJ\u00f3 P\u00e1sztor\u201c templomba \u2013 \u00e9s az \u00e9g\u0151 gyerty\u00e1r\u00f3l szent l\u00e1ngot vihett\u00fcnk haza. Ezt a templomot a k\u00e9pen l\u00e1that\u00f3 kicsi, igen kedves r\u00e9gi szoborr\u00f3l nevezt\u00e9k el. Milyen vigasztal\u00f3 gondolat, hogy a J\u00f3 P\u00e1sztor minket is, ha tal\u00e1n nem is fekete, de foltos b\u00e1r\u00e1nyokat, a v\u00e1ll\u00e1n hordoz \u2026 Ha el\u00e9gedetlens\u00e9ggel t\u00f6lt\u00f6tt is el a t\u00e9tlens\u00e9gre it\u00e9l\u00e9s, hely\u00e9be egy nagy aj\u00e1nd\u00e9kot kaptunk: id\u0151t. Ezt a k\u00f6rny\u00e9kbeli, r\u00e9szben t\u00f6bb 100-\u00e9ves templomok l\u00e1togat\u00e1s\u00e1ra ford\u00edtottuk \u00e9s ritka kincseket fedezt\u00fcnk fel. Elgondolkoztat\u00f3, hogy milyen alkot\u00e1sokra... R\u00e9szletek"}

Halászy Erzsébet: Csendes Húsvét 2020-ban - Stuttgarti Katolikusok

<blockquote class="wp-embedded-content" data-secret="DC1pjpS7zu"><a href="https://stuttgarti-katolikusok.de/index.php/halaszy-erzsebet-csendes-husvet-2020-ban/">Halászy Erzsébet: Csendes Húsvét 2020-ban</a></blockquote><iframe sandbox="allow-scripts" security="restricted" src="https://stuttgarti-katolikusok.de/index.php/halaszy-erzsebet-csendes-husvet-2020-ban/embed/#?secret=DC1pjpS7zu" width="600" height="338" title="&#8220;Halászy Erzsébet: Csendes Húsvét 2020-ban&#8221; &#8212; Stuttgarti Katolikusok" data-secret="DC1pjpS7zu" frameborder="0" marginwidth="0" marginheight="0" scrolling="no" class="wp-embedded-content"></iframe><script type="text/javascript">
/* <![CDATA[ */
/*! This file is auto-generated */
!function(d,l){"use strict";l.querySelector&&d.addEventListener&&"undefined"!=typeof URL&&(d.wp=d.wp||{},d.wp.receiveEmbedMessage||(d.wp.receiveEmbedMessage=function(e){var t=e.data;if((t||t.secret||t.message||t.value)&&!/[^a-zA-Z0-9]/.test(t.secret)){for(var s,r,n,a=l.querySelectorAll('iframe[data-secret="'+t.secret+'"]'),o=l.querySelectorAll('blockquote[data-secret="'+t.secret+'"]'),c=new RegExp("^https?:$","i"),i=0;i<o.length;i++)o[i].style.display="none";for(i=0;i<a.length;i++)s=a[i],e.source===s.contentWindow&&(s.removeAttribute("style"),"height"===t.message?(1e3<(r=parseInt(t.value,10))?r=1e3:~~r<200&&(r=200),s.height=r):"link"===t.message&&(r=new URL(s.getAttribute("src")),n=new URL(t.value),c.test(n.protocol))&&n.host===r.host&&l.activeElement===s&&(d.top.location.href=t.value))}},d.addEventListener("message",d.wp.receiveEmbedMessage,!1),l.addEventListener("DOMContentLoaded",function(){for(var e,t,s=l.querySelectorAll("iframe.wp-embedded-content"),r=0;r<s.length;r++)(t=(e=s[r]).getAttribute("data-secret"))||(t=Math.random().toString(36).substring(2,12),e.src+="#?secret="+t,e.setAttribute("data-secret",t)),e.contentWindow.postMessage({message:"ready",secret:t},"*")},!1)))}(window,document);
//# sourceURL=https://stuttgarti-katolikusok.de/wp-includes/js/wp-embed.min.js
/* ]]> */
</script>

+! Kedveseim, „Az én Húsvétom” sorozatunk újabb nagyszerű írása következik Halászy Erzsébet tollából. Sorait olvasva ismét az a meggyőződés izmosodhat meg bennünk, hogy noha ez a Húsvétunk a koronajárvány miatt más volt, mint minden előbbi, mégis annyi és annyi szépséget és lehetőséget rejtett magában, amiről álmodni sem mertünk. Hála a Feltámadottnak, aki mindig velünk van! Lelkipásztori szeretettel, Imre atya     Csendes Húsvét 2020-ban – Gondolatok „A csend az Isten hangja“ – írta egykor Széchenyi Zsigmond, a híres vadász és író. Vajon ki hogyan hallotta meg Isten vígasztaló hangját az idei szokatlanul csendes húsvéti ünnepek alatt? Átjutott-e, a néha ijedt, magányos csenden keresztül? Zajos, rohanó, nyugtalan világunkat jelenleg a vírus tartja karmai között &#8211; ezáltal elcsendesült, lelassult minden. Meghúztuk magunkat, engedelmesen követtük a kapkodó, többé-kevésbé ésszerű vagy ésszerütlen rendeleteket és szükségszerűen vállaltuk az ezekből adódó szomorú következményeket. A csend kifinomítja érzékeinket és – leglább is én úgy érzem – ha odafigyeltünk, újra meg újra hallhattuk Isten hangját: A közvetített Szentmiséken, szentbeszédeken keresztül… Szeretteinket ha nem is láthattuk, de a technika segítségével gyakran kaptunk gyönyörű gondolatokat, képeket, dalokat, imákat, idézeteket … gondoltunk egymásra. A templomi csengőt nem hallhattuk, de a hívó harangszó, amelyet máskor elnyom a repülőgépek zaja, most tisztán érkezett hozzánk. Csak virtuálisan vehettünk részt a a különösen szép és megható tűzszentelésen, de elmehettünk a nyitott templomokba – ez esetben a scharnhauseni „Jó Pásztor“ templomba – és az égő gyertyáról szent lángot vihettünk haza. Ezt a templomot a képen látható kicsi, igen kedves régi szoborról nevezték el. Milyen vigasztaló gondolat, hogy a Jó Pásztor minket is, ha talán nem is fekete, de foltos bárányokat, a vállán hordoz … Ha elégedetlenséggel töltött is el a tétlenségre itélés, helyébe egy nagy ajándékot kaptunk: időt. Ezt a környékbeli, részben több 100-éves templomok látogatására fordítottuk és ritka kincseket fedeztünk fel. Elgondolkoztató, hogy milyen alkotásokra... Részletek
