{"version":"1.0","provider_name":"Stuttgarti Katolikusok","provider_url":"https:\/\/stuttgarti-katolikusok.de","title":"T\u00f3th M\u00e1rta: Gyalogos zar\u00e1ndoklat a Hohenzollern v\u00e1rhoz - Stuttgarti Katolikusok","type":"rich","width":600,"height":338,"html":"<blockquote class=\"wp-embedded-content\" data-secret=\"dj6cqQYQKp\"><a href=\"https:\/\/stuttgarti-katolikusok.de\/index.php\/gyalogos-zarandoklat-a-hohenzollern-varhoz\/\">T\u00f3th M\u00e1rta: Gyalogos zar\u00e1ndoklat a Hohenzollern v\u00e1rhoz<\/a><\/blockquote><iframe sandbox=\"allow-scripts\" security=\"restricted\" src=\"https:\/\/stuttgarti-katolikusok.de\/index.php\/gyalogos-zarandoklat-a-hohenzollern-varhoz\/embed\/#?secret=dj6cqQYQKp\" width=\"600\" height=\"338\" title=\"&#8220;T\u00f3th M\u00e1rta: Gyalogos zar\u00e1ndoklat a Hohenzollern v\u00e1rhoz&#8221; &#8212; Stuttgarti Katolikusok\" data-secret=\"dj6cqQYQKp\" frameborder=\"0\" marginwidth=\"0\" marginheight=\"0\" scrolling=\"no\" class=\"wp-embedded-content\"><\/iframe><script type=\"text\/javascript\">\n\/* <![CDATA[ *\/\n\/*! This file is auto-generated *\/\n!function(d,l){\"use strict\";l.querySelector&&d.addEventListener&&\"undefined\"!=typeof URL&&(d.wp=d.wp||{},d.wp.receiveEmbedMessage||(d.wp.receiveEmbedMessage=function(e){var t=e.data;if((t||t.secret||t.message||t.value)&&!\/[^a-zA-Z0-9]\/.test(t.secret)){for(var s,r,n,a=l.querySelectorAll('iframe[data-secret=\"'+t.secret+'\"]'),o=l.querySelectorAll('blockquote[data-secret=\"'+t.secret+'\"]'),c=new RegExp(\"^https?:$\",\"i\"),i=0;i<o.length;i++)o[i].style.display=\"none\";for(i=0;i<a.length;i++)s=a[i],e.source===s.contentWindow&&(s.removeAttribute(\"style\"),\"height\"===t.message?(1e3<(r=parseInt(t.value,10))?r=1e3:~~r<200&&(r=200),s.height=r):\"link\"===t.message&&(r=new URL(s.getAttribute(\"src\")),n=new URL(t.value),c.test(n.protocol))&&n.host===r.host&&l.activeElement===s&&(d.top.location.href=t.value))}},d.addEventListener(\"message\",d.wp.receiveEmbedMessage,!1),l.addEventListener(\"DOMContentLoaded\",function(){for(var e,t,s=l.querySelectorAll(\"iframe.wp-embedded-content\"),r=0;r<s.length;r++)(t=(e=s[r]).getAttribute(\"data-secret\"))||(t=Math.random().toString(36).substring(2,12),e.src+=\"#?secret=\"+t,e.setAttribute(\"data-secret\",t)),e.contentWindow.postMessage({message:\"ready\",secret:t},\"*\")},!1)))}(window,document);\n\/\/# sourceURL=https:\/\/stuttgarti-katolikusok.de\/wp-includes\/js\/wp-embed.min.js\n\/* ]]> *\/\n<\/script>\n","thumbnail_url":"https:\/\/stuttgarti-katolikusok.de\/wp-content\/uploads\/2017\/10\/gyalogzari.jpg","thumbnail_width":800,"thumbnail_height":533,"description":"Tal\u00e1lkoz\u00f3 d\u00e9lel\u0151tt 10 \u00f3rakor Brielhof vend\u00e9gl\u0151 parkol\u00f3j\u00e1n\u00e1l. Mosolyogva, egym\u00e1st meg\u00f6lelve k\u00f6sz\u00f6ntj\u00fck egym\u00e1st. Mindannyian nagy lelkesed\u00e9ssel \u00e9rkezt\u00fcnk. 21-en vagyunk. A fenti parkol\u00f3ban hagyhattuk aut\u00f3inkat, \u00edgy a t\u00far\u00e1z\u00e1s nagyban ler\u00f6vid\u00fclt, de a legink\u00e1bb meger\u0151ltet\u0151 r\u00e9sze megmaradt. Csod\u00e1latosan sz\u00e9p naps\u00fct\u00e9sben szeml\u00e9lhett\u00fck meg a\u00a0 fest\u0151i sz\u00e9ps\u00e9g\u0171 t\u00e1jat. Ezernyi sz\u00edn\u00e9vel k\u00e1pr\u00e1ztatott el benn\u00fcnket az \u0151sz. Az els\u0151 pihen\u0151n\u00e9l Imre atya k\u00f6sz\u00f6nt\u00f6tte zar\u00e1ndok testv\u00e9reit. R\u00f6viden \u00f6sszefoglalta a napirendi pontokat. Zar\u00e1ndoklatunk napja egybe esett a lengyel egyh\u00e1z \u00e1ltal t\u00e1mogatott &#8222;R\u00f3zsaf\u00fcz\u00e9r eg\u00e9szen a hat\u00e1rokig&#8221; nev\u0171 civil\u00a0 kezdem\u00e9nyez\u00e9ssel. Teszik ezt a lengyelek haz\u00e1juk\u00e9rt \u00e9s a vil\u00e1g b\u00e9k\u00e9j\u00e9\u00e9rt. Mi is bekapcsol\u00f3dunk. Fel\u00e9rve a v\u00e1rhoz f\u00e9lreh\u00faz\u00f3dunk egy csendes naps\u00fct\u00f6tte, hajat lobogtat\u00f3 szegletbe \u00e9s k\u00e9pzeletben sz\u00fcl\u0151falunkt\u00f3l-v\u00e1rosunkt\u00f3l a legk\u00f6zelebbi hat\u00e1r\u00e1tkel\u0151ig megy\u00fcnk. Ki Erd\u00e9lyb\u0151l, ki a Vajdas\u00e1gb\u00f3l, ki pedig az anyaorsz\u00e1gb\u00f3l indul a Szepl\u0151telen Sz\u0171z dics\u0151\u00edt\u00e9s\u00e9re. A Fatimai Szent Sz\u0171z pontosan 100 \u00e9ve jelent meg hat alkalommal h\u00e1rom portug\u00e1l\u00a0 p\u00e1sztorgyermeknek. Rajtuk kereszt\u00fcl \u00fczent a vil\u00e1gnak, hogy a r\u00f3zsaf\u00fcz\u00e9rt im\u00e1dkozva k\u00e9rj\u00e9k az \u0151 seg\u00edts\u00e9g\u00e9t. Vezekl\u00e9sre, im\u00e1ds\u00e1gra buzd\u00edtja a h\u00edveket a b\u0171n\u00f6s\u00f6k megt\u00e9r\u00e9s\u00e9\u00e9rt, az \u00dar irgalm\u00e1t k\u00e9rve ezzel a vil\u00e1gra. Az olvas\u00f3 befejezt\u00e9vel n\u00e9met nyelv\u0171 vezet\u00e9sen vett\u00fcnk r\u00e9szt a Hohenzollern hegy tetej\u00e9n \u00e1ll\u00f3 neog\u00f3tikus st\u00edlusban \u00e9p\u00edtett v\u00e1rban. A k\u00f6z\u00e9pkorb\u00f3l csup\u00e1n a k\u00e1polna maradt meg, a jelenleg l\u00e1that\u00f3 v\u00e1rat IV.\u00a0 Frigyes Vilmos porosz kir\u00e1ly \u00e9p\u00edttette \u00fajj\u00e1 1846-t\u00f3l. Az \u00e9p\u00fcletbe l\u00e9pve egy a 11. sz\u00e1zadig visszamen\u0151, k\u00fcl\u00f6nb\u00f6z\u0151 sz\u00ednekkel jel\u00f6lt csal\u00e1df\u00e1t l\u00e1thattunk. Az egyes sz\u00ednek a csal\u00e1d katolikus\u00a0 sv\u00e1b, \u00e9s a protest\u00e1ns frankf\u00f6ldi \u00e1g\u00e1t jelzik. A nagyteremb\u0151l a r\u00e9gi k\u00f6nyvt\u00e1rba l\u00e9pt\u00fcnk, ahol a Hohenzollern csal\u00e1d t\u00f6rt\u00e9net\u00e9r\u0151l is l\u00e1thattunk festm\u00e9nyeket, ezt k\u00f6vette a dolgoz\u00f3szoba, melynek \u00edr\u00f3asztal\u00e1n m\u00e1r f\u00e9nyk\u00e9pek vannak a ma is \u00e9l\u0151 lesz\u00e1rmazottakr\u00f3l. A h\u00e1l\u00f3szob\u00e1ban csup\u00e1n 5 h\u00f3napig lakott Vilmos, a porosz koronaherceg. Nagyon s\u00falyos t\u00fcd\u0151gyullad\u00e1ssal t\u00e1vozott a kast\u00e9lyb\u00f3l.\u00a0 Az \u00e9p\u00fclet nem felf\u0171thet\u0151, ugyanis az eg\u00e9sz kast\u00e9lyban csup\u00e1n egy kandall\u00f3 van. A k\u00e9k szalonban csal\u00e1dtagok festm\u00e9nyeit l\u00e1thattuk. A fal fest\u00e9se tap\u00e9t\u00e1ra eml\u00e9keztetett. A mennyezet k\u00fcl\u00f6nleges ig\u00e9nyess\u00e9ggel k\u00e9sz\u00fclt. Az udvarr\u00f3l... R\u00e9szletek"}

Tóth Márta: Gyalogos zarándoklat a Hohenzollern várhoz - Stuttgarti Katolikusok

<blockquote class="wp-embedded-content" data-secret="dj6cqQYQKp"><a href="https://stuttgarti-katolikusok.de/index.php/gyalogos-zarandoklat-a-hohenzollern-varhoz/">Tóth Márta: Gyalogos zarándoklat a Hohenzollern várhoz</a></blockquote><iframe sandbox="allow-scripts" security="restricted" src="https://stuttgarti-katolikusok.de/index.php/gyalogos-zarandoklat-a-hohenzollern-varhoz/embed/#?secret=dj6cqQYQKp" width="600" height="338" title="&#8220;Tóth Márta: Gyalogos zarándoklat a Hohenzollern várhoz&#8221; &#8212; Stuttgarti Katolikusok" data-secret="dj6cqQYQKp" frameborder="0" marginwidth="0" marginheight="0" scrolling="no" class="wp-embedded-content"></iframe><script type="text/javascript">
/* <![CDATA[ */
/*! This file is auto-generated */
!function(d,l){"use strict";l.querySelector&&d.addEventListener&&"undefined"!=typeof URL&&(d.wp=d.wp||{},d.wp.receiveEmbedMessage||(d.wp.receiveEmbedMessage=function(e){var t=e.data;if((t||t.secret||t.message||t.value)&&!/[^a-zA-Z0-9]/.test(t.secret)){for(var s,r,n,a=l.querySelectorAll('iframe[data-secret="'+t.secret+'"]'),o=l.querySelectorAll('blockquote[data-secret="'+t.secret+'"]'),c=new RegExp("^https?:$","i"),i=0;i<o.length;i++)o[i].style.display="none";for(i=0;i<a.length;i++)s=a[i],e.source===s.contentWindow&&(s.removeAttribute("style"),"height"===t.message?(1e3<(r=parseInt(t.value,10))?r=1e3:~~r<200&&(r=200),s.height=r):"link"===t.message&&(r=new URL(s.getAttribute("src")),n=new URL(t.value),c.test(n.protocol))&&n.host===r.host&&l.activeElement===s&&(d.top.location.href=t.value))}},d.addEventListener("message",d.wp.receiveEmbedMessage,!1),l.addEventListener("DOMContentLoaded",function(){for(var e,t,s=l.querySelectorAll("iframe.wp-embedded-content"),r=0;r<s.length;r++)(t=(e=s[r]).getAttribute("data-secret"))||(t=Math.random().toString(36).substring(2,12),e.src+="#?secret="+t,e.setAttribute("data-secret",t)),e.contentWindow.postMessage({message:"ready",secret:t},"*")},!1)))}(window,document);
//# sourceURL=https://stuttgarti-katolikusok.de/wp-includes/js/wp-embed.min.js
/* ]]> */
</script>

Találkozó délelőtt 10 órakor Brielhof vendéglő parkolójánál. Mosolyogva, egymást megölelve köszöntjük egymást. Mindannyian nagy lelkesedéssel érkeztünk. 21-en vagyunk. A fenti parkolóban hagyhattuk autóinkat, így a túrázás nagyban lerövidült, de a leginkább megerőltető része megmaradt. Csodálatosan szép napsütésben szemlélhettük meg a  festői szépségű tájat. Ezernyi színével kápráztatott el bennünket az ősz. Az első pihenőnél Imre atya köszöntötte zarándok testvéreit. Röviden összefoglalta a napirendi pontokat. Zarándoklatunk napja egybe esett a lengyel egyház által támogatott &#8222;Rózsafüzér egészen a határokig&#8221; nevű civil  kezdeményezéssel. Teszik ezt a lengyelek hazájukért és a világ békéjéért. Mi is bekapcsolódunk. Felérve a várhoz félrehúzódunk egy csendes napsütötte, hajat lobogtató szegletbe és képzeletben szülőfalunktól-városunktól a legközelebbi határátkelőig megyünk. Ki Erdélyből, ki a Vajdaságból, ki pedig az anyaországból indul a Szeplőtelen Szűz dicsőítésére. A Fatimai Szent Szűz pontosan 100 éve jelent meg hat alkalommal három portugál  pásztorgyermeknek. Rajtuk keresztül üzent a világnak, hogy a rózsafüzért imádkozva kérjék az ő segítségét. Vezeklésre, imádságra buzdítja a híveket a bűnösök megtéréséért, az Úr irgalmát kérve ezzel a világra. Az olvasó befejeztével német nyelvű vezetésen vettünk részt a Hohenzollern hegy tetején álló neogótikus stílusban épített várban. A középkorból csupán a kápolna maradt meg, a jelenleg látható várat IV.  Frigyes Vilmos porosz király építtette újjá 1846-tól. Az épületbe lépve egy a 11. századig visszamenő, különböző színekkel jelölt családfát láthattunk. Az egyes színek a család katolikus  sváb, és a protestáns frankföldi ágát jelzik. A nagyteremből a régi könyvtárba léptünk, ahol a Hohenzollern család történetéről is láthattunk festményeket, ezt követte a dolgozószoba, melynek íróasztalán már fényképek vannak a ma is élő leszármazottakról. A hálószobában csupán 5 hónapig lakott Vilmos, a porosz koronaherceg. Nagyon súlyos tüdőgyulladással távozott a kastélyból.  Az épület nem felfűthető, ugyanis az egész kastélyban csupán egy kandalló van. A kék szalonban családtagok festményeit láthattuk. A fal festése tapétára emlékeztetett. A mennyezet különleges igényességgel készült. Az udvarról... Részletek
