{"version":"1.0","provider_name":"Stuttgarti Katolikusok","provider_url":"https:\/\/stuttgarti-katolikusok.de","title":"Fontos k\u00f6zlem\u00e9ny!!! - Stuttgarti Katolikusok","type":"rich","width":600,"height":338,"html":"<blockquote class=\"wp-embedded-content\" data-secret=\"hEce8bvcc7\"><a href=\"https:\/\/stuttgarti-katolikusok.de\/index.php\/fontos-kozlemeny\/\">Fontos k\u00f6zlem\u00e9ny!!!<\/a><\/blockquote><iframe sandbox=\"allow-scripts\" security=\"restricted\" src=\"https:\/\/stuttgarti-katolikusok.de\/index.php\/fontos-kozlemeny\/embed\/#?secret=hEce8bvcc7\" width=\"600\" height=\"338\" title=\"&#8220;Fontos k\u00f6zlem\u00e9ny!!!&#8221; &#8212; Stuttgarti Katolikusok\" data-secret=\"hEce8bvcc7\" frameborder=\"0\" marginwidth=\"0\" marginheight=\"0\" scrolling=\"no\" class=\"wp-embedded-content\"><\/iframe><script type=\"text\/javascript\">\n\/* <![CDATA[ *\/\n\/*! This file is auto-generated *\/\n!function(d,l){\"use strict\";l.querySelector&&d.addEventListener&&\"undefined\"!=typeof URL&&(d.wp=d.wp||{},d.wp.receiveEmbedMessage||(d.wp.receiveEmbedMessage=function(e){var t=e.data;if((t||t.secret||t.message||t.value)&&!\/[^a-zA-Z0-9]\/.test(t.secret)){for(var s,r,n,a=l.querySelectorAll('iframe[data-secret=\"'+t.secret+'\"]'),o=l.querySelectorAll('blockquote[data-secret=\"'+t.secret+'\"]'),c=new RegExp(\"^https?:$\",\"i\"),i=0;i<o.length;i++)o[i].style.display=\"none\";for(i=0;i<a.length;i++)s=a[i],e.source===s.contentWindow&&(s.removeAttribute(\"style\"),\"height\"===t.message?(1e3<(r=parseInt(t.value,10))?r=1e3:~~r<200&&(r=200),s.height=r):\"link\"===t.message&&(r=new URL(s.getAttribute(\"src\")),n=new URL(t.value),c.test(n.protocol))&&n.host===r.host&&l.activeElement===s&&(d.top.location.href=t.value))}},d.addEventListener(\"message\",d.wp.receiveEmbedMessage,!1),l.addEventListener(\"DOMContentLoaded\",function(){for(var e,t,s=l.querySelectorAll(\"iframe.wp-embedded-content\"),r=0;r<s.length;r++)(t=(e=s[r]).getAttribute(\"data-secret\"))||(t=Math.random().toString(36).substring(2,12),e.src+=\"#?secret=\"+t,e.setAttribute(\"data-secret\",t)),e.contentWindow.postMessage({message:\"ready\",secret:t},\"*\")},!1)))}(window,document);\n\/\/# sourceURL=https:\/\/stuttgarti-katolikusok.de\/wp-includes\/js\/wp-embed.min.js\n\/* ]]> *\/\n<\/script>\n","thumbnail_url":"https:\/\/stuttgarti-katolikusok.de\/wp-content\/uploads\/2021\/04\/corona-5174671-1280.jpg","thumbnail_width":1280,"thumbnail_height":853,"description":"\u00a0 \u00a0 \u00a0\u00c9rtes\u00edtem kedves h\u00edveimet, hogy erre a h\u00e9tv\u00e9gre tervezett szentmis\u00e9ink: p\u00e9ntek d\u00e9lut\u00e1n Stuttgartban, szombat d\u00e9lut\u00e1n Balingenben, vas\u00e1rnap d\u00e9lel\u0151tt Schw\u00e4bisch-Gm\u00fcndben, vas\u00e1rnap d\u00e9lben Stuttgartban, \u00a0a fert\u0151z\u00e9sek magas sz\u00e1ma miatt ELMARADNAK!!! \u00a0 \u00a0 \u00a0 2021. m\u00e1jus 2-\u00e1n, H\u00fasv\u00e9t 5. vas\u00e1rnapj\u00e1n 12.00 \u00f3rakor online szentmise lesz, amelyre szeretettel v\u00e1runk benneteket. \u00c9rtes\u00edts\u00e9tek bar\u00e1taitokat \u00e9s ismer\u0151seiteket, hogy min\u00e9l t\u00f6bben tudjunk legal\u00e1bb ilyen form\u00e1ban r\u00e9szt venni a vas\u00e1rnapi szentmis\u00e9n.\u00a0 A kialakult hagyom\u00e1nyt k\u00f6vetve, a szentmise keret\u00e9ben r\u00f6vid, az \u00e9desany\u00e1kat k\u00f6sz\u00f6nt\u0151 m\u0171sorral k\u00e9sz\u00fcl\u00fcnk. A szentmise el\u00e9rhet\u0151 lesz Egyh\u00e1zk\u00f6zs\u00e9g\u00fcnk honlapj\u00e1n, illetve facebook-os oldal\u00e1n. &nbsp; Bar\u00e1ts\u00e1ggal, Tibor atya (k\u00e9p forr\u00e1sa: pixabay.de)"}

Fontos közlemény!!! - Stuttgarti Katolikusok

<blockquote class="wp-embedded-content" data-secret="hEce8bvcc7"><a href="https://stuttgarti-katolikusok.de/index.php/fontos-kozlemeny/">Fontos közlemény!!!</a></blockquote><iframe sandbox="allow-scripts" security="restricted" src="https://stuttgarti-katolikusok.de/index.php/fontos-kozlemeny/embed/#?secret=hEce8bvcc7" width="600" height="338" title="&#8220;Fontos közlemény!!!&#8221; &#8212; Stuttgarti Katolikusok" data-secret="hEce8bvcc7" frameborder="0" marginwidth="0" marginheight="0" scrolling="no" class="wp-embedded-content"></iframe><script type="text/javascript">
/* <![CDATA[ */
/*! This file is auto-generated */
!function(d,l){"use strict";l.querySelector&&d.addEventListener&&"undefined"!=typeof URL&&(d.wp=d.wp||{},d.wp.receiveEmbedMessage||(d.wp.receiveEmbedMessage=function(e){var t=e.data;if((t||t.secret||t.message||t.value)&&!/[^a-zA-Z0-9]/.test(t.secret)){for(var s,r,n,a=l.querySelectorAll('iframe[data-secret="'+t.secret+'"]'),o=l.querySelectorAll('blockquote[data-secret="'+t.secret+'"]'),c=new RegExp("^https?:$","i"),i=0;i<o.length;i++)o[i].style.display="none";for(i=0;i<a.length;i++)s=a[i],e.source===s.contentWindow&&(s.removeAttribute("style"),"height"===t.message?(1e3<(r=parseInt(t.value,10))?r=1e3:~~r<200&&(r=200),s.height=r):"link"===t.message&&(r=new URL(s.getAttribute("src")),n=new URL(t.value),c.test(n.protocol))&&n.host===r.host&&l.activeElement===s&&(d.top.location.href=t.value))}},d.addEventListener("message",d.wp.receiveEmbedMessage,!1),l.addEventListener("DOMContentLoaded",function(){for(var e,t,s=l.querySelectorAll("iframe.wp-embedded-content"),r=0;r<s.length;r++)(t=(e=s[r]).getAttribute("data-secret"))||(t=Math.random().toString(36).substring(2,12),e.src+="#?secret="+t,e.setAttribute("data-secret",t)),e.contentWindow.postMessage({message:"ready",secret:t},"*")},!1)))}(window,document);
//# sourceURL=https://stuttgarti-katolikusok.de/wp-includes/js/wp-embed.min.js
/* ]]> */
</script>

Értesítem kedves híveimet, hogy erre a hétvégre tervezett szentmiséink: péntek délután Stuttgartban, szombat délután Balingenben, vasárnap délelőtt Schwäbisch-Gmündben, vasárnap délben Stuttgartban,  a fertőzések magas száma miatt ELMARADNAK!!!       2021. május 2-án, Húsvét 5. vasárnapján 12.00 órakor online szentmise lesz, amelyre szeretettel várunk benneteket. Értesítsétek barátaitokat és ismerőseiteket, hogy minél többen tudjunk legalább ilyen formában részt venni a vasárnapi szentmisén.  A kialakult hagyományt követve, a szentmise keretében rövid, az édesanyákat köszöntő műsorral készülünk. A szentmise elérhető lesz Egyházközségünk honlapján, illetve facebook-os oldalán. &nbsp; Barátsággal, Tibor atya (kép forrása: pixabay.de)
