{"version":"1.0","provider_name":"Stuttgarti Katolikusok","provider_url":"https:\/\/stuttgarti-katolikusok.de","title":"Febru\u00e1r 7 \u00e9s 13 k\u00f6z\u00f6tt - Stuttgarti Katolikusok","type":"rich","width":600,"height":338,"html":"<blockquote class=\"wp-embedded-content\" data-secret=\"aijgip0ZqM\"><a href=\"https:\/\/stuttgarti-katolikusok.de\/index.php\/februar-7-es-13-kozott\/\">Febru\u00e1r 7 \u00e9s 13 k\u00f6z\u00f6tt<\/a><\/blockquote><iframe sandbox=\"allow-scripts\" security=\"restricted\" src=\"https:\/\/stuttgarti-katolikusok.de\/index.php\/februar-7-es-13-kozott\/embed\/#?secret=aijgip0ZqM\" width=\"600\" height=\"338\" title=\"&#8220;Febru\u00e1r 7 \u00e9s 13 k\u00f6z\u00f6tt&#8221; &#8212; Stuttgarti Katolikusok\" data-secret=\"aijgip0ZqM\" frameborder=\"0\" marginwidth=\"0\" marginheight=\"0\" scrolling=\"no\" class=\"wp-embedded-content\"><\/iframe><script type=\"text\/javascript\">\n\/* <![CDATA[ *\/\n\/*! This file is auto-generated *\/\n!function(d,l){\"use strict\";l.querySelector&&d.addEventListener&&\"undefined\"!=typeof URL&&(d.wp=d.wp||{},d.wp.receiveEmbedMessage||(d.wp.receiveEmbedMessage=function(e){var t=e.data;if((t||t.secret||t.message||t.value)&&!\/[^a-zA-Z0-9]\/.test(t.secret)){for(var s,r,n,a=l.querySelectorAll('iframe[data-secret=\"'+t.secret+'\"]'),o=l.querySelectorAll('blockquote[data-secret=\"'+t.secret+'\"]'),c=new RegExp(\"^https?:$\",\"i\"),i=0;i<o.length;i++)o[i].style.display=\"none\";for(i=0;i<a.length;i++)s=a[i],e.source===s.contentWindow&&(s.removeAttribute(\"style\"),\"height\"===t.message?(1e3<(r=parseInt(t.value,10))?r=1e3:~~r<200&&(r=200),s.height=r):\"link\"===t.message&&(r=new URL(s.getAttribute(\"src\")),n=new URL(t.value),c.test(n.protocol))&&n.host===r.host&&l.activeElement===s&&(d.top.location.href=t.value))}},d.addEventListener(\"message\",d.wp.receiveEmbedMessage,!1),l.addEventListener(\"DOMContentLoaded\",function(){for(var e,t,s=l.querySelectorAll(\"iframe.wp-embedded-content\"),r=0;r<s.length;r++)(t=(e=s[r]).getAttribute(\"data-secret\"))||(t=Math.random().toString(36).substring(2,12),e.src+=\"#?secret=\"+t,e.setAttribute(\"data-secret\",t)),e.contentWindow.postMessage({message:\"ready\",secret:t},\"*\")},!1)))}(window,document);\n\/\/# sourceURL=https:\/\/stuttgarti-katolikusok.de\/wp-includes\/js\/wp-embed.min.js\n\/* ]]> *\/\n<\/script>\n","thumbnail_url":"https:\/\/stuttgarti-katolikusok.de\/wp-content\/uploads\/2021\/02\/kovek.jpg","thumbnail_width":1280,"thumbnail_height":955,"description":"Programel\u0151zetes \u00d6r\u00f6mmel \u00e9rtes\u00edt\u00fcnk benneteket, hogy 2022. febru\u00e1r 9-ei hat\u00e1llyal nincs m\u00e1r sz\u00fcks\u00e9g a jelenl\u00e9ti lista vezet\u00e9s\u00e9re \u00e9s \u0151rz\u00e9s\u00e9re.\u00a0 Szentmis\u00e9n tov\u00e1bbra is k\u00f6telez\u0151 az FFP2 maszk haszn\u00e1lata \u00e9s a megfelel\u0151 t\u00e1vols\u00e1g megtart\u00e1sa. A 6 \u00e9s 18 \u00e9v k\u00f6z\u00f6ttiek sz\u00e1m\u00e1ra m\u00e1s t\u00edpus\u00fa maszk haszn\u00e1lata enged\u00e9lyezett (orvosi maszk). Amint \u00fajabb fejlem\u00e9nyek \u00e9s rendelkez\u00e9sek l\u00e1tnak napvil\u00e1got, ism\u00e9telten jelentkez\u00fcnk.\u00a0 * Febru\u00e1r 11-\u00e9n, p\u00e9nteken, Stuttgarti d\u00e9lut\u00e1n, 18.00 \u00f3rakor szentmise, el\u0151tte r\u00f3zsaf\u00fcz\u00e9rt im\u00e1dkozunk. * Febru\u00e1r 12-\u00e9n, szombaton, Biberachban 16.30 \u00f3rakor\u00a0szentmise a Dreifaltigkeitskirche-ben (Mittelbergstrasse 29). \u00a0* Febru\u00e1r 13-\u00e1n, \u00c9vk\u00f6zi 6. vas\u00e1rnap, Weingartenben 11.00 \u00f3rakor szentmise a \u00a0Marienkirche-ben. Ulmban 15.00 \u00f3rakor szentmise. \u00a0* Minden helyen mindenkit szeretettel v\u00e1r a k\u00f6z\u00f6ss\u00e9g \u00e9s Tibor atya! * Bens\u0151s\u00e9ges \u00e9s kellemes farsangi napokat, j\u00f3 tal\u00e1lkoz\u00e1sokat \u00e9s sok \u00f6r\u00f6met k\u00edv\u00e1nok minden kedves H\u00edvemnek. * \u00a0\u201eA testi betegs\u00e9gekre ott vannak a gy\u00f3gyszerek, de a mag\u00e1nyt, k\u00e9ts\u00e9gbees\u00e9st \u00e9s rem\u00e9nytelens\u00e9get egyed\u00fcl a szeretet k\u00e9pes meggy\u00f3gy\u00edtani. Sokan vannak a vil\u00e1gban, akik egy darabka keny\u00e9rre \u00e9heznek, de m\u00e9g t\u00f6bben olyanok, akik csak egy kis szeretetre.\u201d (Kalkuttai Szent Ter\u00e9z, 1910 &#8211; 1997) (K\u00e9p forr\u00e1sa: pixabay.com)"}

Február 7 és 13 között - Stuttgarti Katolikusok

<blockquote class="wp-embedded-content" data-secret="aijgip0ZqM"><a href="https://stuttgarti-katolikusok.de/index.php/februar-7-es-13-kozott/">Február 7 és 13 között</a></blockquote><iframe sandbox="allow-scripts" security="restricted" src="https://stuttgarti-katolikusok.de/index.php/februar-7-es-13-kozott/embed/#?secret=aijgip0ZqM" width="600" height="338" title="&#8220;Február 7 és 13 között&#8221; &#8212; Stuttgarti Katolikusok" data-secret="aijgip0ZqM" frameborder="0" marginwidth="0" marginheight="0" scrolling="no" class="wp-embedded-content"></iframe><script type="text/javascript">
/* <![CDATA[ */
/*! This file is auto-generated */
!function(d,l){"use strict";l.querySelector&&d.addEventListener&&"undefined"!=typeof URL&&(d.wp=d.wp||{},d.wp.receiveEmbedMessage||(d.wp.receiveEmbedMessage=function(e){var t=e.data;if((t||t.secret||t.message||t.value)&&!/[^a-zA-Z0-9]/.test(t.secret)){for(var s,r,n,a=l.querySelectorAll('iframe[data-secret="'+t.secret+'"]'),o=l.querySelectorAll('blockquote[data-secret="'+t.secret+'"]'),c=new RegExp("^https?:$","i"),i=0;i<o.length;i++)o[i].style.display="none";for(i=0;i<a.length;i++)s=a[i],e.source===s.contentWindow&&(s.removeAttribute("style"),"height"===t.message?(1e3<(r=parseInt(t.value,10))?r=1e3:~~r<200&&(r=200),s.height=r):"link"===t.message&&(r=new URL(s.getAttribute("src")),n=new URL(t.value),c.test(n.protocol))&&n.host===r.host&&l.activeElement===s&&(d.top.location.href=t.value))}},d.addEventListener("message",d.wp.receiveEmbedMessage,!1),l.addEventListener("DOMContentLoaded",function(){for(var e,t,s=l.querySelectorAll("iframe.wp-embedded-content"),r=0;r<s.length;r++)(t=(e=s[r]).getAttribute("data-secret"))||(t=Math.random().toString(36).substring(2,12),e.src+="#?secret="+t,e.setAttribute("data-secret",t)),e.contentWindow.postMessage({message:"ready",secret:t},"*")},!1)))}(window,document);
//# sourceURL=https://stuttgarti-katolikusok.de/wp-includes/js/wp-embed.min.js
/* ]]> */
</script>

Programelőzetes Örömmel értesítünk benneteket, hogy 2022. február 9-ei hatállyal nincs már szükség a jelenléti lista vezetésére és őrzésére.  Szentmisén továbbra is kötelező az FFP2 maszk használata és a megfelelő távolság megtartása. A 6 és 18 év közöttiek számára más típusú maszk használata engedélyezett (orvosi maszk). Amint újabb fejlemények és rendelkezések látnak napvilágot, ismételten jelentkezünk.  * Február 11-én, pénteken, Stuttgarti délután, 18.00 órakor szentmise, előtte rózsafüzért imádkozunk. * Február 12-én, szombaton, Biberachban 16.30 órakor szentmise a Dreifaltigkeitskirche-ben (Mittelbergstrasse 29).  * Február 13-án, Évközi 6. vasárnap, Weingartenben 11.00 órakor szentmise a  Marienkirche-ben. Ulmban 15.00 órakor szentmise.  * Minden helyen mindenkit szeretettel vár a közösség és Tibor atya! * Bensőséges és kellemes farsangi napokat, jó találkozásokat és sok örömet kívánok minden kedves Hívemnek. *  „A testi betegségekre ott vannak a gyógyszerek, de a magányt, kétségbeesést és reménytelenséget egyedül a szeretet képes meggyógyítani. Sokan vannak a világban, akik egy darabka kenyérre éheznek, de még többen olyanok, akik csak egy kis szeretetre.” (Kalkuttai Szent Teréz, 1910 &#8211; 1997) (Kép forrása: pixabay.com)
