{"version":"1.0","provider_name":"Stuttgarti Katolikusok","provider_url":"https:\/\/stuttgarti-katolikusok.de","title":"\u00c9vk\u00f6zi id\u0151 - Stuttgarti Katolikusok","type":"rich","width":600,"height":338,"html":"<blockquote class=\"wp-embedded-content\" data-secret=\"aFBxpQn32C\"><a href=\"https:\/\/stuttgarti-katolikusok.de\/index.php\/evkozi-ido-2\/\">\u00c9vk\u00f6zi id\u0151<\/a><\/blockquote><iframe sandbox=\"allow-scripts\" security=\"restricted\" src=\"https:\/\/stuttgarti-katolikusok.de\/index.php\/evkozi-ido-2\/embed\/#?secret=aFBxpQn32C\" width=\"600\" height=\"338\" title=\"&#8220;\u00c9vk\u00f6zi id\u0151&#8221; &#8212; Stuttgarti Katolikusok\" data-secret=\"aFBxpQn32C\" frameborder=\"0\" marginwidth=\"0\" marginheight=\"0\" scrolling=\"no\" class=\"wp-embedded-content\"><\/iframe><script type=\"text\/javascript\">\n\/* <![CDATA[ *\/\n\/*! This file is auto-generated *\/\n!function(d,l){\"use strict\";l.querySelector&&d.addEventListener&&\"undefined\"!=typeof URL&&(d.wp=d.wp||{},d.wp.receiveEmbedMessage||(d.wp.receiveEmbedMessage=function(e){var t=e.data;if((t||t.secret||t.message||t.value)&&!\/[^a-zA-Z0-9]\/.test(t.secret)){for(var s,r,n,a=l.querySelectorAll('iframe[data-secret=\"'+t.secret+'\"]'),o=l.querySelectorAll('blockquote[data-secret=\"'+t.secret+'\"]'),c=new RegExp(\"^https?:$\",\"i\"),i=0;i<o.length;i++)o[i].style.display=\"none\";for(i=0;i<a.length;i++)s=a[i],e.source===s.contentWindow&&(s.removeAttribute(\"style\"),\"height\"===t.message?(1e3<(r=parseInt(t.value,10))?r=1e3:~~r<200&&(r=200),s.height=r):\"link\"===t.message&&(r=new URL(s.getAttribute(\"src\")),n=new URL(t.value),c.test(n.protocol))&&n.host===r.host&&l.activeElement===s&&(d.top.location.href=t.value))}},d.addEventListener(\"message\",d.wp.receiveEmbedMessage,!1),l.addEventListener(\"DOMContentLoaded\",function(){for(var e,t,s=l.querySelectorAll(\"iframe.wp-embedded-content\"),r=0;r<s.length;r++)(t=(e=s[r]).getAttribute(\"data-secret\"))||(t=Math.random().toString(36).substring(2,12),e.src+=\"#?secret=\"+t,e.setAttribute(\"data-secret\",t)),e.contentWindow.postMessage({message:\"ready\",secret:t},\"*\")},!1)))}(window,document);\n\/\/# sourceURL=https:\/\/stuttgarti-katolikusok.de\/wp-includes\/js\/wp-embed.min.js\n\/* ]]> *\/\n<\/script>\n","thumbnail_url":"https:\/\/stuttgarti-katolikusok.de\/wp-content\/uploads\/2019\/06\/evkozi-ido.jpg","thumbnail_width":500,"thumbnail_height":310,"description":"\u00c9VK\u00d6ZI ID\u0150 A h\u00fasv\u00e9t \u00fcnnep\u00e9nek tavaszi id\u0151pontj\u00e1t a zsid\u00f3 napt\u00e1rb\u00f3l \u00f6r\u00f6k\u00f6lt\u00fck, m\u00edg a kar\u00e1csony\u00e9 a t\u00e9li napfordul\u00f3hoz, valamint az ahhoz kapcsol\u00f3d\u00f3 pog\u00e1ny szok\u00e1sokhoz k\u00f6thet\u0151. A h\u00fasv\u00e9tot \u00e9s a kar\u00e1csonyt \u00f6vez\u0151 id\u0151szakok, \u00fcnnepek \u2013 nagyb\u00f6jt, h\u00fasv\u00e9ti id\u0151, mennybemenetel, p\u00fcnk\u00f6sd, valamint advent, kar\u00e1csonyi id\u0151, v\u00edzkereszt \u2013 fokozatosan alakultak ki, l\u00e9trehozva \u00edgy a majd sz\u00e1znapos h\u00fasv\u00e9ti \u00e9s a k\u00f6zel m\u00e1sf\u00e9l h\u00f3napon \u00e1t tart\u00f3 kar\u00e1csonyi \u00fcnnepk\u00f6rt. Az \u00e9v j\u00f3 r\u00e9sze, majdnem a fele \u00edgy e k\u00e9t nagy \u00fcnnep vonz\u00e1s\u00e1ban telik: a liturgia sz\u00f6vegei, az olvasott szent\u00edr\u00e1si szakaszok, a haszn\u00e1lt szimb\u00f3lumok, sz\u00ednek az adott id\u0151szak titk\u00e1t, l\u00fcktet\u00e9s\u00e9t k\u00f6vetik, fejezik ki. De mi t\u00f6rt\u00e9nik a k\u00f6ztes id\u0151kben? Egy naiv sv\u00e9d dalocska, amelyet n\u00e9pszer\u0171 kar\u00e1csonyi album\u00e1ban meg is zen\u00e9s\u00edtett a Kal\u00e1ka egy\u00fcttes, folyton \u00fcnnepelni v\u00e1gy\u00f3 gyermeki \u00e9n\u00fcnket hangos\u00edtja ki: Itt a kar\u00e1csony m\u00e1r, \u00e9s itt a kar\u00e1csony m\u00e1r, \u00e9s h\u00fasv\u00e9tig tart a kar\u00e1csony! Itt van a h\u00fasv\u00e9t m\u00e1r, \u00e9s itt van a h\u00fasv\u00e9t m\u00e1r, \u00e9s kar\u00e1csonyig tart a h\u00fasv\u00e9t! Pontosan tudjuk, \u00e9rezz\u00fck, hogy ha soha nem szedn\u00e9nk le a kar\u00e1csonyf\u00e1nkat, bizony megfakulna az \u00fcnnep var\u00e1zsa. Sz\u00fcks\u00e9g van a h\u00e9tk\u00f6znapokra, amelyek el\u00e9 nem felt\u00e9tlen\u00fcl kellene odabiggyeszten\u00fcnk a sz\u00fcrke jelz\u0151t, mintha csak az \u00e9let rendes menete nem tartogathatna sz\u00e1munkra semmi meglepet\u00e9st, csod\u00e1t. Urunk megkeresztelked\u00e9s\u00e9nek \u00fcnnepe ut\u00e1n a liturgia foly\u00f3ja visszat\u00e9r az \u00e9vk\u00f6zi id\u0151 nyugodt medr\u00e9be, \u00e9s m\u00e1rciusig, hamvaz\u00f3szerd\u00e1ig ebben h\u00f6mp\u00f6ly\u00f6g tov\u00e1bb. Az \u00e9vk\u00f6zi id\u0151 m\u00e1sik nagy szakasza p\u00fcnk\u00f6sdt\u0151l advent els\u0151 vas\u00e1rnapj\u00e1ig tart. Fontos tudnunk, hogy a liturgikus id\u0151sz\u00e1m\u00edt\u00e1s leg\u0151sibb alapritmusa az \u00e9vk\u00f6zi id\u0151\u00e9. Az apostoli kor kereszt\u00e9nyei \u2013 ha szabad ezt mondani \u2013 vas\u00e1rnapr\u00f3l vas\u00e1rnapra \u00e9ltek. A h\u00e9t els\u0151 napja az \u00dar napja \u2013 \u00edgy nevezt\u00e9k, amikor a megkereszteltek egybegy\u0171ltek, hogy meg\u00fcnnepelj\u00e9k Uruk, Krisztus felt\u00e1mad\u00e1s\u00e1t: meghallgass\u00e1k a r\u00f3la sz\u00f3l\u00f3 igehirdet\u00e9st, \u00e9s megt\u00f6rj\u00e9k a kenyeret (pl. ApCsel 20,7kk). Innen nevezt\u00e9k \u0151ket egyh\u00e1znak, az \u00f6sszegy\u0171jt\u00f6ttek pr\u00f3f\u00e9tai n\u00e9p\u00e9nek (l\u00e1sd a g\u00f6r\u00f6g\u00a0ekkl\u00e9szia, \u201eegyh\u00e1z\u201d sz\u00f3 eredeti jelent\u00e9s\u00e9t). Amikor az \u00e9vk\u00f6zi id\u0151ben vagyunk, nem m\u00e1sodrend\u0171... R\u00e9szletek"}

Évközi idő - Stuttgarti Katolikusok

<blockquote class="wp-embedded-content" data-secret="aFBxpQn32C"><a href="https://stuttgarti-katolikusok.de/index.php/evkozi-ido-2/">Évközi idő</a></blockquote><iframe sandbox="allow-scripts" security="restricted" src="https://stuttgarti-katolikusok.de/index.php/evkozi-ido-2/embed/#?secret=aFBxpQn32C" width="600" height="338" title="&#8220;Évközi idő&#8221; &#8212; Stuttgarti Katolikusok" data-secret="aFBxpQn32C" frameborder="0" marginwidth="0" marginheight="0" scrolling="no" class="wp-embedded-content"></iframe><script type="text/javascript">
/* <![CDATA[ */
/*! This file is auto-generated */
!function(d,l){"use strict";l.querySelector&&d.addEventListener&&"undefined"!=typeof URL&&(d.wp=d.wp||{},d.wp.receiveEmbedMessage||(d.wp.receiveEmbedMessage=function(e){var t=e.data;if((t||t.secret||t.message||t.value)&&!/[^a-zA-Z0-9]/.test(t.secret)){for(var s,r,n,a=l.querySelectorAll('iframe[data-secret="'+t.secret+'"]'),o=l.querySelectorAll('blockquote[data-secret="'+t.secret+'"]'),c=new RegExp("^https?:$","i"),i=0;i<o.length;i++)o[i].style.display="none";for(i=0;i<a.length;i++)s=a[i],e.source===s.contentWindow&&(s.removeAttribute("style"),"height"===t.message?(1e3<(r=parseInt(t.value,10))?r=1e3:~~r<200&&(r=200),s.height=r):"link"===t.message&&(r=new URL(s.getAttribute("src")),n=new URL(t.value),c.test(n.protocol))&&n.host===r.host&&l.activeElement===s&&(d.top.location.href=t.value))}},d.addEventListener("message",d.wp.receiveEmbedMessage,!1),l.addEventListener("DOMContentLoaded",function(){for(var e,t,s=l.querySelectorAll("iframe.wp-embedded-content"),r=0;r<s.length;r++)(t=(e=s[r]).getAttribute("data-secret"))||(t=Math.random().toString(36).substring(2,12),e.src+="#?secret="+t,e.setAttribute("data-secret",t)),e.contentWindow.postMessage({message:"ready",secret:t},"*")},!1)))}(window,document);
//# sourceURL=https://stuttgarti-katolikusok.de/wp-includes/js/wp-embed.min.js
/* ]]> */
</script>

ÉVKÖZI IDŐ A húsvét ünnepének tavaszi időpontját a zsidó naptárból örököltük, míg a karácsonyé a téli napfordulóhoz, valamint az ahhoz kapcsolódó pogány szokásokhoz köthető. A húsvétot és a karácsonyt övező időszakok, ünnepek – nagyböjt, húsvéti idő, mennybemenetel, pünkösd, valamint advent, karácsonyi idő, vízkereszt – fokozatosan alakultak ki, létrehozva így a majd száznapos húsvéti és a közel másfél hónapon át tartó karácsonyi ünnepkört. Az év jó része, majdnem a fele így e két nagy ünnep vonzásában telik: a liturgia szövegei, az olvasott szentírási szakaszok, a használt szimbólumok, színek az adott időszak titkát, lüktetését követik, fejezik ki. De mi történik a köztes időkben? Egy naiv svéd dalocska, amelyet népszerű karácsonyi albumában meg is zenésített a Kaláka együttes, folyton ünnepelni vágyó gyermeki énünket hangosítja ki: Itt a karácsony már, és itt a karácsony már, és húsvétig tart a karácsony! Itt van a húsvét már, és itt van a húsvét már, és karácsonyig tart a húsvét! Pontosan tudjuk, érezzük, hogy ha soha nem szednénk le a karácsonyfánkat, bizony megfakulna az ünnep varázsa. Szükség van a hétköznapokra, amelyek elé nem feltétlenül kellene odabiggyesztenünk a szürke jelzőt, mintha csak az élet rendes menete nem tartogathatna számunkra semmi meglepetést, csodát. Urunk megkeresztelkedésének ünnepe után a liturgia folyója visszatér az évközi idő nyugodt medrébe, és márciusig, hamvazószerdáig ebben hömpölyög tovább. Az évközi idő másik nagy szakasza pünkösdtől advent első vasárnapjáig tart. Fontos tudnunk, hogy a liturgikus időszámítás legősibb alapritmusa az évközi időé. Az apostoli kor keresztényei – ha szabad ezt mondani – vasárnapról vasárnapra éltek. A hét első napja az Úr napja – így nevezték, amikor a megkereszteltek egybegyűltek, hogy megünnepeljék Uruk, Krisztus feltámadását: meghallgassák a róla szóló igehirdetést, és megtörjék a kenyeret (pl. ApCsel 20,7kk). Innen nevezték őket egyháznak, az összegyűjtöttek prófétai népének (lásd a görög ekklészia, „egyház” szó eredeti jelentését). Amikor az évközi időben vagyunk, nem másodrendű... Részletek
