{"version":"1.0","provider_name":"Stuttgarti Katolikusok","provider_url":"https:\/\/stuttgarti-katolikusok.de","title":"\u00c9vk\u00f6zi 6. vas\u00e1rnap - A betegek vil\u00e1gnapja - Stuttgarti Katolikusok","type":"rich","width":600,"height":338,"html":"<blockquote class=\"wp-embedded-content\" data-secret=\"ftOiMVKMyl\"><a href=\"https:\/\/stuttgarti-katolikusok.de\/index.php\/evkozi-6-vasarnap-3\/\">\u00c9vk\u00f6zi 6. vas\u00e1rnap &#8211; A betegek vil\u00e1gnapja<\/a><\/blockquote><iframe sandbox=\"allow-scripts\" security=\"restricted\" src=\"https:\/\/stuttgarti-katolikusok.de\/index.php\/evkozi-6-vasarnap-3\/embed\/#?secret=ftOiMVKMyl\" width=\"600\" height=\"338\" title=\"&#8220;\u00c9vk\u00f6zi 6. vas\u00e1rnap &#8211; A betegek vil\u00e1gnapja&#8221; &#8212; Stuttgarti Katolikusok\" data-secret=\"ftOiMVKMyl\" frameborder=\"0\" marginwidth=\"0\" marginheight=\"0\" scrolling=\"no\" class=\"wp-embedded-content\"><\/iframe><script type=\"text\/javascript\">\n\/* <![CDATA[ *\/\n\/*! This file is auto-generated *\/\n!function(d,l){\"use strict\";l.querySelector&&d.addEventListener&&\"undefined\"!=typeof URL&&(d.wp=d.wp||{},d.wp.receiveEmbedMessage||(d.wp.receiveEmbedMessage=function(e){var t=e.data;if((t||t.secret||t.message||t.value)&&!\/[^a-zA-Z0-9]\/.test(t.secret)){for(var s,r,n,a=l.querySelectorAll('iframe[data-secret=\"'+t.secret+'\"]'),o=l.querySelectorAll('blockquote[data-secret=\"'+t.secret+'\"]'),c=new RegExp(\"^https?:$\",\"i\"),i=0;i<o.length;i++)o[i].style.display=\"none\";for(i=0;i<a.length;i++)s=a[i],e.source===s.contentWindow&&(s.removeAttribute(\"style\"),\"height\"===t.message?(1e3<(r=parseInt(t.value,10))?r=1e3:~~r<200&&(r=200),s.height=r):\"link\"===t.message&&(r=new URL(s.getAttribute(\"src\")),n=new URL(t.value),c.test(n.protocol))&&n.host===r.host&&l.activeElement===s&&(d.top.location.href=t.value))}},d.addEventListener(\"message\",d.wp.receiveEmbedMessage,!1),l.addEventListener(\"DOMContentLoaded\",function(){for(var e,t,s=l.querySelectorAll(\"iframe.wp-embedded-content\"),r=0;r<s.length;r++)(t=(e=s[r]).getAttribute(\"data-secret\"))||(t=Math.random().toString(36).substring(2,12),e.src+=\"#?secret=\"+t,e.setAttribute(\"data-secret\",t)),e.contentWindow.postMessage({message:\"ready\",secret:t},\"*\")},!1)))}(window,document);\n\/\/# sourceURL=https:\/\/stuttgarti-katolikusok.de\/wp-includes\/js\/wp-embed.min.js\n\/* ]]> *\/\n<\/script>\n","thumbnail_url":"https:\/\/stuttgarti-katolikusok.de\/wp-content\/uploads\/2024\/02\/visszaut-scaled.jpg","thumbnail_width":2560,"thumbnail_height":1142,"description":"\u00c9vk\u00f6zi 6. vas\u00e1rnapon a kijel\u00f6lt szent\u00edr\u00e1si szakaszok ism\u00e9telten sok gondolattal aj\u00e1nd\u00e9koznak meg benn\u00fcnket.\u00a0 A Levit\u00e1k k\u00f6nyv\u00e9b\u0151l elhangzott szakasz r\u00e9szletes le\u00edr\u00e1st tartalmaz, ahogyan abban a korban a lepra betegs\u00e9g\u00e9t kezelt\u00e9k. &#8222;Ameddig a betegs\u00e9ge tart, addig tiszt\u00e1talan, s mivel tiszt\u00e1talan, lakj\u00e9k elk\u00fcl\u00f6n\u00edtve, tart\u00f3zkodj\u00e9k a t\u00e1boron k\u00edv\u00fcl.\u201d Ezt nevezz\u00fck szegreg\u00e1ci\u00f3nak! &#8211; Mintha ma is ezt az utat k\u00f6vetn\u00e9nk&#8230; A szentlecke \u00fczenete is egy\u00e9rtelm\u0171 \u00e9s vil\u00e1gos: mindenben Isten dics\u0151s\u00e9g\u00e9t kell keresnem. Helytelen magatart\u00e1s, ha csup\u00e1n a magam elismer\u00e9s\u00e9t \u00e9s dics\u0151\u00edt\u00e9s\u00e9t akarom kiv\u00edvni m\u00e1sok r\u00e9sz\u00e9r\u0151l. Ez az \u00fat a botr\u00e1ny \u00fatja! A tartalom \u00e9s m\u00e9lys\u00e9g n\u00e9lk\u00fcli celebek \u00e9s influenszerek kor\u00e1nak nagy k\u00eds\u00e9rt\u00e9se ez. Az evang\u00e9liumi r\u00e9sz, melyet M\u00e1rk jegyez, azt mutatja meg, hogy J\u00e9zus mik\u00e9nt vezeti vissza a lepr\u00e1s embert az emberi t\u00e1rsadalomba. Nem m\u00e1s ez, mint integr\u00e1ci\u00f3. Ez az Egyh\u00e1z misszi\u00f3s k\u00fcldet\u00e9se. Testi \u00e9s lelki betegs\u00e9gben szenved\u0151 embert\u00e1rsaink sz\u00e1m\u00e1ra megmutatni a gy\u00f3gyul\u00e1s \u00fatj\u00e1t. Amennyiben m\u00e1r v\u00e9gig ment\u00e9l ezen az \u00faton, s ezt fel is v\u00e1llalod, val\u00f3ban hiteles a tan\u00fas\u00e1gt\u00e9teled.\u00a0 Kezd\u0151\u00e9nek: L\u00e9gy nekem oltalmaz\u00f3 Istenem \u00e9s mened\u00e9kh\u00e1zam, hogy megszabad\u00edts engem: mert er\u0151ss\u00e9gem \u00e9s mened\u00e9kem vagy te, neved\u00e9rt vez\u00e9relsz engem, \u00e9s gondomat viseled. (V\u00f6. Zsolt 30,3-4) K\u00f6ny\u00f6rg\u00e9s: Isten\u00fcnk, tan\u00edt\u00e1sodb\u00f3l tudjuk, hogy az \u0151szinte \u00e9s tiszta sz\u00edvekben akarsz \u00e9lni. K\u00e9r\u00fcnk, alak\u00edts \u00e1t minket kegyelmeddel, hogy m\u00e9lt\u00f3 hajl\u00e9kod legy\u00fcnk. A mi Urunk, J\u00e9zus Krisztus, a te Fiad \u00e1ltal, aki veled \u00e9l \u00e9s uralkodik a Szentl\u00e9lekkel egys\u00e9gben, Isten mind\u00f6r\u00f6kk\u00f6n \u00f6r\u00f6kk\u00e9. OLVASM\u00c1NY M\u00f3zes harmadik k\u00f6nyv\u00e9b\u0151l (Lev 13,1-2.44-46) Az \u00dar ezt mondta M\u00f3zesnek \u00e9s \u00c1ronnak: \u201eHa egy embernek a b\u0151r\u00e9n duzzad\u00e1s, ki\u00fct\u00e9s vagy f\u00e9nyl\u0151 folt keletkezik, b\u0151rlepr\u00e1ra lehet gyanakodni. Vezess\u00e9k \u00c1ron paphoz, vagy az \u0151 fiai k\u00f6z\u00fcl valamelyik paphoz. Az ilyen ember lepr\u00e1s \u00e9s tiszt\u00e1talan. A pap nyilv\u00e1n\u00edtsa tiszt\u00e1talannak, mivel lepr\u00e1ja van. A lepr\u00e1s, akit a betegs\u00e9g megt\u00e1madott, szaggassa meg ruh\u00e1j\u00e1t, a haj\u00e1t hordja kibontva, a szak\u00e1ll\u00e1t takarja be, \u00e9s kiab\u00e1ljon: \u00bbTiszt\u00e1talan, tiszt\u00e1talan!\u00ab Ameddig a betegs\u00e9ge tart, addig tiszt\u00e1talan, s mivel... R\u00e9szletek"}

Évközi 6. vasárnap - A betegek világnapja - Stuttgarti Katolikusok

<blockquote class="wp-embedded-content" data-secret="ftOiMVKMyl"><a href="https://stuttgarti-katolikusok.de/index.php/evkozi-6-vasarnap-3/">Évközi 6. vasárnap &#8211; A betegek világnapja</a></blockquote><iframe sandbox="allow-scripts" security="restricted" src="https://stuttgarti-katolikusok.de/index.php/evkozi-6-vasarnap-3/embed/#?secret=ftOiMVKMyl" width="600" height="338" title="&#8220;Évközi 6. vasárnap &#8211; A betegek világnapja&#8221; &#8212; Stuttgarti Katolikusok" data-secret="ftOiMVKMyl" frameborder="0" marginwidth="0" marginheight="0" scrolling="no" class="wp-embedded-content"></iframe><script type="text/javascript">
/* <![CDATA[ */
/*! This file is auto-generated */
!function(d,l){"use strict";l.querySelector&&d.addEventListener&&"undefined"!=typeof URL&&(d.wp=d.wp||{},d.wp.receiveEmbedMessage||(d.wp.receiveEmbedMessage=function(e){var t=e.data;if((t||t.secret||t.message||t.value)&&!/[^a-zA-Z0-9]/.test(t.secret)){for(var s,r,n,a=l.querySelectorAll('iframe[data-secret="'+t.secret+'"]'),o=l.querySelectorAll('blockquote[data-secret="'+t.secret+'"]'),c=new RegExp("^https?:$","i"),i=0;i<o.length;i++)o[i].style.display="none";for(i=0;i<a.length;i++)s=a[i],e.source===s.contentWindow&&(s.removeAttribute("style"),"height"===t.message?(1e3<(r=parseInt(t.value,10))?r=1e3:~~r<200&&(r=200),s.height=r):"link"===t.message&&(r=new URL(s.getAttribute("src")),n=new URL(t.value),c.test(n.protocol))&&n.host===r.host&&l.activeElement===s&&(d.top.location.href=t.value))}},d.addEventListener("message",d.wp.receiveEmbedMessage,!1),l.addEventListener("DOMContentLoaded",function(){for(var e,t,s=l.querySelectorAll("iframe.wp-embedded-content"),r=0;r<s.length;r++)(t=(e=s[r]).getAttribute("data-secret"))||(t=Math.random().toString(36).substring(2,12),e.src+="#?secret="+t,e.setAttribute("data-secret",t)),e.contentWindow.postMessage({message:"ready",secret:t},"*")},!1)))}(window,document);
//# sourceURL=https://stuttgarti-katolikusok.de/wp-includes/js/wp-embed.min.js
/* ]]> */
</script>

Évközi 6. vasárnapon a kijelölt szentírási szakaszok ismételten sok gondolattal ajándékoznak meg bennünket.  A Leviták könyvéből elhangzott szakasz részletes leírást tartalmaz, ahogyan abban a korban a lepra betegségét kezelték. &#8222;Ameddig a betegsége tart, addig tisztátalan, s mivel tisztátalan, lakjék elkülönítve, tartózkodjék a táboron kívül.” Ezt nevezzük szegregációnak! &#8211; Mintha ma is ezt az utat követnénk&#8230; A szentlecke üzenete is egyértelmű és világos: mindenben Isten dicsőségét kell keresnem. Helytelen magatartás, ha csupán a magam elismerését és dicsőítését akarom kivívni mások részéről. Ez az út a botrány útja! A tartalom és mélység nélküli celebek és influenszerek korának nagy kísértése ez. Az evangéliumi rész, melyet Márk jegyez, azt mutatja meg, hogy Jézus miként vezeti vissza a leprás embert az emberi társadalomba. Nem más ez, mint integráció. Ez az Egyház missziós küldetése. Testi és lelki betegségben szenvedő embertársaink számára megmutatni a gyógyulás útját. Amennyiben már végig mentél ezen az úton, s ezt fel is vállalod, valóban hiteles a tanúságtételed.  Kezdőének: Légy nekem oltalmazó Istenem és menedékházam, hogy megszabadíts engem: mert erősségem és menedékem vagy te, nevedért vezérelsz engem, és gondomat viseled. (Vö. Zsolt 30,3-4) Könyörgés: Istenünk, tanításodból tudjuk, hogy az őszinte és tiszta szívekben akarsz élni. Kérünk, alakíts át minket kegyelmeddel, hogy méltó hajlékod legyünk. A mi Urunk, Jézus Krisztus, a te Fiad által, aki veled él és uralkodik a Szentlélekkel egységben, Isten mindörökkön örökké. OLVASMÁNY Mózes harmadik könyvéből (Lev 13,1-2.44-46) Az Úr ezt mondta Mózesnek és Áronnak: „Ha egy embernek a bőrén duzzadás, kiütés vagy fénylő folt keletkezik, bőrleprára lehet gyanakodni. Vezessék Áron paphoz, vagy az ő fiai közül valamelyik paphoz. Az ilyen ember leprás és tisztátalan. A pap nyilvánítsa tisztátalannak, mivel leprája van. A leprás, akit a betegség megtámadott, szaggassa meg ruháját, a haját hordja kibontva, a szakállát takarja be, és kiabáljon: »Tisztátalan, tisztátalan!« Ameddig a betegsége tart, addig tisztátalan, s mivel... Részletek
