{"version":"1.0","provider_name":"Stuttgarti Katolikusok","provider_url":"https:\/\/stuttgarti-katolikusok.de","title":"\u00c9vk\u00f6zi 34. vas\u00e1rnap \u2013 Krisztus a Vil\u00e1gmindens\u00e9g Kir\u00e1lya - Stuttgarti Katolikusok","type":"rich","width":600,"height":338,"html":"<blockquote class=\"wp-embedded-content\" data-secret=\"XmacqWvppF\"><a href=\"https:\/\/stuttgarti-katolikusok.de\/index.php\/evkozi-34-vasarnap-krisztus-a-vilagmindenseg-kiralya\/\">\u00c9vk\u00f6zi 34. vas\u00e1rnap \u2013 Krisztus a Vil\u00e1gmindens\u00e9g Kir\u00e1lya<\/a><\/blockquote><iframe sandbox=\"allow-scripts\" security=\"restricted\" src=\"https:\/\/stuttgarti-katolikusok.de\/index.php\/evkozi-34-vasarnap-krisztus-a-vilagmindenseg-kiralya\/embed\/#?secret=XmacqWvppF\" width=\"600\" height=\"338\" title=\"&#8220;\u00c9vk\u00f6zi 34. vas\u00e1rnap \u2013 Krisztus a Vil\u00e1gmindens\u00e9g Kir\u00e1lya&#8221; &#8212; Stuttgarti Katolikusok\" data-secret=\"XmacqWvppF\" frameborder=\"0\" marginwidth=\"0\" marginheight=\"0\" scrolling=\"no\" class=\"wp-embedded-content\"><\/iframe><script type=\"text\/javascript\">\n\/* <![CDATA[ *\/\n\/*! This file is auto-generated *\/\n!function(d,l){\"use strict\";l.querySelector&&d.addEventListener&&\"undefined\"!=typeof URL&&(d.wp=d.wp||{},d.wp.receiveEmbedMessage||(d.wp.receiveEmbedMessage=function(e){var t=e.data;if((t||t.secret||t.message||t.value)&&!\/[^a-zA-Z0-9]\/.test(t.secret)){for(var s,r,n,a=l.querySelectorAll('iframe[data-secret=\"'+t.secret+'\"]'),o=l.querySelectorAll('blockquote[data-secret=\"'+t.secret+'\"]'),c=new RegExp(\"^https?:$\",\"i\"),i=0;i<o.length;i++)o[i].style.display=\"none\";for(i=0;i<a.length;i++)s=a[i],e.source===s.contentWindow&&(s.removeAttribute(\"style\"),\"height\"===t.message?(1e3<(r=parseInt(t.value,10))?r=1e3:~~r<200&&(r=200),s.height=r):\"link\"===t.message&&(r=new URL(s.getAttribute(\"src\")),n=new URL(t.value),c.test(n.protocol))&&n.host===r.host&&l.activeElement===s&&(d.top.location.href=t.value))}},d.addEventListener(\"message\",d.wp.receiveEmbedMessage,!1),l.addEventListener(\"DOMContentLoaded\",function(){for(var e,t,s=l.querySelectorAll(\"iframe.wp-embedded-content\"),r=0;r<s.length;r++)(t=(e=s[r]).getAttribute(\"data-secret\"))||(t=Math.random().toString(36).substring(2,12),e.src+=\"#?secret=\"+t,e.setAttribute(\"data-secret\",t)),e.contentWindow.postMessage({message:\"ready\",secret:t},\"*\")},!1)))}(window,document);\n\/\/# sourceURL=https:\/\/stuttgarti-katolikusok.de\/wp-includes\/js\/wp-embed.min.js\n\/* ]]> *\/\n<\/script>\n","thumbnail_url":"https:\/\/stuttgarti-katolikusok.de\/wp-content\/uploads\/2020\/11\/felelosseg.jpg","thumbnail_width":640,"thumbnail_height":452,"description":"Kezd\u0151\u00e9nek: M\u00e9lt\u00f3 a B\u00e1r\u00e1ny, akit meg\u00f6ltek, hogy \u00f6v\u00e9 legyen a hatalom, az isteni m\u00e9lt\u00f3s\u00e1g, a b\u00f6lcsess\u00e9g, az er\u0151 \u00e9s a tisztelet. \u00d6v\u00e9 a dics\u0151s\u00e9g \u00e9s a hatalom \u00f6r\u00f6kk\u00f6n \u00f6r\u00f6kk\u00e9! (Jel 5,12;1,6) K\u00f6ny\u00f6rg\u00e9s: Mindenhat\u00f3 Isten\u00fcnk, te \u00f6r\u00f6kt\u0151l fogva \u00fagy hat\u00e1rozt\u00e1l, hogy szeretett Fiadban, a mindens\u00e9g Kir\u00e1ly\u00e1ban meg\u00faj\u00edtasz mindent. Add, hogy az eg\u00e9sz teremtett vil\u00e1g megszabaduljon a b\u0171n szolgas\u00e1g\u00e1t\u00f3l, F\u00f6ls\u00e9gednek h\u00f3doljon, \u00e9s sz\u00fcntelen\u00fcl dics\u0151\u00edtsen t\u00e9ged. A mi Urunk, J\u00e9zus Krisztus, a te Fiad \u00e1ltal, aki veled \u00e9l \u00e9s uralkodik a Szentl\u00e9lekkel egys\u00e9gben, Isten mind\u00f6r\u00f6kk\u00f6n \u00f6r\u00f6kk\u00e9. OLVASM\u00c1NY Ezekiel pr\u00f3f\u00e9ta k\u00f6nyv\u00e9b\u0151l (Ez 34,11-12.15-17) Igazs\u00e1got teszek a juhok k\u00f6z\u00f6tt. Ezt mondja az \u00dar, az Isten: \u201e\u00cdme, magam keresem meg juhaimat, \u00e9s magam \u00fcgyelek r\u00e1juk. Amint a p\u00e1sztor szeml\u00e9t tart ny\u00e1ja f\u00f6l\u00f6tt, amikor elsz\u00e9ledt juhai k\u00f6z\u00f6tt van, \u00e9n is szeml\u00e9t tartok juhaim f\u00f6l\u00f6tt, amelyek azon a napon sz\u00e9tsz\u00f3r\u00f3dtak. Visszahozom \u0151ket minden\u00fcnnen, ahov\u00e1 a felh\u0151 \u00e9s a s\u00f6t\u00e9ts\u00e9g napj\u00e1n sz\u00e9tsz\u00f3r\u00f3dtak. Magam terelgetem majd juhaimat, \u00e9s magam telep\u00edtem le \u0151ket \u2013 mondja az \u00dar, az Isten. Megkeresem az elveszettet, visszaterelem az elsz\u00e9ledtet, bek\u00f6t\u00f6z\u00f6m a s\u00e9r\u00fcltet, \u00e1polom a beteget, a k\u00f6v\u00e9r \u00e9s eg\u00e9szs\u00e9ges f\u00f6l\u00f6tt pedig \u0151rk\u00f6d\u00f6m. Az igazs\u00e1g szerint legeltetem \u0151ket. Ami meg titeket illet, juhaim \u2013 mondja az \u00dar, az Isten \u2013, \u00edme, igazs\u00e1got teszek a juhok k\u00f6z\u00f6tt, a kosok \u00e9s a bakok k\u00f6z\u00f6tt.\u201d Ez az Isten ig\u00e9je. V\u00c1LASZOS ZSOLT\u00c1R (Zsolt 22,1-2a.2b-3.5-6) V\u00e1lasz:\u00a0Az\u00a0\u00dar\u00a0n\u00e9kem p\u00e1sztorom, * \u00edns\u00e9get\u00a0nem kell l\u00e1tnom.\u00a09. t\u00f3nus. El\u0151\u00e9nekes: Az\u00a0\u00dar\u00a0n\u00e9kem p\u00e1sztorom, * \u00edns\u00e9get\u00a0nem kell l\u00e1tnom. Z\u00f6ldell\u0151 mez\u0151k\u00f6n\u00a0terelget engem, * csendes vizekhez vezet, \u00e9s lelkemet\u00a0fel\u00fcd\u00edti. H\u00edvek:\u00a0Az\u00a0\u00dar\u00a0n\u00e9kem p\u00e1sztorom, * \u00edns\u00e9get\u00a0nem kell l\u00e1tnom. E: Az igazs\u00e1g \u00f6sv\u00e9ny\u00e9n\u00a0vezet engem, * ahogyan\u00a0\u0151\u00a0meg\u00edg\u00e9rte. H:\u00a0Az\u00a0\u00dar\u00a0n\u00e9kem p\u00e1sztorom, * \u00edns\u00e9get\u00a0nem kell l\u00e1tnom. E: Sz\u00e1momra asztalt\u00a0ter\u00edtett\u00e9l, * hogy \u00fcld\u00f6z\u0151imet\u00a0sz\u00e9gyen \u00e9rje. Fejemet megkented\u00a0olajoddal, * serlegemet csordultig\u00a0megt\u00f6lt\u00f6tted. H:\u00a0Az\u00a0\u00dar\u00a0n\u00e9kem p\u00e1sztorom, * \u00edns\u00e9get\u00a0nem kell l\u00e1tnom. E: J\u00f3s\u00e1god \u00e9s irgalmad\u00a0nyomon k\u00f6vet, * \u00e9letemnek\u00a0minden napj\u00e1n. Otthonom lesz\u00a0az\u00a0Isten h\u00e1za, * mind\u00f6r\u00f6kk\u00e9\u00a0sz\u00fcnet n\u00e9lk\u00fcl. H:\u00a0Az\u00a0\u00dar\u00a0n\u00e9kem p\u00e1sztorom, * \u00edns\u00e9get\u00a0nem kell l\u00e1tnom. SZENTLECKE Szent P\u00e1l apostolnak a korintusiakhoz... R\u00e9szletek"}

Évközi 34. vasárnap – Krisztus a Világmindenség Királya - Stuttgarti Katolikusok

<blockquote class="wp-embedded-content" data-secret="XmacqWvppF"><a href="https://stuttgarti-katolikusok.de/index.php/evkozi-34-vasarnap-krisztus-a-vilagmindenseg-kiralya/">Évközi 34. vasárnap – Krisztus a Világmindenség Királya</a></blockquote><iframe sandbox="allow-scripts" security="restricted" src="https://stuttgarti-katolikusok.de/index.php/evkozi-34-vasarnap-krisztus-a-vilagmindenseg-kiralya/embed/#?secret=XmacqWvppF" width="600" height="338" title="&#8220;Évközi 34. vasárnap – Krisztus a Világmindenség Királya&#8221; &#8212; Stuttgarti Katolikusok" data-secret="XmacqWvppF" frameborder="0" marginwidth="0" marginheight="0" scrolling="no" class="wp-embedded-content"></iframe><script type="text/javascript">
/* <![CDATA[ */
/*! This file is auto-generated */
!function(d,l){"use strict";l.querySelector&&d.addEventListener&&"undefined"!=typeof URL&&(d.wp=d.wp||{},d.wp.receiveEmbedMessage||(d.wp.receiveEmbedMessage=function(e){var t=e.data;if((t||t.secret||t.message||t.value)&&!/[^a-zA-Z0-9]/.test(t.secret)){for(var s,r,n,a=l.querySelectorAll('iframe[data-secret="'+t.secret+'"]'),o=l.querySelectorAll('blockquote[data-secret="'+t.secret+'"]'),c=new RegExp("^https?:$","i"),i=0;i<o.length;i++)o[i].style.display="none";for(i=0;i<a.length;i++)s=a[i],e.source===s.contentWindow&&(s.removeAttribute("style"),"height"===t.message?(1e3<(r=parseInt(t.value,10))?r=1e3:~~r<200&&(r=200),s.height=r):"link"===t.message&&(r=new URL(s.getAttribute("src")),n=new URL(t.value),c.test(n.protocol))&&n.host===r.host&&l.activeElement===s&&(d.top.location.href=t.value))}},d.addEventListener("message",d.wp.receiveEmbedMessage,!1),l.addEventListener("DOMContentLoaded",function(){for(var e,t,s=l.querySelectorAll("iframe.wp-embedded-content"),r=0;r<s.length;r++)(t=(e=s[r]).getAttribute("data-secret"))||(t=Math.random().toString(36).substring(2,12),e.src+="#?secret="+t,e.setAttribute("data-secret",t)),e.contentWindow.postMessage({message:"ready",secret:t},"*")},!1)))}(window,document);
//# sourceURL=https://stuttgarti-katolikusok.de/wp-includes/js/wp-embed.min.js
/* ]]> */
</script>

Kezdőének: Méltó a Bárány, akit megöltek, hogy övé legyen a hatalom, az isteni méltóság, a bölcsesség, az erő és a tisztelet. Övé a dicsőség és a hatalom örökkön örökké! (Jel 5,12;1,6) Könyörgés: Mindenható Istenünk, te öröktől fogva úgy határoztál, hogy szeretett Fiadban, a mindenség Királyában megújítasz mindent. Add, hogy az egész teremtett világ megszabaduljon a bűn szolgaságától, Fölségednek hódoljon, és szüntelenül dicsőítsen téged. A mi Urunk, Jézus Krisztus, a te Fiad által, aki veled él és uralkodik a Szentlélekkel egységben, Isten mindörökkön örökké. OLVASMÁNY Ezekiel próféta könyvéből (Ez 34,11-12.15-17) Igazságot teszek a juhok között. Ezt mondja az Úr, az Isten: „Íme, magam keresem meg juhaimat, és magam ügyelek rájuk. Amint a pásztor szemlét tart nyája fölött, amikor elszéledt juhai között van, én is szemlét tartok juhaim fölött, amelyek azon a napon szétszóródtak. Visszahozom őket mindenünnen, ahová a felhő és a sötétség napján szétszóródtak. Magam terelgetem majd juhaimat, és magam telepítem le őket – mondja az Úr, az Isten. Megkeresem az elveszettet, visszaterelem az elszéledtet, bekötözöm a sérültet, ápolom a beteget, a kövér és egészséges fölött pedig őrködöm. Az igazság szerint legeltetem őket. Ami meg titeket illet, juhaim – mondja az Úr, az Isten –, íme, igazságot teszek a juhok között, a kosok és a bakok között.” Ez az Isten igéje. VÁLASZOS ZSOLTÁR (Zsolt 22,1-2a.2b-3.5-6) Válasz: Az Úr nékem pásztorom, * ínséget nem kell látnom. 9. tónus. Előénekes: Az Úr nékem pásztorom, * ínséget nem kell látnom. Zöldellő mezőkön terelget engem, * csendes vizekhez vezet, és lelkemet felüdíti. Hívek: Az Úr nékem pásztorom, * ínséget nem kell látnom. E: Az igazság ösvényén vezet engem, * ahogyan ő megígérte. H: Az Úr nékem pásztorom, * ínséget nem kell látnom. E: Számomra asztalt terítettél, * hogy üldözőimet szégyen érje. Fejemet megkented olajoddal, * serlegemet csordultig megtöltötted. H: Az Úr nékem pásztorom, * ínséget nem kell látnom. E: Jóságod és irgalmad nyomon követ, * életemnek minden napján. Otthonom lesz az Isten háza, * mindörökké szünet nélkül. H: Az Úr nékem pásztorom, * ínséget nem kell látnom. SZENTLECKE Szent Pál apostolnak a korintusiakhoz... Részletek
