{"version":"1.0","provider_name":"Stuttgarti Katolikusok","provider_url":"https:\/\/stuttgarti-katolikusok.de","title":"\u00c9vk\u00f6zi 31. vas\u00e1rnap - Stuttgarti Katolikusok","type":"rich","width":600,"height":338,"html":"<blockquote class=\"wp-embedded-content\" data-secret=\"EFgpKY6QBf\"><a href=\"https:\/\/stuttgarti-katolikusok.de\/index.php\/evkozi-31-vasarnap\/\">\u00c9vk\u00f6zi 31. vas\u00e1rnap<\/a><\/blockquote><iframe sandbox=\"allow-scripts\" security=\"restricted\" src=\"https:\/\/stuttgarti-katolikusok.de\/index.php\/evkozi-31-vasarnap\/embed\/#?secret=EFgpKY6QBf\" width=\"600\" height=\"338\" title=\"&#8220;\u00c9vk\u00f6zi 31. vas\u00e1rnap&#8221; &#8212; Stuttgarti Katolikusok\" data-secret=\"EFgpKY6QBf\" frameborder=\"0\" marginwidth=\"0\" marginheight=\"0\" scrolling=\"no\" class=\"wp-embedded-content\"><\/iframe><script type=\"text\/javascript\">\n\/* <![CDATA[ *\/\n\/*! This file is auto-generated *\/\n!function(d,l){\"use strict\";l.querySelector&&d.addEventListener&&\"undefined\"!=typeof URL&&(d.wp=d.wp||{},d.wp.receiveEmbedMessage||(d.wp.receiveEmbedMessage=function(e){var t=e.data;if((t||t.secret||t.message||t.value)&&!\/[^a-zA-Z0-9]\/.test(t.secret)){for(var s,r,n,a=l.querySelectorAll('iframe[data-secret=\"'+t.secret+'\"]'),o=l.querySelectorAll('blockquote[data-secret=\"'+t.secret+'\"]'),c=new RegExp(\"^https?:$\",\"i\"),i=0;i<o.length;i++)o[i].style.display=\"none\";for(i=0;i<a.length;i++)s=a[i],e.source===s.contentWindow&&(s.removeAttribute(\"style\"),\"height\"===t.message?(1e3<(r=parseInt(t.value,10))?r=1e3:~~r<200&&(r=200),s.height=r):\"link\"===t.message&&(r=new URL(s.getAttribute(\"src\")),n=new URL(t.value),c.test(n.protocol))&&n.host===r.host&&l.activeElement===s&&(d.top.location.href=t.value))}},d.addEventListener(\"message\",d.wp.receiveEmbedMessage,!1),l.addEventListener(\"DOMContentLoaded\",function(){for(var e,t,s=l.querySelectorAll(\"iframe.wp-embedded-content\"),r=0;r<s.length;r++)(t=(e=s[r]).getAttribute(\"data-secret\"))||(t=Math.random().toString(36).substring(2,12),e.src+=\"#?secret=\"+t,e.setAttribute(\"data-secret\",t)),e.contentWindow.postMessage({message:\"ready\",secret:t},\"*\")},!1)))}(window,document);\n\/\/# sourceURL=https:\/\/stuttgarti-katolikusok.de\/wp-includes\/js\/wp-embed.min.js\n\/* ]]> *\/\n<\/script>\n","thumbnail_url":"https:\/\/stuttgarti-katolikusok.de\/wp-content\/uploads\/2021\/11\/osz.jpg","thumbnail_width":1280,"thumbnail_height":853,"description":"Olvasm\u00e1ny Malaki\u00e1s k\u00f6nyv\u00e9b\u0151l (Mal 1,14b &#8211; 2,2b.8-10) \u00c1tkozott a csal\u00e1rd ember, akinek van a ny\u00e1j\u00e1ban \u00e9p h\u00edm \u00e1llatja, \u00e9s ha fogadalmat tesz, gyenge \u00e1llatot mutat be \u00e1ldozatul az \u00darnak, noha nagy kir\u00e1ly vagyok \u00e9n, &#8212; mondja a Seregek Ura, &#8212; \u00e9s rettegik nevemet a nemzetek k\u00f6z\u00f6tt! Nos teh\u00e1t ez a parancs hozz\u00e1tok, papok: Ha nem akartok hallani \u00e9s nem akarj\u00e1tok megsz\u00edvlelni, hogy megadj\u00e1tok nevemnek a dics\u0151s\u00e9get, &#8212; mondja a Seregek Ura, &#8212; akkor \u00edns\u00e9get bocs\u00e1tok r\u00e1tok \u00e9s \u00e1tokk\u00e1 v\u00e1ltoztatom \u00e1ld\u00e1sotokat, &#8212; bizony, \u00e1tokk\u00e1 v\u00e1ltoztatom, mert nem sz\u00edvlelt\u00e9tek ezt meg! Ti azonban let\u00e9rtetek az \u00fatr\u00f3l \u00e9s sokakat megbotr\u00e1nkoztattatok tan\u00edt\u00e1sotokkal; megszegt\u00e9tek L\u00e9vi sz\u00f6vets\u00e9g\u00e9t, &#8212; mondja a Seregek Ura. &#8212; Ez\u00e9rt \u00e9n is megvet\u00e9sre m\u00e9lt\u00f3kk\u00e1 \u00e9s al\u00e1val\u00f3kk\u00e1 tettelek titeket az eg\u00e9sz n\u00e9p el\u0151tt, minthogy nem j\u00e1rtatok \u00fatjaimon \u00e9s szem\u00e9lyv\u00e1logat\u00f3k voltatok a t\u00f6rv\u00e9nykez\u00e9sben. Vajon nem egy aty\u00e1nk van-e valamennyi\u00fcnknek? Vajon nem egy Isten teremtett-e minket? Mi\u00e9rt veti meg teh\u00e1t egyik\u00fcnk a m\u00e1sik\u00e1t, megs\u00e9rtve aty\u00e1ink sz\u00f6vets\u00e9g\u00e9t? Zs 130 Zar\u00e1ndok-\u00e9nek. D\u00e1vidt\u00f3l. Uram, nem fuvalkodik fel sz\u00edvem, \u00e9s nem n\u00e9z magasra szemem, nem j\u00e1rok nagy dolgok ut\u00e1n, er\u0151met meghalad\u00f3 csod\u00e1k ut\u00e1n, hanem megnyugtattam \u00e9s elcs\u00f6ndes\u00edtettem lelkemet; mint a kis gyermek anyja \u00f6l\u00e9n, mint a kisgyermek, olyan most a lelkem. B\u00edzzon Izrael az \u00darban, most \u00e9s mind\u00f6r\u00f6kk\u00e9. Szentlecke Szent P\u00e1l apostolnak a Tesszaloniki h\u00edveknek \u00edrt els\u0151 level\u00e9b\u0151l (1Tessz 2,7b-9.13) B\u00e1r r\u00e1tok t\u00e1maszkodhattunk volna, mint Krisztus apostolai, m\u00e9gis \u00fagy voltunk k\u00f6ztetek, mint kicsinyek, \u00fagy, ahogyan a dajka gondozza a gyermekeit. Ragaszkodtunk hozz\u00e1tok, \u00e9s sz\u00edvesen nektek adtuk volna nemcsak Isten evang\u00e9lium\u00e1t, hanem \u00e9let\u00fcnket is, mert nagyon megkedvelt\u00fcnk titeket. Eml\u00e9keztek ugyanis, testv\u00e9rek, munk\u00e1nkra \u00e9s f\u00e1radoz\u00e1sunkra. \u00c9jjel-nappal dolgoztunk, \u00e9s \u00fagy hirdett\u00fck n\u00e1latok Isten evang\u00e9lium\u00e1t, hogy ne legy\u00fcnk k\u00f6z\u00fcletek senkinek sem a terh\u00e9re. Sz\u00fcntelen\u00fcl h\u00e1l\u00e1t adunk teh\u00e1t Istennek, hogy ti, akik Isten ig\u00e9j\u00e9nek hirdet\u00e9s\u00e9t t\u0151l\u00fcnk hallott\u00e1tok, azt nem \u00fagy fogadt\u00e1tok, mint emberek szav\u00e1t, hanem mint ami az val\u00f3j\u00e1ban: mint Isten ig\u00e9j\u00e9t, amely bennetek... R\u00e9szletek"}

Évközi 31. vasárnap - Stuttgarti Katolikusok

<blockquote class="wp-embedded-content" data-secret="EFgpKY6QBf"><a href="https://stuttgarti-katolikusok.de/index.php/evkozi-31-vasarnap/">Évközi 31. vasárnap</a></blockquote><iframe sandbox="allow-scripts" security="restricted" src="https://stuttgarti-katolikusok.de/index.php/evkozi-31-vasarnap/embed/#?secret=EFgpKY6QBf" width="600" height="338" title="&#8220;Évközi 31. vasárnap&#8221; &#8212; Stuttgarti Katolikusok" data-secret="EFgpKY6QBf" frameborder="0" marginwidth="0" marginheight="0" scrolling="no" class="wp-embedded-content"></iframe><script type="text/javascript">
/* <![CDATA[ */
/*! This file is auto-generated */
!function(d,l){"use strict";l.querySelector&&d.addEventListener&&"undefined"!=typeof URL&&(d.wp=d.wp||{},d.wp.receiveEmbedMessage||(d.wp.receiveEmbedMessage=function(e){var t=e.data;if((t||t.secret||t.message||t.value)&&!/[^a-zA-Z0-9]/.test(t.secret)){for(var s,r,n,a=l.querySelectorAll('iframe[data-secret="'+t.secret+'"]'),o=l.querySelectorAll('blockquote[data-secret="'+t.secret+'"]'),c=new RegExp("^https?:$","i"),i=0;i<o.length;i++)o[i].style.display="none";for(i=0;i<a.length;i++)s=a[i],e.source===s.contentWindow&&(s.removeAttribute("style"),"height"===t.message?(1e3<(r=parseInt(t.value,10))?r=1e3:~~r<200&&(r=200),s.height=r):"link"===t.message&&(r=new URL(s.getAttribute("src")),n=new URL(t.value),c.test(n.protocol))&&n.host===r.host&&l.activeElement===s&&(d.top.location.href=t.value))}},d.addEventListener("message",d.wp.receiveEmbedMessage,!1),l.addEventListener("DOMContentLoaded",function(){for(var e,t,s=l.querySelectorAll("iframe.wp-embedded-content"),r=0;r<s.length;r++)(t=(e=s[r]).getAttribute("data-secret"))||(t=Math.random().toString(36).substring(2,12),e.src+="#?secret="+t,e.setAttribute("data-secret",t)),e.contentWindow.postMessage({message:"ready",secret:t},"*")},!1)))}(window,document);
//# sourceURL=https://stuttgarti-katolikusok.de/wp-includes/js/wp-embed.min.js
/* ]]> */
</script>

Olvasmány Malakiás könyvéből (Mal 1,14b &#8211; 2,2b.8-10) Átkozott a csalárd ember, akinek van a nyájában ép hím állatja, és ha fogadalmat tesz, gyenge állatot mutat be áldozatul az Úrnak, noha nagy király vagyok én, &#8212; mondja a Seregek Ura, &#8212; és rettegik nevemet a nemzetek között! Nos tehát ez a parancs hozzátok, papok: Ha nem akartok hallani és nem akarjátok megszívlelni, hogy megadjátok nevemnek a dicsőséget, &#8212; mondja a Seregek Ura, &#8212; akkor ínséget bocsátok rátok és átokká változtatom áldásotokat, &#8212; bizony, átokká változtatom, mert nem szívleltétek ezt meg! Ti azonban letértetek az útról és sokakat megbotránkoztattatok tanításotokkal; megszegtétek Lévi szövetségét, &#8212; mondja a Seregek Ura. &#8212; Ezért én is megvetésre méltókká és alávalókká tettelek titeket az egész nép előtt, minthogy nem jártatok útjaimon és személyválogatók voltatok a törvénykezésben. Vajon nem egy atyánk van-e valamennyiünknek? Vajon nem egy Isten teremtett-e minket? Miért veti meg tehát egyikünk a másikát, megsértve atyáink szövetségét? Zs 130 Zarándok-ének. Dávidtól. Uram, nem fuvalkodik fel szívem, és nem néz magasra szemem, nem járok nagy dolgok után, erőmet meghaladó csodák után, hanem megnyugtattam és elcsöndesítettem lelkemet; mint a kis gyermek anyja ölén, mint a kisgyermek, olyan most a lelkem. Bízzon Izrael az Úrban, most és mindörökké. Szentlecke Szent Pál apostolnak a Tesszaloniki híveknek írt első leveléből (1Tessz 2,7b-9.13) Bár rátok támaszkodhattunk volna, mint Krisztus apostolai, mégis úgy voltunk köztetek, mint kicsinyek, úgy, ahogyan a dajka gondozza a gyermekeit. Ragaszkodtunk hozzátok, és szívesen nektek adtuk volna nemcsak Isten evangéliumát, hanem életünket is, mert nagyon megkedveltünk titeket. Emlékeztek ugyanis, testvérek, munkánkra és fáradozásunkra. Éjjel-nappal dolgoztunk, és úgy hirdettük nálatok Isten evangéliumát, hogy ne legyünk közületek senkinek sem a terhére. Szüntelenül hálát adunk tehát Istennek, hogy ti, akik Isten igéjének hirdetését tőlünk hallottátok, azt nem úgy fogadtátok, mint emberek szavát, hanem mint ami az valójában: mint Isten igéjét, amely bennetek... Részletek
