{"version":"1.0","provider_name":"Stuttgarti Katolikusok","provider_url":"https:\/\/stuttgarti-katolikusok.de","title":"\u00c9vk\u00f6zi 30. \u00e9s 31. vas\u00e1rnap - Stuttgarti Katolikusok","type":"rich","width":600,"height":338,"html":"<blockquote class=\"wp-embedded-content\" data-secret=\"1TstDpLQBO\"><a href=\"https:\/\/stuttgarti-katolikusok.de\/index.php\/evkozi-30-es-31-vasarnap\/\">\u00c9vk\u00f6zi 30. \u00e9s 31. vas\u00e1rnap<\/a><\/blockquote><iframe sandbox=\"allow-scripts\" security=\"restricted\" src=\"https:\/\/stuttgarti-katolikusok.de\/index.php\/evkozi-30-es-31-vasarnap\/embed\/#?secret=1TstDpLQBO\" width=\"600\" height=\"338\" title=\"&#8220;\u00c9vk\u00f6zi 30. \u00e9s 31. vas\u00e1rnap&#8221; &#8212; Stuttgarti Katolikusok\" data-secret=\"1TstDpLQBO\" frameborder=\"0\" marginwidth=\"0\" marginheight=\"0\" scrolling=\"no\" class=\"wp-embedded-content\"><\/iframe><script type=\"text\/javascript\">\n\/* <![CDATA[ *\/\n\/*! This file is auto-generated *\/\n!function(d,l){\"use strict\";l.querySelector&&d.addEventListener&&\"undefined\"!=typeof URL&&(d.wp=d.wp||{},d.wp.receiveEmbedMessage||(d.wp.receiveEmbedMessage=function(e){var t=e.data;if((t||t.secret||t.message||t.value)&&!\/[^a-zA-Z0-9]\/.test(t.secret)){for(var s,r,n,a=l.querySelectorAll('iframe[data-secret=\"'+t.secret+'\"]'),o=l.querySelectorAll('blockquote[data-secret=\"'+t.secret+'\"]'),c=new RegExp(\"^https?:$\",\"i\"),i=0;i<o.length;i++)o[i].style.display=\"none\";for(i=0;i<a.length;i++)s=a[i],e.source===s.contentWindow&&(s.removeAttribute(\"style\"),\"height\"===t.message?(1e3<(r=parseInt(t.value,10))?r=1e3:~~r<200&&(r=200),s.height=r):\"link\"===t.message&&(r=new URL(s.getAttribute(\"src\")),n=new URL(t.value),c.test(n.protocol))&&n.host===r.host&&l.activeElement===s&&(d.top.location.href=t.value))}},d.addEventListener(\"message\",d.wp.receiveEmbedMessage,!1),l.addEventListener(\"DOMContentLoaded\",function(){for(var e,t,s=l.querySelectorAll(\"iframe.wp-embedded-content\"),r=0;r<s.length;r++)(t=(e=s[r]).getAttribute(\"data-secret\"))||(t=Math.random().toString(36).substring(2,12),e.src+=\"#?secret=\"+t,e.setAttribute(\"data-secret\",t)),e.contentWindow.postMessage({message:\"ready\",secret:t},\"*\")},!1)))}(window,document);\n\/\/# sourceURL=https:\/\/stuttgarti-katolikusok.de\/wp-includes\/js\/wp-embed.min.js\n\/* ]]> *\/\n<\/script>\n","description":"2018. okt\u00f3ber 28. \u00c9VK\u00d6ZI 30. VAS\u00c1RNAP Azt l\u00e1tjuk, hogy \u201eaz istentelenek rem\u00e9nye olyan, mint a sz\u00e9l forgatta pelyva, mint a k\u00f6nny\u0171 hab, amelyet a vihar kerget, mint a f\u00fcst, amelyet eloszlat a sz\u00e9l, mint a vend\u00e9g eml\u00e9ke, aki csak egy napig maradt\u201d (V\u00f6. B\u00f6lcs 5, 14\u201315). Micsoda k\u00f6lt\u0151i kifejez\u00e9se az emberi rem\u00e9nytelens\u00e9gnek, elhagyatotts\u00e1gnak! Milyen\u00a0 vigasztal\u00f3, hogy az igazaknak gondj\u00e1t viseli a Magass\u00e1gbeli. Mi is mindig \u0151benne b\u00edzzunk! OLVASM\u00c1NY\u00a0\u00a0\u00a0\u00a0\u00a0\u00a0\u00a0\u00a0\u00a0\u00a0\u00a0\u00a0\u00a0\u00a0\u00a0\u00a0\u00a0\u00a0\u00a0\u00a0\u00a0\u00a0\u00a0\u00a0\u00a0\u00a0\u00a0\u00a0\u00a0\u00a0\u00a0\u00a0\u00a0\u00a0\u00a0\u00a0\u00a0\u00a0\u00a0\u00a0\u00a0\u00a0\u00a0\u00a0\u00a0\u00a0\u00a0\u00a0\u00a0\u00a0\u00a0\u00a0\u00a0\u00a0\u00a0\u00a0\u00a0 Jer 31, 7\u20139 Az Olvasm\u00e1ny megcsillantja el\u0151tt\u00fcnk Isten atyai szeretet\u00e9t! Megb\u00fcntette ugyan n\u00e9p\u00e9t, de ezzel is a jav\u00e1t akarta, hogy megt\u00e9rjen \u00e9s \u00e9ljen. Majd \u00f6sszegy\u0171jti \u00e9s haza vezeti \u0151ket a fogs\u00e1gb\u00f3l, hogy \u00f6r\u00f6kk\u00e9 \u00e1ldj\u00e1k az \u0151 irgalm\u00e1t. V\u00c1LASZOS ZSOLT\u00c1R\u00a0\u00a0\u00a0\u00a0\u00a0\u00a0\u00a0\u00a0 \u00a0\u00a0\u00a0\u00a0\u00a0\u00a0\u00a0\u00a0\u00a0\u00a0\u00a0\u00a0\u00a0\u00a0\u00a0\u00a0\u00a0\u00a0\u00a0\u00a0\u00a0\u00a0\u00a0\u00a0\u00a0\u00a0\u00a0\u00a0125. Zsolt\u00e1r V\u00e1lasz: Hatalmas dolgot m\u0171velt az \u00dar v\u00e9l\u00fcnk, * \u00a0\u00a0\u00a0\u00a0\u00a0\u00a0\u00a0\u00a0\u00a0\u00a0\u00a0\u00a0\u00a0 az\u00e9rt sz\u00edvb\u0151l ujjongunk. SZENTLECKE\u00a0 \u00a0\u00a0\u00a0\u00a0\u00a0\u00a0\u00a0\u00a0\u00a0\u00a0\u00a0\u00a0\u00a0\u00a0\u00a0\u00a0\u00a0\u00a0\u00a0\u00a0\u00a0\u00a0\u00a0\u00a0\u00a0\u00a0\u00a0\u00a0\u00a0\u00a0\u00a0\u00a0\u00a0\u00a0\u00a0\u00a0\u00a0\u00a0\u00a0\u00a0\u00a0\u00a0\u00a0\u00a0\u00a0\u00a0\u00a0\u00a0\u00a0\u00a0Zsid 5, 1\u20136 J\u00e9zus, a mi \u00f6r\u00f6k F\u0151papunk, meg\u00e9rt\u0151 tud lenni az emberek ir\u00e1nt. Ezt v\u00e1rja el papjait\u00f3l is. Hiszen az\u00e9rt v\u00e1lasztotta ki \u0151ket az emberek k\u00f6z\u00fcl, hogy Isten el\u0151tt k\u00e9pviselj\u00e9k embert\u00e1rsaikat. ALLELUJA\u00a0 \u00a0\u00a0\u00a0\u00a0\u00a0\u00a0\u00a0\u00a0\u00a0\u00a0\u00a0\u00a0\u00a0\u00a0\u00a0\u00a0\u00a0\u00a0\u00a0\u00a0\u00a0\u00a0\u00a0\u00a0\u00a0\u00a0\u00a0\u00a0\u00a0\u00a0\u00a0\u00a0\u00a0\u00a0\u00a0\u00a0\u00a0\u00a0\u00a0\u00a0\u00a0\u00a0\u00a0\u00a0\u00a0\u00a0\u00a0\u00a0\u00a0\u00a0\u00a0\u00a0\u00a0\u00a0\u00a0\u00a0\u00a0\u00a0\u00a0\u00a0\u00a0\u00a02 Tim 1, 10 \u00dcdv\u00f6z\u00edt\u0151nk, J\u00e9zus Krisztus gy\u0151z\u00f6tt a hal\u00e1lon, * \u00e9s az evang\u00e9liumban f\u00f6lragyogtatta az \u00f6r\u00f6k \u00e9letet. EVANG\u00c9LIUM\u00a0\u00a0\u00a0\u00a0\u00a0\u00a0\u00a0\u00a0\u00a0\u00a0\u00a0\u00a0\u00a0\u00a0\u00a0\u00a0\u00a0\u00a0\u00a0\u00a0\u00a0\u00a0\u00a0\u00a0\u00a0\u00a0\u00a0\u00a0\u00a0\u00a0\u00a0\u00a0\u00a0\u00a0\u00a0\u00a0\u00a0\u00a0\u00a0\u00a0\u00a0\u00a0\u00a0\u00a0\u00a0 Mk 10, 46\u201352 J\u00e9zus a jerik\u00f3i vaknak nemcsak a testi, hanem a lelki vaks\u00e1g\u00e1t is meggy\u00f3gy\u00edtotta. K\u00e9rj\u00fck J\u00e9zust, \u00f3vjon meg minket a lelki vaks\u00e1gt\u00f3l. R\u00d6VID FOH\u00c1SZOK Add, Urunk, hogy Egyh\u00e1zad az evang\u00e9lium hirdet\u00e9s\u00e9vel \u00e9s a kegyelem eszk\u00f6zeivel orvosoljon minden lelki nyomor\u00fas\u00e1got! * Add, hogy a kutat\u00f3k \u00e9s a feltal\u00e1l\u00f3k a tudom\u00e1ny v\u00edvm\u00e1nyait az emberis\u00e9g jav\u00e1ra haszn\u00e1lj\u00e1k! * Gy\u00f3gy\u00edtsd meg a lelki vaks\u00e1gban szenved\u0151ket, hogy megl\u00e1ss\u00e1k az igaz tan\u00edt\u00e1s f\u00e9ny\u00e9t! * Ragyogtasd fel meghalt h\u00edveidnek az \u00f6r\u00f6k vil\u00e1goss\u00e1g f\u00e9nyess\u00e9g\u00e9t! AZ EUCHARISZTI\u00c1HOZ A hit \u00e9s a kereszts\u00e9g \u00e1ltal az \u00dar megnyitotta a mi szem\u00fcnket is. Uram, add, hogy mindig felismerj\u00fcnk t\u00e9ged a keny\u00e9r \u00e9s a bor sz\u00edn\u00e9ben! Boldogan \u00e9lj\u00fck \u00e1t, hogy mindig vel\u00fcnk vagy! A PAPS\u00c1G VAS\u00c1RNAPJA A paps\u00e1g \u00e9s a h\u00edvek m\u00e1s-m\u00e1s adom\u00e1nyokkal, k\u00fcl\u00f6nb\u00f6z\u0151 m\u00f3don, de egym\u00e1sra... R\u00e9szletek"}

Évközi 30. és 31. vasárnap - Stuttgarti Katolikusok

<blockquote class="wp-embedded-content" data-secret="1TstDpLQBO"><a href="https://stuttgarti-katolikusok.de/index.php/evkozi-30-es-31-vasarnap/">Évközi 30. és 31. vasárnap</a></blockquote><iframe sandbox="allow-scripts" security="restricted" src="https://stuttgarti-katolikusok.de/index.php/evkozi-30-es-31-vasarnap/embed/#?secret=1TstDpLQBO" width="600" height="338" title="&#8220;Évközi 30. és 31. vasárnap&#8221; &#8212; Stuttgarti Katolikusok" data-secret="1TstDpLQBO" frameborder="0" marginwidth="0" marginheight="0" scrolling="no" class="wp-embedded-content"></iframe><script type="text/javascript">
/* <![CDATA[ */
/*! This file is auto-generated */
!function(d,l){"use strict";l.querySelector&&d.addEventListener&&"undefined"!=typeof URL&&(d.wp=d.wp||{},d.wp.receiveEmbedMessage||(d.wp.receiveEmbedMessage=function(e){var t=e.data;if((t||t.secret||t.message||t.value)&&!/[^a-zA-Z0-9]/.test(t.secret)){for(var s,r,n,a=l.querySelectorAll('iframe[data-secret="'+t.secret+'"]'),o=l.querySelectorAll('blockquote[data-secret="'+t.secret+'"]'),c=new RegExp("^https?:$","i"),i=0;i<o.length;i++)o[i].style.display="none";for(i=0;i<a.length;i++)s=a[i],e.source===s.contentWindow&&(s.removeAttribute("style"),"height"===t.message?(1e3<(r=parseInt(t.value,10))?r=1e3:~~r<200&&(r=200),s.height=r):"link"===t.message&&(r=new URL(s.getAttribute("src")),n=new URL(t.value),c.test(n.protocol))&&n.host===r.host&&l.activeElement===s&&(d.top.location.href=t.value))}},d.addEventListener("message",d.wp.receiveEmbedMessage,!1),l.addEventListener("DOMContentLoaded",function(){for(var e,t,s=l.querySelectorAll("iframe.wp-embedded-content"),r=0;r<s.length;r++)(t=(e=s[r]).getAttribute("data-secret"))||(t=Math.random().toString(36).substring(2,12),e.src+="#?secret="+t,e.setAttribute("data-secret",t)),e.contentWindow.postMessage({message:"ready",secret:t},"*")},!1)))}(window,document);
//# sourceURL=https://stuttgarti-katolikusok.de/wp-includes/js/wp-embed.min.js
/* ]]> */
</script>

2018. október 28. ÉVKÖZI 30. VASÁRNAP Azt látjuk, hogy „az istentelenek reménye olyan, mint a szél forgatta pelyva, mint a könnyű hab, amelyet a vihar kerget, mint a füst, amelyet eloszlat a szél, mint a vendég emléke, aki csak egy napig maradt” (Vö. Bölcs 5, 14–15). Micsoda költői kifejezése az emberi reménytelenségnek, elhagyatottságnak! Milyen  vigasztaló, hogy az igazaknak gondját viseli a Magasságbeli. Mi is mindig őbenne bízzunk! OLVASMÁNY                                                          Jer 31, 7–9 Az Olvasmány megcsillantja előttünk Isten atyai szeretetét! Megbüntette ugyan népét, de ezzel is a javát akarta, hogy megtérjen és éljen. Majd összegyűjti és haza vezeti őket a fogságból, hogy örökké áldják az ő irgalmát. VÁLASZOS ZSOLTÁR                                     125. Zsoltár Válasz: Hatalmas dolgot művelt az Úr vélünk, *               azért szívből ujjongunk. SZENTLECKE                                                    Zsid 5, 1–6 Jézus, a mi örök Főpapunk, megértő tud lenni az emberek iránt. Ezt várja el papjaitól is. Hiszen azért választotta ki őket az emberek közül, hogy Isten előtt képviseljék embertársaikat. ALLELUJA                                                                2 Tim 1, 10 Üdvözítőnk, Jézus Krisztus győzött a halálon, * és az evangéliumban fölragyogtatta az örök életet. EVANGÉLIUM                                              Mk 10, 46–52 Jézus a jerikói vaknak nemcsak a testi, hanem a lelki vakságát is meggyógyította. Kérjük Jézust, óvjon meg minket a lelki vakságtól. RÖVID FOHÁSZOK Add, Urunk, hogy Egyházad az evangélium hirdetésével és a kegyelem eszközeivel orvosoljon minden lelki nyomorúságot! * Add, hogy a kutatók és a feltalálók a tudomány vívmányait az emberiség javára használják! * Gyógyítsd meg a lelki vakságban szenvedőket, hogy meglássák az igaz tanítás fényét! * Ragyogtasd fel meghalt híveidnek az örök világosság fényességét! AZ EUCHARISZTIÁHOZ A hit és a keresztség által az Úr megnyitotta a mi szemünket is. Uram, add, hogy mindig felismerjünk téged a kenyér és a bor színében! Boldogan éljük át, hogy mindig velünk vagy! A PAPSÁG VASÁRNAPJA A papság és a hívek más-más adományokkal, különböző módon, de egymásra... Részletek
