{"version":"1.0","provider_name":"Stuttgarti Katolikusok","provider_url":"https:\/\/stuttgarti-katolikusok.de","title":"\u00c9vk\u00f6zi 29. vas\u00e1rnap \u2013 Misszi\u00f3s vas\u00e1rnap - Stuttgarti Katolikusok","type":"rich","width":600,"height":338,"html":"<blockquote class=\"wp-embedded-content\" data-secret=\"GC72NjVnWW\"><a href=\"https:\/\/stuttgarti-katolikusok.de\/index.php\/evkozi-29-vasarnap-misszios-vasarnap-2\/\">\u00c9vk\u00f6zi 29. vas\u00e1rnap \u2013 Misszi\u00f3s vas\u00e1rnap<\/a><\/blockquote><iframe sandbox=\"allow-scripts\" security=\"restricted\" src=\"https:\/\/stuttgarti-katolikusok.de\/index.php\/evkozi-29-vasarnap-misszios-vasarnap-2\/embed\/#?secret=GC72NjVnWW\" width=\"600\" height=\"338\" title=\"&#8220;\u00c9vk\u00f6zi 29. vas\u00e1rnap \u2013 Misszi\u00f3s vas\u00e1rnap&#8221; &#8212; Stuttgarti Katolikusok\" data-secret=\"GC72NjVnWW\" frameborder=\"0\" marginwidth=\"0\" marginheight=\"0\" scrolling=\"no\" class=\"wp-embedded-content\"><\/iframe><script type=\"text\/javascript\">\n\/* <![CDATA[ *\/\n\/*! This file is auto-generated *\/\n!function(d,l){\"use strict\";l.querySelector&&d.addEventListener&&\"undefined\"!=typeof URL&&(d.wp=d.wp||{},d.wp.receiveEmbedMessage||(d.wp.receiveEmbedMessage=function(e){var t=e.data;if((t||t.secret||t.message||t.value)&&!\/[^a-zA-Z0-9]\/.test(t.secret)){for(var s,r,n,a=l.querySelectorAll('iframe[data-secret=\"'+t.secret+'\"]'),o=l.querySelectorAll('blockquote[data-secret=\"'+t.secret+'\"]'),c=new RegExp(\"^https?:$\",\"i\"),i=0;i<o.length;i++)o[i].style.display=\"none\";for(i=0;i<a.length;i++)s=a[i],e.source===s.contentWindow&&(s.removeAttribute(\"style\"),\"height\"===t.message?(1e3<(r=parseInt(t.value,10))?r=1e3:~~r<200&&(r=200),s.height=r):\"link\"===t.message&&(r=new URL(s.getAttribute(\"src\")),n=new URL(t.value),c.test(n.protocol))&&n.host===r.host&&l.activeElement===s&&(d.top.location.href=t.value))}},d.addEventListener(\"message\",d.wp.receiveEmbedMessage,!1),l.addEventListener(\"DOMContentLoaded\",function(){for(var e,t,s=l.querySelectorAll(\"iframe.wp-embedded-content\"),r=0;r<s.length;r++)(t=(e=s[r]).getAttribute(\"data-secret\"))||(t=Math.random().toString(36).substring(2,12),e.src+=\"#?secret=\"+t,e.setAttribute(\"data-secret\",t)),e.contentWindow.postMessage({message:\"ready\",secret:t},\"*\")},!1)))}(window,document);\n\/\/# sourceURL=https:\/\/stuttgarti-katolikusok.de\/wp-includes\/js\/wp-embed.min.js\n\/* ]]> *\/\n<\/script>\n","thumbnail_url":"https:\/\/stuttgarti-katolikusok.de\/wp-content\/uploads\/2020\/10\/szi-levelek.jpg","thumbnail_width":640,"thumbnail_height":426,"description":"Az embert a teremt\u00e9s koron\u00e1j\u00e1nak nevezz\u00fck, mert \u00e9rtelm\u00e9vel k\u00e9pes felismerni a teremtett vil\u00e1g rendj\u00e9t, t\u00f6rv\u00e9nyeit \u00e9s sz\u00e9ps\u00e9g\u00e9t. Mindez\u00e9rt pedig, mint a teremtett vil\u00e1g k\u00e9pvisel\u0151je \u00e9s \u0151rz\u0151je, h\u00e1l\u00e1t tud adni Istennek: im\u00e1dkozik hozz\u00e1 \u00e9s dics\u0151\u00edti \u0150t. Misszi\u00f3s vas\u00e1rnap van ma. Ennek alapvet\u0151 \u00fczenete, hogy kereszt\u00e9ny emberk\u00e9nt mindannyiunk egy\u00e9ni feladata Krisztus \u00f6r\u00f6mh\u00edr\u00e9nek tov\u00e1bbad\u00e1sa. Erre a kereszts\u00e9g szents\u00e9g\u00e9ben kaptunk \u00e1ltal\u00e1nos felhatalmaz\u00e1st. Az olvasm\u00e1ny a kitart\u00f3 \u00e9s \u00e1llhatatos im\u00e1ds\u00e1g erej\u00e9r\u0151l sz\u00f3l. A h\u00edv\u0151 ember nemcsak a maga erej\u00e9ben b\u00edzik, hanem a Gondvisel\u0151 Istenben. Csakis neki van ereje \u00e9s hatalma az utunkba es\u0151 akad\u00e1lyok elh\u00e1r\u00edt\u00e1s\u00e1ra. A kitart\u00f3 im\u00e1ds\u00e1g \u00e9s k\u00f6zbenj\u00e1r\u00e1s gy\u00f6ny\u00f6r\u0171 k\u00e9pe: &#8222;M\u00f3zes karja v\u00e9g\u00fcl is elf\u00e1radt. Ez\u00e9rt vettek egy k\u00f6vet, odavitt\u00e9k \u00e9s r\u00e1\u00fcltett\u00e9k. \u00c1ron \u00e9s Hur pedig a karj\u00e1t tartotta, egyik az egyik oldalon, a m\u00e1sik a m\u00e1sik oldalon. \u00cdgy karja kit\u00e1rva maradt napsz\u00e1llt\u00e1ig.&#8221; Oda\u00e1llni \u00e9s tartani a m\u00e1sik karj\u00e1t, \u00f6r\u00f6k lehet\u0151s\u00e9g sz\u00e1momra. A szentlecke az \u00e1llhatatoss\u00e1g fontoss\u00e1g\u00e1t emeli ki. A h\u00edv\u0151 ember tan\u00fas\u00e1gt\u00e9tel\u00e9nek egyik legf\u0151bb kell\u00e9ke. Vagyis, nem hirtelen fell\u00e1ngol\u00e1sr\u00f3l van sz\u00f3, hanem \u00e1lland\u00f3, kitart\u00f3 \u00e9s k\u00f6vetkezetes emberi magatart\u00e1sr\u00f3l. Erre a k\u00f6vetkezetess\u00e9gre utal a megalkuv\u00e1s n\u00e9lk\u00fcli tan\u00fas\u00e1gt\u00e9tel. Az evang\u00e9liumi p\u00e9ldabesz\u00e9d \u00fczenete mindezek f\u00e9ny\u00e9ben m\u00e1r egy\u00e9rtelm\u0171: a kitart\u00f3 \u00e9s bizalomteljes im\u00e1ds\u00e1gnak Isten nem tud ellen\u00e1llni. Bizonnyal meghallgatja azt. Nek\u00fcnk pedig hasznunkra v\u00e1lik. Er\u0151s\u00edti benn\u00fcnk Isten ir\u00e1nti h\u0171s\u00e9g\u00fcnket \u00e9s szeretet\u00fcnket, amelyre felt\u00e9tlen\u00fcl sz\u00fcks\u00e9g\u00fcnk van. Kezd\u0151\u00e9nek: Hozz\u00e1d ki\u00e1ltok, mert te meghallgatsz, Istenem, hajtsd hozz\u00e1m f\u00fcledet, hallgasd meg szavam! \u00d3vj engem, Uram, mint szemed f\u00e9ny\u00e9t, sz\u00e1rnyad \u00e1rny\u00e9k\u00e1ban oltalmazz engem! (V\u00f6. Zsolt 16,6.8) K\u00f6ny\u00f6rg\u00e9s: Mindenhat\u00f3, \u00f6r\u00f6k Isten, add, hogy mindenkor \u0151szinte sz\u00edvvel \u00e9s k\u00e9szs\u00e9ges akarattal szolg\u00e1ljunk F\u00f6ls\u00e9gednek. A mi Urunk, J\u00e9zus Krisztus, a te Fiad \u00e1ltal, aki veled \u00e9l \u00e9s uralkodik a Szentl\u00e9lekkel egys\u00e9gben, Isten mind\u00f6r\u00f6kk\u00f6n \u00f6r\u00f6kk\u00e9. OLVASM\u00c1NY M\u00f3zes m\u00e1sodik k\u00f6nyv\u00e9b\u0151l (Kiv 17,8-13) Izrael n\u00e9pe a pusztai v\u00e1ndorl\u00e1s sor\u00e1n gy\u0151zelmet aratott az amalekit\u00e1k f\u00f6l\u00f6tt, mert M\u00f3zes im\u00e1dkozott \u00e9rt\u00fck. A v\u00e1lasztott n\u00e9p pusztai v\u00e1ndorl\u00e1sa idej\u00e9n t\u00f6rt\u00e9nt: Az amalekit\u00e1k el\u0151renyomultak,... R\u00e9szletek"}

Évközi 29. vasárnap – Missziós vasárnap - Stuttgarti Katolikusok

<blockquote class="wp-embedded-content" data-secret="GC72NjVnWW"><a href="https://stuttgarti-katolikusok.de/index.php/evkozi-29-vasarnap-misszios-vasarnap-2/">Évközi 29. vasárnap – Missziós vasárnap</a></blockquote><iframe sandbox="allow-scripts" security="restricted" src="https://stuttgarti-katolikusok.de/index.php/evkozi-29-vasarnap-misszios-vasarnap-2/embed/#?secret=GC72NjVnWW" width="600" height="338" title="&#8220;Évközi 29. vasárnap – Missziós vasárnap&#8221; &#8212; Stuttgarti Katolikusok" data-secret="GC72NjVnWW" frameborder="0" marginwidth="0" marginheight="0" scrolling="no" class="wp-embedded-content"></iframe><script type="text/javascript">
/* <![CDATA[ */
/*! This file is auto-generated */
!function(d,l){"use strict";l.querySelector&&d.addEventListener&&"undefined"!=typeof URL&&(d.wp=d.wp||{},d.wp.receiveEmbedMessage||(d.wp.receiveEmbedMessage=function(e){var t=e.data;if((t||t.secret||t.message||t.value)&&!/[^a-zA-Z0-9]/.test(t.secret)){for(var s,r,n,a=l.querySelectorAll('iframe[data-secret="'+t.secret+'"]'),o=l.querySelectorAll('blockquote[data-secret="'+t.secret+'"]'),c=new RegExp("^https?:$","i"),i=0;i<o.length;i++)o[i].style.display="none";for(i=0;i<a.length;i++)s=a[i],e.source===s.contentWindow&&(s.removeAttribute("style"),"height"===t.message?(1e3<(r=parseInt(t.value,10))?r=1e3:~~r<200&&(r=200),s.height=r):"link"===t.message&&(r=new URL(s.getAttribute("src")),n=new URL(t.value),c.test(n.protocol))&&n.host===r.host&&l.activeElement===s&&(d.top.location.href=t.value))}},d.addEventListener("message",d.wp.receiveEmbedMessage,!1),l.addEventListener("DOMContentLoaded",function(){for(var e,t,s=l.querySelectorAll("iframe.wp-embedded-content"),r=0;r<s.length;r++)(t=(e=s[r]).getAttribute("data-secret"))||(t=Math.random().toString(36).substring(2,12),e.src+="#?secret="+t,e.setAttribute("data-secret",t)),e.contentWindow.postMessage({message:"ready",secret:t},"*")},!1)))}(window,document);
//# sourceURL=https://stuttgarti-katolikusok.de/wp-includes/js/wp-embed.min.js
/* ]]> */
</script>

Az embert a teremtés koronájának nevezzük, mert értelmével képes felismerni a teremtett világ rendjét, törvényeit és szépségét. Mindezért pedig, mint a teremtett világ képviselője és őrzője, hálát tud adni Istennek: imádkozik hozzá és dicsőíti Őt. Missziós vasárnap van ma. Ennek alapvető üzenete, hogy keresztény emberként mindannyiunk egyéni feladata Krisztus örömhírének továbbadása. Erre a keresztség szentségében kaptunk általános felhatalmazást. Az olvasmány a kitartó és állhatatos imádság erejéről szól. A hívő ember nemcsak a maga erejében bízik, hanem a Gondviselő Istenben. Csakis neki van ereje és hatalma az utunkba eső akadályok elhárítására. A kitartó imádság és közbenjárás gyönyörű képe: &#8222;Mózes karja végül is elfáradt. Ezért vettek egy követ, odavitték és ráültették. Áron és Hur pedig a karját tartotta, egyik az egyik oldalon, a másik a másik oldalon. Így karja kitárva maradt napszálltáig.&#8221; Odaállni és tartani a másik karját, örök lehetőség számomra. A szentlecke az állhatatosság fontosságát emeli ki. A hívő ember tanúságtételének egyik legfőbb kelléke. Vagyis, nem hirtelen fellángolásról van szó, hanem állandó, kitartó és következetes emberi magatartásról. Erre a következetességre utal a megalkuvás nélküli tanúságtétel. Az evangéliumi példabeszéd üzenete mindezek fényében már egyértelmű: a kitartó és bizalomteljes imádságnak Isten nem tud ellenállni. Bizonnyal meghallgatja azt. Nekünk pedig hasznunkra válik. Erősíti bennünk Isten iránti hűségünket és szeretetünket, amelyre feltétlenül szükségünk van. Kezdőének: Hozzád kiáltok, mert te meghallgatsz, Istenem, hajtsd hozzám füledet, hallgasd meg szavam! Óvj engem, Uram, mint szemed fényét, szárnyad árnyékában oltalmazz engem! (Vö. Zsolt 16,6.8) Könyörgés: Mindenható, örök Isten, add, hogy mindenkor őszinte szívvel és készséges akarattal szolgáljunk Fölségednek. A mi Urunk, Jézus Krisztus, a te Fiad által, aki veled él és uralkodik a Szentlélekkel egységben, Isten mindörökkön örökké. OLVASMÁNY Mózes második könyvéből (Kiv 17,8-13) Izrael népe a pusztai vándorlás során győzelmet aratott az amalekiták fölött, mert Mózes imádkozott értük. A választott nép pusztai vándorlása idején történt: Az amalekiták előrenyomultak,... Részletek
