{"version":"1.0","provider_name":"Stuttgarti Katolikusok","provider_url":"https:\/\/stuttgarti-katolikusok.de","title":"\u00c9vk\u00f6zi 25. vas\u00e1rnap - Stuttgarti Katolikusok","type":"rich","width":600,"height":338,"html":"<blockquote class=\"wp-embedded-content\" data-secret=\"vPSOoOK8hN\"><a href=\"https:\/\/stuttgarti-katolikusok.de\/index.php\/evkozi-25-vasarnap-3\/\">\u00c9vk\u00f6zi 25. vas\u00e1rnap<\/a><\/blockquote><iframe sandbox=\"allow-scripts\" security=\"restricted\" src=\"https:\/\/stuttgarti-katolikusok.de\/index.php\/evkozi-25-vasarnap-3\/embed\/#?secret=vPSOoOK8hN\" width=\"600\" height=\"338\" title=\"&#8220;\u00c9vk\u00f6zi 25. vas\u00e1rnap&#8221; &#8212; Stuttgarti Katolikusok\" data-secret=\"vPSOoOK8hN\" frameborder=\"0\" marginwidth=\"0\" marginheight=\"0\" scrolling=\"no\" class=\"wp-embedded-content\"><\/iframe><script type=\"text\/javascript\">\n\/* <![CDATA[ *\/\n\/*! This file is auto-generated *\/\n!function(d,l){\"use strict\";l.querySelector&&d.addEventListener&&\"undefined\"!=typeof URL&&(d.wp=d.wp||{},d.wp.receiveEmbedMessage||(d.wp.receiveEmbedMessage=function(e){var t=e.data;if((t||t.secret||t.message||t.value)&&!\/[^a-zA-Z0-9]\/.test(t.secret)){for(var s,r,n,a=l.querySelectorAll('iframe[data-secret=\"'+t.secret+'\"]'),o=l.querySelectorAll('blockquote[data-secret=\"'+t.secret+'\"]'),c=new RegExp(\"^https?:$\",\"i\"),i=0;i<o.length;i++)o[i].style.display=\"none\";for(i=0;i<a.length;i++)s=a[i],e.source===s.contentWindow&&(s.removeAttribute(\"style\"),\"height\"===t.message?(1e3<(r=parseInt(t.value,10))?r=1e3:~~r<200&&(r=200),s.height=r):\"link\"===t.message&&(r=new URL(s.getAttribute(\"src\")),n=new URL(t.value),c.test(n.protocol))&&n.host===r.host&&l.activeElement===s&&(d.top.location.href=t.value))}},d.addEventListener(\"message\",d.wp.receiveEmbedMessage,!1),l.addEventListener(\"DOMContentLoaded\",function(){for(var e,t,s=l.querySelectorAll(\"iframe.wp-embedded-content\"),r=0;r<s.length;r++)(t=(e=s[r]).getAttribute(\"data-secret\"))||(t=Math.random().toString(36).substring(2,12),e.src+=\"#?secret=\"+t,e.setAttribute(\"data-secret\",t)),e.contentWindow.postMessage({message:\"ready\",secret:t},\"*\")},!1)))}(window,document);\n\/\/# sourceURL=https:\/\/stuttgarti-katolikusok.de\/wp-includes\/js\/wp-embed.min.js\n\/* ]]> *\/\n<\/script>\n","thumbnail_url":"https:\/\/stuttgarti-katolikusok.de\/wp-content\/uploads\/2022\/09\/road-1072823-1280.jpg","thumbnail_width":1280,"thumbnail_height":747,"description":"Az \u00e9vk\u00f6zi 25. vas\u00e1rnap olvasm\u00e1nyainak egy\u00e9rtelm\u0171 \u00fczenete: okosan kell felhaszn\u00e1lnunk a rendelkez\u00e9s\u00fcnkre \u00e1ll\u00f3 f\u00f6ldi javakat. Eszk\u00f6z\u00f6k, nem pedig v\u00e9gs\u0151 c\u00e9lunk! A mai globaliz\u00e1lt vil\u00e1gunkban k\u00fcl\u00f6n\u00f6sen is fontos ennek az igazs\u00e1gnak kimond\u00e1sa. Mennyire j\u00f3 lenne, ha ezen igazs\u00e1g szem\u00fcveg\u00e9n kereszt\u00fcl szeml\u00e9ln\u00e9m vil\u00e1gunkat. Ne feledjem, a gazdags\u00e1g lehet a j\u00f3t\u00e9konys\u00e1g forr\u00e1sa. Sok embert \u00e1ldottak m\u00e1r az\u00e9rt, mert szerette \u00e9s seg\u00edtette a szeg\u00e9nyeket, aki \u00f6r\u00f6m\u00e9t lelte abban, hogy, hogy m\u00e1sokkal \u00f6nzetlen\u00fcl j\u00f3t tegyen. Az olvasm\u00e1nyban \u00c1mosz pr\u00f3f\u00e9ta felemeli hangj\u00e1t, s egyben sz\u00f3v\u00e1 teszi azokat az igazs\u00e1gtalans\u00e1gokat, amelyek megtapasztal. Azt is mondhatjuk vele kapcsolatosan, hogy a szoci\u00e1lis igazs\u00e1goss\u00e1g k\u00e9pvisel\u0151je \u0151 abban a korban. Ennek p\u00e1rhuzamak\u00e9nt elmondhatjuk, hogy a magunk csendes, de ugyanakkor hat\u00e1rozott jelenl\u00e9t\u00e9vel mi magunk is lehet\u00fcnk ennek az igazs\u00e1gnak \u00e9s felismer\u00e9snek hiteles k\u00e9pvisel\u0151i. A szentleck\u00e9ben ism\u00e9telten P\u00e1l apostol lelki gyermek\u00e9hez, Tim\u00f3teushoz int\u00e9zett j\u00f3 tan\u00e1csaib\u00f3l hallhatunk egy nagyot fontosat. Az im\u00e1ds\u00e1g fontoss\u00e1g\u00e1ra \u00e9s annak egyetemes jelleg\u00e9re h\u00edvja fel Tim\u00f3teus figyelm\u00e9t. Az im\u00e1ds\u00e1g \u00e9s a benne rejl\u0151 er\u0151! Ad\u00f3dik a k\u00e9rd\u00e9s: Hiszek a kitart\u00f3 ima erej\u00e9ben? Mi az \u00e9n im\u00e1ds\u00e1gomnak a tartalma? S persze m\u00e9g nagyon sok k\u00e9rd\u00e9s van, ami mind ehhez kapcsol\u00f3dik. Gondolkodjam rajta! Az evang\u00e9liumban a okos, de h\u0171tlen int\u00e9z\u0151r\u0151l hallhatunk. Ma azt mondan\u00e1k, gazdas\u00e1gi igazgat\u00f3k\u00e9nt a r\u00e1b\u00edzott vagyont egy\u00e9ni szempontjainak \u00e9rv\u00e9nyes\u00edt\u00e9s\u00e9re haszn\u00e1lja fel. Ett\u0151l sokkal s\u00falyosabb a helyzet magam meg\u00edt\u00e9l\u00e9s\u00e9ben. Vissza\u00e9l megb\u00edz\u00f3j\u00e1nak, gazd\u00e1j\u00e1nak bizalm\u00e1val. A k\u00f6z javait saj\u00e1t karrier\u00e9p\u00edt\u00e9sre haszn\u00e1lja fel. B\u00e1r sokf\u00e9le \u00e9rtelmez\u00e9se van ennek a p\u00e9ldabesz\u00e9dnek, \u00e9n csup\u00e1n egy szempontot emeln\u00e9k ki. A megaj\u00e1nd\u00e9kozott bizalommal semmilyen k\u00f6r\u00fclm\u00e9nyek k\u00f6z\u00f6tt nem szabad vissza\u00e9lni.\u00a0 Kezd\u0151\u00e9nek: N\u00e9pem \u00fcdv\u00f6ss\u00e9ge \u00e9n vagyok &#8211; mondja az \u00dar. B\u00e1rmilyen nyomor\u00fas\u00e1gb\u00f3l ki\u00e1ltsanak is hozz\u00e1m, meghallgatom \u0151ket, \u00e9s Uruk leszek mind\u00f6r\u00f6kre. K\u00f6ny\u00f6rg\u00e9s: Isten\u00fcnk, te szent t\u00f6rv\u00e9nyedet az isten- \u00e9s emberszeretet parancs\u00e1ban foglaltad \u00f6ssze. Add, hogy parancsaidat megtartva eljussunk az \u00f6r\u00f6k \u00e9letre. A mi Urunk, J\u00e9zus Krisztus, a te Fiad \u00e1ltal, aki veled \u00e9l \u00e9s uralkodik a Szentl\u00e9lekkel egys\u00e9gben, Isten... R\u00e9szletek"}

Évközi 25. vasárnap - Stuttgarti Katolikusok

<blockquote class="wp-embedded-content" data-secret="vPSOoOK8hN"><a href="https://stuttgarti-katolikusok.de/index.php/evkozi-25-vasarnap-3/">Évközi 25. vasárnap</a></blockquote><iframe sandbox="allow-scripts" security="restricted" src="https://stuttgarti-katolikusok.de/index.php/evkozi-25-vasarnap-3/embed/#?secret=vPSOoOK8hN" width="600" height="338" title="&#8220;Évközi 25. vasárnap&#8221; &#8212; Stuttgarti Katolikusok" data-secret="vPSOoOK8hN" frameborder="0" marginwidth="0" marginheight="0" scrolling="no" class="wp-embedded-content"></iframe><script type="text/javascript">
/* <![CDATA[ */
/*! This file is auto-generated */
!function(d,l){"use strict";l.querySelector&&d.addEventListener&&"undefined"!=typeof URL&&(d.wp=d.wp||{},d.wp.receiveEmbedMessage||(d.wp.receiveEmbedMessage=function(e){var t=e.data;if((t||t.secret||t.message||t.value)&&!/[^a-zA-Z0-9]/.test(t.secret)){for(var s,r,n,a=l.querySelectorAll('iframe[data-secret="'+t.secret+'"]'),o=l.querySelectorAll('blockquote[data-secret="'+t.secret+'"]'),c=new RegExp("^https?:$","i"),i=0;i<o.length;i++)o[i].style.display="none";for(i=0;i<a.length;i++)s=a[i],e.source===s.contentWindow&&(s.removeAttribute("style"),"height"===t.message?(1e3<(r=parseInt(t.value,10))?r=1e3:~~r<200&&(r=200),s.height=r):"link"===t.message&&(r=new URL(s.getAttribute("src")),n=new URL(t.value),c.test(n.protocol))&&n.host===r.host&&l.activeElement===s&&(d.top.location.href=t.value))}},d.addEventListener("message",d.wp.receiveEmbedMessage,!1),l.addEventListener("DOMContentLoaded",function(){for(var e,t,s=l.querySelectorAll("iframe.wp-embedded-content"),r=0;r<s.length;r++)(t=(e=s[r]).getAttribute("data-secret"))||(t=Math.random().toString(36).substring(2,12),e.src+="#?secret="+t,e.setAttribute("data-secret",t)),e.contentWindow.postMessage({message:"ready",secret:t},"*")},!1)))}(window,document);
//# sourceURL=https://stuttgarti-katolikusok.de/wp-includes/js/wp-embed.min.js
/* ]]> */
</script>

Az évközi 25. vasárnap olvasmányainak egyértelmű üzenete: okosan kell felhasználnunk a rendelkezésünkre álló földi javakat. Eszközök, nem pedig végső célunk! A mai globalizált világunkban különösen is fontos ennek az igazságnak kimondása. Mennyire jó lenne, ha ezen igazság szemüvegén keresztül szemlélném világunkat. Ne feledjem, a gazdagság lehet a jótékonyság forrása. Sok embert áldottak már azért, mert szerette és segítette a szegényeket, aki örömét lelte abban, hogy, hogy másokkal önzetlenül jót tegyen. Az olvasmányban Ámosz próféta felemeli hangját, s egyben szóvá teszi azokat az igazságtalanságokat, amelyek megtapasztal. Azt is mondhatjuk vele kapcsolatosan, hogy a szociális igazságosság képviselője ő abban a korban. Ennek párhuzamaként elmondhatjuk, hogy a magunk csendes, de ugyanakkor határozott jelenlétével mi magunk is lehetünk ennek az igazságnak és felismerésnek hiteles képviselői. A szentleckében ismételten Pál apostol lelki gyermekéhez, Timóteushoz intézett jó tanácsaiból hallhatunk egy nagyot fontosat. Az imádság fontosságára és annak egyetemes jellegére hívja fel Timóteus figyelmét. Az imádság és a benne rejlő erő! Adódik a kérdés: Hiszek a kitartó ima erejében? Mi az én imádságomnak a tartalma? S persze még nagyon sok kérdés van, ami mind ehhez kapcsolódik. Gondolkodjam rajta! Az evangéliumban a okos, de hűtlen intézőről hallhatunk. Ma azt mondanák, gazdasági igazgatóként a rábízott vagyont egyéni szempontjainak érvényesítésére használja fel. Ettől sokkal súlyosabb a helyzet magam megítélésében. Visszaél megbízójának, gazdájának bizalmával. A köz javait saját karrierépítésre használja fel. Bár sokféle értelmezése van ennek a példabeszédnek, én csupán egy szempontot emelnék ki. A megajándékozott bizalommal semmilyen körülmények között nem szabad visszaélni.  Kezdőének: Népem üdvössége én vagyok &#8211; mondja az Úr. Bármilyen nyomorúságból kiáltsanak is hozzám, meghallgatom őket, és Uruk leszek mindörökre. Könyörgés: Istenünk, te szent törvényedet az isten- és emberszeretet parancsában foglaltad össze. Add, hogy parancsaidat megtartva eljussunk az örök életre. A mi Urunk, Jézus Krisztus, a te Fiad által, aki veled él és uralkodik a Szentlélekkel egységben, Isten... Részletek
