{"version":"1.0","provider_name":"Stuttgarti Katolikusok","provider_url":"https:\/\/stuttgarti-katolikusok.de","title":"\u00c9vk\u00f6zi 21. vas\u00e1rnap - Stuttgarti Katolikusok","type":"rich","width":600,"height":338,"html":"<blockquote class=\"wp-embedded-content\" data-secret=\"Mhn7DlJAi8\"><a href=\"https:\/\/stuttgarti-katolikusok.de\/index.php\/evkozi-21-vasarnap-2\/\">\u00c9vk\u00f6zi 21. vas\u00e1rnap<\/a><\/blockquote><iframe sandbox=\"allow-scripts\" security=\"restricted\" src=\"https:\/\/stuttgarti-katolikusok.de\/index.php\/evkozi-21-vasarnap-2\/embed\/#?secret=Mhn7DlJAi8\" width=\"600\" height=\"338\" title=\"&#8220;\u00c9vk\u00f6zi 21. vas\u00e1rnap&#8221; &#8212; Stuttgarti Katolikusok\" data-secret=\"Mhn7DlJAi8\" frameborder=\"0\" marginwidth=\"0\" marginheight=\"0\" scrolling=\"no\" class=\"wp-embedded-content\"><\/iframe><script type=\"text\/javascript\">\n\/* <![CDATA[ *\/\n\/*! This file is auto-generated *\/\n!function(d,l){\"use strict\";l.querySelector&&d.addEventListener&&\"undefined\"!=typeof URL&&(d.wp=d.wp||{},d.wp.receiveEmbedMessage||(d.wp.receiveEmbedMessage=function(e){var t=e.data;if((t||t.secret||t.message||t.value)&&!\/[^a-zA-Z0-9]\/.test(t.secret)){for(var s,r,n,a=l.querySelectorAll('iframe[data-secret=\"'+t.secret+'\"]'),o=l.querySelectorAll('blockquote[data-secret=\"'+t.secret+'\"]'),c=new RegExp(\"^https?:$\",\"i\"),i=0;i<o.length;i++)o[i].style.display=\"none\";for(i=0;i<a.length;i++)s=a[i],e.source===s.contentWindow&&(s.removeAttribute(\"style\"),\"height\"===t.message?(1e3<(r=parseInt(t.value,10))?r=1e3:~~r<200&&(r=200),s.height=r):\"link\"===t.message&&(r=new URL(s.getAttribute(\"src\")),n=new URL(t.value),c.test(n.protocol))&&n.host===r.host&&l.activeElement===s&&(d.top.location.href=t.value))}},d.addEventListener(\"message\",d.wp.receiveEmbedMessage,!1),l.addEventListener(\"DOMContentLoaded\",function(){for(var e,t,s=l.querySelectorAll(\"iframe.wp-embedded-content\"),r=0;r<s.length;r++)(t=(e=s[r]).getAttribute(\"data-secret\"))||(t=Math.random().toString(36).substring(2,12),e.src+=\"#?secret=\"+t,e.setAttribute(\"data-secret\",t)),e.contentWindow.postMessage({message:\"ready\",secret:t},\"*\")},!1)))}(window,document);\n\/\/# sourceURL=https:\/\/stuttgarti-katolikusok.de\/wp-includes\/js\/wp-embed.min.js\n\/* ]]> *\/\n<\/script>\n","thumbnail_url":"https:\/\/stuttgarti-katolikusok.de\/wp-content\/uploads\/2024\/08\/vrsar.jpg","thumbnail_width":2048,"thumbnail_height":1536,"description":"A mai szentmise kezd\u0151\u00e9neke a zsolt\u00e1ros Isten ir\u00e1nti bizalm\u00e1t mutatja be. Nagyon plasztikus a k\u00e9p, amelyet alkalmaz: Uram, hajtsd hozz\u00e1m f\u00fcledet \u00e9s hallgass meg engem. Magamra alkalmazva a k\u00e9pet: megvan-e bennem ez a fajta bizalom Isten ir\u00e1nt? Meg merem \u0150t sz\u00f3l\u00edtani? Ki tudom mondani k\u00e9r\u00e9seimet az ir\u00e1nta val\u00f3 \u0151szinte bizalom jegy\u00e9ben? Legal\u00e1bb ennyire \u00e9rdekes a szentmise els\u0151 k\u00f6ny\u00f6rg\u00e9se is. Egy k\u00e9r\u00e9st emeln\u00e9k ki bel\u0151le, ami nagyon k\u00f6zel \u00e1ll most hozz\u00e1m. \u201eE vil\u00e1g v\u00e1ltozand\u00f3s\u00e1gai k\u00f6zepette sz\u00edvb\u0151l ragaszkodjam hozz\u00e1d!\u201d Sohasem szabad elfelednem: ebben az \u00f6r\u00f6kk\u00e9 v\u00e1ltoz\u00f3 vil\u00e1gban \u00e9n magam is \u00e1lland\u00f3an v\u00e1ltozom. \u00c9ppen egy hete tartottuk meg k\u00f6z\u00e9piskolai oszt\u00e1lyt\u00e1rsainkkal a 46. \u00e9retts\u00e9gi tal\u00e1lkoz\u00f3t. Az els\u0151 gondolat, amely megfogalmaz\u00f3dott benn\u00fcnk, hogy mennyit v\u00e1ltoztunk ebben a magunk m\u00f6g\u00f6tt hagyott k\u00f6zel \u00f6t \u00e9vtizedben. Mind k\u00fcls\u0151leg, mind bels\u0151leg magunkon hordozzuk a v\u00e1ltoz\u00e1s jegyeit. Ezen t\u00falmen\u0151en azonban h\u00e1l\u00e1ban tekinthet\u00fcnk a megtett \u00fatra, s nem is kell sz\u00e9gyenkezn\u00fcnk. Ugyanis lehet\u0151s\u00e9get kaptunk egy\u00e9nileg a teremt\u0151 \u00e9s gondvisel\u0151 Istent\u0151l, hogy sz\u00edvb\u0151l ragaszkodjunk hozz\u00e1, k\u00f6zben pedig gazdagg\u00e1 \u00e9s \u00e9rt\u00e9kess\u00e9 tegy\u00fcnk mind a magunk, mind a re\u00e1nk b\u00edzottak \u00e9let\u00e9t. Ugyanis ez jelenti igazi \u00f6r\u00f6m\u00fcnket. Az olvasm\u00e1ny gy\u00f6ny\u00f6r\u0171 \u00fczenete egyben biztat\u00e1s sz\u00e1momra: Ismerem cselekedeteidet \u00e9s gondolataidat. Vagyis, nem kell megj\u00e1tszanom magamat Isten el\u0151tt. Mennyire nagy k\u00eds\u00e9rt\u00e9s, m\u00e1snak l\u00e1ttatni magam embert\u00e1rsaim szem\u00e9ben. M\u00e1snak, mint aki val\u00f3j\u00e1ban vagyok. Amennyiben ez a k\u00eds\u00e9rt\u00e9s hatalm\u00e1ba ker\u00edt, m\u00e1r nem vagyok \u00f6nazonos. Csup\u00e1n egy olyan k\u00e9pet k\u00f6zvet\u00edtetek magamr\u00f3l m\u00e1sok sz\u00e1m\u00e1ra, ami ut\u00e1n csak v\u00e1gy\u00f3dom. Ezzel a magatart\u00e1ssal azonban nem m\u00e1sokat t\u00e9vesztek meg, hanem \u00f6nmagamat csapom be. Az igazi \u00f6r\u00f6m: megmaradni annak, aki val\u00f3j\u00e1ban vagyok, olyannak, amilyennek Isten meg\u00e1lmodott. Ez az igazi boldogs\u00e1g \u00e9s \u00f6r\u00f6m! A mai szentlecke azt \u00fczeni sz\u00e1momra, hogy Isten a legnagyszer\u0171bb pedag\u00f3gus, s nekem is azz\u00e1 kell v\u00e1lnom. \u00c9rdemes a pedag\u00f3gus sz\u00f3 eredet\u00e9t vizsg\u00e1lni. A pedag\u00f3gus sz\u00f3 az \u00f3g\u00f6r\u00f6g \u201epaidagogosz\u201d(\u03c0\u03b1\u03b9\u03b4\u03b1\u03b3\u03c9\u03b3\u03cc\u03c2) sz\u00f3b\u00f3l sz\u00e1rmazik. Jelent\u00e9se: gyermekvezet\u0151. Ez egy \u00f6sszetett sz\u00f3, amely k\u00e9t r\u00e9szb\u0151l \u00e1ll: a paisz, paidosz, azaz... R\u00e9szletek"}

Évközi 21. vasárnap - Stuttgarti Katolikusok

<blockquote class="wp-embedded-content" data-secret="Mhn7DlJAi8"><a href="https://stuttgarti-katolikusok.de/index.php/evkozi-21-vasarnap-2/">Évközi 21. vasárnap</a></blockquote><iframe sandbox="allow-scripts" security="restricted" src="https://stuttgarti-katolikusok.de/index.php/evkozi-21-vasarnap-2/embed/#?secret=Mhn7DlJAi8" width="600" height="338" title="&#8220;Évközi 21. vasárnap&#8221; &#8212; Stuttgarti Katolikusok" data-secret="Mhn7DlJAi8" frameborder="0" marginwidth="0" marginheight="0" scrolling="no" class="wp-embedded-content"></iframe><script type="text/javascript">
/* <![CDATA[ */
/*! This file is auto-generated */
!function(d,l){"use strict";l.querySelector&&d.addEventListener&&"undefined"!=typeof URL&&(d.wp=d.wp||{},d.wp.receiveEmbedMessage||(d.wp.receiveEmbedMessage=function(e){var t=e.data;if((t||t.secret||t.message||t.value)&&!/[^a-zA-Z0-9]/.test(t.secret)){for(var s,r,n,a=l.querySelectorAll('iframe[data-secret="'+t.secret+'"]'),o=l.querySelectorAll('blockquote[data-secret="'+t.secret+'"]'),c=new RegExp("^https?:$","i"),i=0;i<o.length;i++)o[i].style.display="none";for(i=0;i<a.length;i++)s=a[i],e.source===s.contentWindow&&(s.removeAttribute("style"),"height"===t.message?(1e3<(r=parseInt(t.value,10))?r=1e3:~~r<200&&(r=200),s.height=r):"link"===t.message&&(r=new URL(s.getAttribute("src")),n=new URL(t.value),c.test(n.protocol))&&n.host===r.host&&l.activeElement===s&&(d.top.location.href=t.value))}},d.addEventListener("message",d.wp.receiveEmbedMessage,!1),l.addEventListener("DOMContentLoaded",function(){for(var e,t,s=l.querySelectorAll("iframe.wp-embedded-content"),r=0;r<s.length;r++)(t=(e=s[r]).getAttribute("data-secret"))||(t=Math.random().toString(36).substring(2,12),e.src+="#?secret="+t,e.setAttribute("data-secret",t)),e.contentWindow.postMessage({message:"ready",secret:t},"*")},!1)))}(window,document);
//# sourceURL=https://stuttgarti-katolikusok.de/wp-includes/js/wp-embed.min.js
/* ]]> */
</script>

A mai szentmise kezdőéneke a zsoltáros Isten iránti bizalmát mutatja be. Nagyon plasztikus a kép, amelyet alkalmaz: Uram, hajtsd hozzám füledet és hallgass meg engem. Magamra alkalmazva a képet: megvan-e bennem ez a fajta bizalom Isten iránt? Meg merem Őt szólítani? Ki tudom mondani kéréseimet az iránta való őszinte bizalom jegyében? Legalább ennyire érdekes a szentmise első könyörgése is. Egy kérést emelnék ki belőle, ami nagyon közel áll most hozzám. „E világ változandóságai közepette szívből ragaszkodjam hozzád!” Sohasem szabad elfelednem: ebben az örökké változó világban én magam is állandóan változom. Éppen egy hete tartottuk meg középiskolai osztálytársainkkal a 46. érettségi találkozót. Az első gondolat, amely megfogalmazódott bennünk, hogy mennyit változtunk ebben a magunk mögött hagyott közel öt évtizedben. Mind külsőleg, mind belsőleg magunkon hordozzuk a változás jegyeit. Ezen túlmenően azonban hálában tekinthetünk a megtett útra, s nem is kell szégyenkeznünk. Ugyanis lehetőséget kaptunk egyénileg a teremtő és gondviselő Istentől, hogy szívből ragaszkodjunk hozzá, közben pedig gazdaggá és értékessé tegyünk mind a magunk, mind a reánk bízottak életét. Ugyanis ez jelenti igazi örömünket. Az olvasmány gyönyörű üzenete egyben biztatás számomra: Ismerem cselekedeteidet és gondolataidat. Vagyis, nem kell megjátszanom magamat Isten előtt. Mennyire nagy kísértés, másnak láttatni magam embertársaim szemében. Másnak, mint aki valójában vagyok. Amennyiben ez a kísértés hatalmába kerít, már nem vagyok önazonos. Csupán egy olyan képet közvetítetek magamról mások számára, ami után csak vágyódom. Ezzel a magatartással azonban nem másokat tévesztek meg, hanem önmagamat csapom be. Az igazi öröm: megmaradni annak, aki valójában vagyok, olyannak, amilyennek Isten megálmodott. Ez az igazi boldogság és öröm! A mai szentlecke azt üzeni számomra, hogy Isten a legnagyszerűbb pedagógus, s nekem is azzá kell válnom. Érdemes a pedagógus szó eredetét vizsgálni. A pedagógus szó az ógörög „paidagogosz”(παιδαγωγός) szóból származik. Jelentése: gyermekvezető. Ez egy összetett szó, amely két részből áll: a paisz, paidosz, azaz... Részletek
