{"version":"1.0","provider_name":"Stuttgarti Katolikusok","provider_url":"https:\/\/stuttgarti-katolikusok.de","title":"\u00c9vk\u00f6zi 2. vas\u00e1rnap - Stuttgarti Katolikusok","type":"rich","width":600,"height":338,"html":"<blockquote class=\"wp-embedded-content\" data-secret=\"RZYQKRonBi\"><a href=\"https:\/\/stuttgarti-katolikusok.de\/index.php\/evkozi-2-vasarnap-4\/\">\u00c9vk\u00f6zi 2. vas\u00e1rnap<\/a><\/blockquote><iframe sandbox=\"allow-scripts\" security=\"restricted\" src=\"https:\/\/stuttgarti-katolikusok.de\/index.php\/evkozi-2-vasarnap-4\/embed\/#?secret=RZYQKRonBi\" width=\"600\" height=\"338\" title=\"&#8220;\u00c9vk\u00f6zi 2. vas\u00e1rnap&#8221; &#8212; Stuttgarti Katolikusok\" data-secret=\"RZYQKRonBi\" frameborder=\"0\" marginwidth=\"0\" marginheight=\"0\" scrolling=\"no\" class=\"wp-embedded-content\"><\/iframe><script type=\"text\/javascript\">\n\/* <![CDATA[ *\/\n\/*! This file is auto-generated *\/\n!function(d,l){\"use strict\";l.querySelector&&d.addEventListener&&\"undefined\"!=typeof URL&&(d.wp=d.wp||{},d.wp.receiveEmbedMessage||(d.wp.receiveEmbedMessage=function(e){var t=e.data;if((t||t.secret||t.message||t.value)&&!\/[^a-zA-Z0-9]\/.test(t.secret)){for(var s,r,n,a=l.querySelectorAll('iframe[data-secret=\"'+t.secret+'\"]'),o=l.querySelectorAll('blockquote[data-secret=\"'+t.secret+'\"]'),c=new RegExp(\"^https?:$\",\"i\"),i=0;i<o.length;i++)o[i].style.display=\"none\";for(i=0;i<a.length;i++)s=a[i],e.source===s.contentWindow&&(s.removeAttribute(\"style\"),\"height\"===t.message?(1e3<(r=parseInt(t.value,10))?r=1e3:~~r<200&&(r=200),s.height=r):\"link\"===t.message&&(r=new URL(s.getAttribute(\"src\")),n=new URL(t.value),c.test(n.protocol))&&n.host===r.host&&l.activeElement===s&&(d.top.location.href=t.value))}},d.addEventListener(\"message\",d.wp.receiveEmbedMessage,!1),l.addEventListener(\"DOMContentLoaded\",function(){for(var e,t,s=l.querySelectorAll(\"iframe.wp-embedded-content\"),r=0;r<s.length;r++)(t=(e=s[r]).getAttribute(\"data-secret\"))||(t=Math.random().toString(36).substring(2,12),e.src+=\"#?secret=\"+t,e.setAttribute(\"data-secret\",t)),e.contentWindow.postMessage({message:\"ready\",secret:t},\"*\")},!1)))}(window,document);\n\/\/# sourceURL=https:\/\/stuttgarti-katolikusok.de\/wp-includes\/js\/wp-embed.min.js\n\/* ]]> *\/\n<\/script>\n","thumbnail_url":"https:\/\/stuttgarti-katolikusok.de\/wp-content\/uploads\/2024\/01\/a-book-1936547-1280.jpg","thumbnail_width":1280,"thumbnail_height":723,"description":"A b\u0171nbeesett ember \u00f6nisten\u00edt\u00e9sben \u00e9l, ha nem is olyan ny\u00edltan, mint a filoz\u00f3fus Kant, aki t\u00f6bbsz\u00f6r le\u00edrta: &#8222;\u00c9n isten vagyok&#8221;, mik\u00f6zben az objekt\u00edv vil\u00e1got nagyj\u00e1b\u00f3l-eg\u00e9sz\u00e9ben az emberi szubjektum kivet\u00edt\u00e9sek\u00e9nt t\u00e9telezte. Az \u00f6nisten\u00edt\u00e9s rejtett form\u00e1ja abban \u00e1ll, hogy feje tetej\u00e9re \u00e1ll\u00edtjuk a vil\u00e1got. A mi emberi egzisztenci\u00e1nkat t\u00fcntetj\u00fck fel mindenek forr\u00e1sak\u00e9nt, \u00e9s minden Istenre vonatkoz\u00f3 kijelent\u00e9st csup\u00e1n \u00f6nkivet\u00edt\u00e9sk\u00e9nt fogunk fel.\u00a0 A szeretet Istent\u0151l van, de az Istent\u0151l elszakadt ember szeretete megbetegedett. Mindenfajta emberi szeretet csak akkor gy\u00f3gyul, ha visszatal\u00e1l eredetij\u00e9hez, az \u00e9l\u0151, szem\u00e9lyes, szenth\u00e1roms\u00e1gos Istenhez. A szentlecke azokr\u00f3l a lelki kincsekr\u0151l, karizm\u00e1kr\u00f3l sz\u00f3l, amelyeket az\u00e9rt kapunk, hogy haszn\u00e1ljuk m\u00e1sok jav\u00e1ra. A helyes \u00f6nismeret jutalma sz\u00e1momra, hogy felismerem magamban a j\u00f3 Istent\u0151l kapott egy\u00e9ni kincset, karizm\u00e1t. Term\u00e9szetesen ezt k\u00f6vet\u0151en arr\u00f3l is sz\u00e1mot kell adnom, hogyan haszn\u00e1lom azt m\u00e1sok jav\u00e1ra.\u00a0 Kezd\u0151\u00e9nek: Az eg\u00e9sz f\u00f6ld im\u00e1djon t\u00e9ged, Isten\u00fcnk, \u00e9s dics\u00e9rjen t\u00e9ged, zengjen nevednek \u00e9neket, \u00f3 F\u00f6ls\u00e9ges! (Zsolt 65,4) K\u00f6ny\u00f6rg\u00e9s: Mindenhat\u00f3, \u00f6r\u00f6k Isten, te korm\u00e1nyozod a mennyet \u00e9s a f\u00f6ldet: hallgasd meg n\u00e9ped esdekl\u0151 im\u00e1j\u00e1t, \u00e9s adj b\u00e9k\u00e9t napjainkban. A mi Urunk, J\u00e9zus Krisztus a te Fiad \u00e1ltal, aki veled \u00e9l \u00e9s uralkodik a Szentl\u00e9lekkel egys\u00e9gben, Isten mind\u00f6r\u00f6kk\u00f6n \u00f6r\u00f6kk\u00e9. OLVASM\u00c1NY Izaj\u00e1s pr\u00f3f\u00e9ta k\u00f6nyv\u00e9b\u0151l (Iz 62,1-5) Az \u00dar \u00fagy szereti v\u00e1lasztott n\u00e9p\u00e9t, mint menyasszony\u00e1t a v\u0151leg\u00e9ny. Sion \u00e9s Jeruzs\u00e1lem a v\u00e1lasztott n\u00e9p jelk\u00e9pe. \u00cdgy sz\u00f3l az \u00dar: Sion miatt nem hallgathatok, \u00e9s Jeruzs\u00e1lem miatt nem nyugszom, am\u00edg f\u00f6l nem ragyog igazs\u00e1ga, mint a hajnal, \u00e9s szabadul\u00e1sa, mint a f\u00e1klya, nem t\u00fcnd\u00f6k\u00f6l. Megl\u00e1tj\u00e1k majd a n\u00e9pek igazs\u00e1godat \u00e9s a kir\u00e1lyok dics\u0151s\u00e9gedet. \u00daj n\u00e9ven h\u00edvnak majd, amellyel az \u00dar ajka nevez el. A dics\u0151s\u00e9g koron\u00e1ja leszel az \u00dar kez\u00e9ben, kir\u00e1lyi fejd\u00edsz Istened kez\u00e9ben. Nem h\u00edvnak t\u00f6bb\u00e9 \u201eElhagyottnak\u201d, sem orsz\u00e1godat \u201ePusztas\u00e1gnak\u201d hanem \u00edgy neveznek: \u201eGy\u00f6ny\u00f6r\u0171s\u00e9gem\u201d, \u00e9s orsz\u00e1godat: \u201eMenyasszony\u201d, mert az \u00dar \u00f6r\u00f6m\u00e9t tal\u00e1lja benned, s orsz\u00e1god \u00fajra f\u00e9rjhez megy. Mert amint a v\u0151leg\u00e9ny feles\u00e9g\u00fcl veszi a le\u00e1nyt, \u00fagy fog... R\u00e9szletek"}

Évközi 2. vasárnap - Stuttgarti Katolikusok

<blockquote class="wp-embedded-content" data-secret="RZYQKRonBi"><a href="https://stuttgarti-katolikusok.de/index.php/evkozi-2-vasarnap-4/">Évközi 2. vasárnap</a></blockquote><iframe sandbox="allow-scripts" security="restricted" src="https://stuttgarti-katolikusok.de/index.php/evkozi-2-vasarnap-4/embed/#?secret=RZYQKRonBi" width="600" height="338" title="&#8220;Évközi 2. vasárnap&#8221; &#8212; Stuttgarti Katolikusok" data-secret="RZYQKRonBi" frameborder="0" marginwidth="0" marginheight="0" scrolling="no" class="wp-embedded-content"></iframe><script type="text/javascript">
/* <![CDATA[ */
/*! This file is auto-generated */
!function(d,l){"use strict";l.querySelector&&d.addEventListener&&"undefined"!=typeof URL&&(d.wp=d.wp||{},d.wp.receiveEmbedMessage||(d.wp.receiveEmbedMessage=function(e){var t=e.data;if((t||t.secret||t.message||t.value)&&!/[^a-zA-Z0-9]/.test(t.secret)){for(var s,r,n,a=l.querySelectorAll('iframe[data-secret="'+t.secret+'"]'),o=l.querySelectorAll('blockquote[data-secret="'+t.secret+'"]'),c=new RegExp("^https?:$","i"),i=0;i<o.length;i++)o[i].style.display="none";for(i=0;i<a.length;i++)s=a[i],e.source===s.contentWindow&&(s.removeAttribute("style"),"height"===t.message?(1e3<(r=parseInt(t.value,10))?r=1e3:~~r<200&&(r=200),s.height=r):"link"===t.message&&(r=new URL(s.getAttribute("src")),n=new URL(t.value),c.test(n.protocol))&&n.host===r.host&&l.activeElement===s&&(d.top.location.href=t.value))}},d.addEventListener("message",d.wp.receiveEmbedMessage,!1),l.addEventListener("DOMContentLoaded",function(){for(var e,t,s=l.querySelectorAll("iframe.wp-embedded-content"),r=0;r<s.length;r++)(t=(e=s[r]).getAttribute("data-secret"))||(t=Math.random().toString(36).substring(2,12),e.src+="#?secret="+t,e.setAttribute("data-secret",t)),e.contentWindow.postMessage({message:"ready",secret:t},"*")},!1)))}(window,document);
//# sourceURL=https://stuttgarti-katolikusok.de/wp-includes/js/wp-embed.min.js
/* ]]> */
</script>

A bűnbeesett ember önistenítésben él, ha nem is olyan nyíltan, mint a filozófus Kant, aki többször leírta: &#8222;Én isten vagyok&#8221;, miközben az objektív világot nagyjából-egészében az emberi szubjektum kivetítéseként tételezte. Az önistenítés rejtett formája abban áll, hogy feje tetejére állítjuk a világot. A mi emberi egzisztenciánkat tüntetjük fel mindenek forrásaként, és minden Istenre vonatkozó kijelentést csupán önkivetítésként fogunk fel.  A szeretet Istentől van, de az Istentől elszakadt ember szeretete megbetegedett. Mindenfajta emberi szeretet csak akkor gyógyul, ha visszatalál eredetijéhez, az élő, személyes, szentháromságos Istenhez. A szentlecke azokról a lelki kincsekről, karizmákról szól, amelyeket azért kapunk, hogy használjuk mások javára. A helyes önismeret jutalma számomra, hogy felismerem magamban a jó Istentől kapott egyéni kincset, karizmát. Természetesen ezt követően arról is számot kell adnom, hogyan használom azt mások javára.  Kezdőének: Az egész föld imádjon téged, Istenünk, és dicsérjen téged, zengjen nevednek éneket, ó Fölséges! (Zsolt 65,4) Könyörgés: Mindenható, örök Isten, te kormányozod a mennyet és a földet: hallgasd meg néped esdeklő imáját, és adj békét napjainkban. A mi Urunk, Jézus Krisztus a te Fiad által, aki veled él és uralkodik a Szentlélekkel egységben, Isten mindörökkön örökké. OLVASMÁNY Izajás próféta könyvéből (Iz 62,1-5) Az Úr úgy szereti választott népét, mint menyasszonyát a vőlegény. Sion és Jeruzsálem a választott nép jelképe. Így szól az Úr: Sion miatt nem hallgathatok, és Jeruzsálem miatt nem nyugszom, amíg föl nem ragyog igazsága, mint a hajnal, és szabadulása, mint a fáklya, nem tündököl. Meglátják majd a népek igazságodat és a királyok dicsőségedet. Új néven hívnak majd, amellyel az Úr ajka nevez el. A dicsőség koronája leszel az Úr kezében, királyi fejdísz Istened kezében. Nem hívnak többé „Elhagyottnak”, sem országodat „Pusztaságnak” hanem így neveznek: „Gyönyörűségem”, és országodat: „Menyasszony”, mert az Úr örömét találja benned, s országod újra férjhez megy. Mert amint a vőlegény feleségül veszi a leányt, úgy fog... Részletek
