{"version":"1.0","provider_name":"Stuttgarti Katolikusok","provider_url":"https:\/\/stuttgarti-katolikusok.de","title":"\u00c9vk\u00f6zi 18-19-20-21. vas\u00e1rnapok - Stuttgarti Katolikusok","type":"rich","width":600,"height":338,"html":"<blockquote class=\"wp-embedded-content\" data-secret=\"zdXLzzMs08\"><a href=\"https:\/\/stuttgarti-katolikusok.de\/index.php\/evkozi-18-19-20-21-vasarnapok\/\">\u00c9vk\u00f6zi 18-19-20-21. vas\u00e1rnapok<\/a><\/blockquote><iframe sandbox=\"allow-scripts\" security=\"restricted\" src=\"https:\/\/stuttgarti-katolikusok.de\/index.php\/evkozi-18-19-20-21-vasarnapok\/embed\/#?secret=zdXLzzMs08\" width=\"600\" height=\"338\" title=\"&#8220;\u00c9vk\u00f6zi 18-19-20-21. vas\u00e1rnapok&#8221; &#8212; Stuttgarti Katolikusok\" data-secret=\"zdXLzzMs08\" frameborder=\"0\" marginwidth=\"0\" marginheight=\"0\" scrolling=\"no\" class=\"wp-embedded-content\"><\/iframe><script type=\"text\/javascript\">\n\/* <![CDATA[ *\/\n\/*! This file is auto-generated *\/\n!function(d,l){\"use strict\";l.querySelector&&d.addEventListener&&\"undefined\"!=typeof URL&&(d.wp=d.wp||{},d.wp.receiveEmbedMessage||(d.wp.receiveEmbedMessage=function(e){var t=e.data;if((t||t.secret||t.message||t.value)&&!\/[^a-zA-Z0-9]\/.test(t.secret)){for(var s,r,n,a=l.querySelectorAll('iframe[data-secret=\"'+t.secret+'\"]'),o=l.querySelectorAll('blockquote[data-secret=\"'+t.secret+'\"]'),c=new RegExp(\"^https?:$\",\"i\"),i=0;i<o.length;i++)o[i].style.display=\"none\";for(i=0;i<a.length;i++)s=a[i],e.source===s.contentWindow&&(s.removeAttribute(\"style\"),\"height\"===t.message?(1e3<(r=parseInt(t.value,10))?r=1e3:~~r<200&&(r=200),s.height=r):\"link\"===t.message&&(r=new URL(s.getAttribute(\"src\")),n=new URL(t.value),c.test(n.protocol))&&n.host===r.host&&l.activeElement===s&&(d.top.location.href=t.value))}},d.addEventListener(\"message\",d.wp.receiveEmbedMessage,!1),l.addEventListener(\"DOMContentLoaded\",function(){for(var e,t,s=l.querySelectorAll(\"iframe.wp-embedded-content\"),r=0;r<s.length;r++)(t=(e=s[r]).getAttribute(\"data-secret\"))||(t=Math.random().toString(36).substring(2,12),e.src+=\"#?secret=\"+t,e.setAttribute(\"data-secret\",t)),e.contentWindow.postMessage({message:\"ready\",secret:t},\"*\")},!1)))}(window,document);\n\/\/# sourceURL=https:\/\/stuttgarti-katolikusok.de\/wp-includes\/js\/wp-embed.min.js\n\/* ]]> *\/\n<\/script>\n","description":"2019. augusztus 25. \u00c9VK\u00d6ZI 21. VAS\u00c1RNAP \u00c9let\u00fcnk v\u00e9gs\u0151 c\u00e9lja, az \u00fcdv\u00f6ss\u00e9g elnyer\u00e9s\u00e9nek lehet\u0151s\u00e9ge a legfontosabb k\u00e9rd\u00e9s sz\u00e1munkra. F\u00fcl\u00fcnkbe cseng J\u00e9zus ismert figyelmeztet\u00e9se: Mit haszn\u00e1l az embernek, ha az eg\u00e9sz vil\u00e1got megszerzi is mag\u00e1nak, lelke azonban k\u00e9rt szenved. Az \u00f6r\u00f6k \u00fcdv\u00f6ss\u00e9g el\u00e9r\u00e9s\u00e9nek rem\u00e9nye nagy-nagy \u00f6szt\u00f6nz\u00e9st ad nek\u00fcnk a becs\u00fcletess\u00e9gre, az \u00e9letben val\u00f3 helyt\u00e1ll\u00e1sra, \u00e9let\u00fcnk keresztjeinek t\u00fcrelmes hordoz\u00e1s\u00e1ra. KEZD\u0150\u00c9NEK \u00a0\u00a0\u00a0\u00a0\u00a0\u00a0\u00a0\u00a0\u00a0\u00a0\u00a0\u00a0\u00a0\u00a0\u00a0\u00a0\u00a0\u00a0\u00a0\u00a0\u00a0\u00a0\u00a0\u00a0\u00a0\u00a0\u00a0\u00a0\u00a0\u00a0\u00a0\u00a0\u00a0\u00a0\u00a0\u00a0\u00a0\u00a0\u00a0\u00a0\u00a0\u00a0\u00a0\u00a0\u00a0\u00a0\u00a0\u00a0\u00a0\u00a0\u00a0\u00a0\u00a0\u00a0\u00a0Zsolt 85, 1\u20133 Fordulj hozz\u00e1m \u00e9s hallgass meg, Uram. Szabad\u00edtsd meg, Istenem, szolg\u00e1dat, aki benned b\u00edzik. K\u00f6ny\u00f6r\u00fclj rajtam, Uram; l\u00e1tod: eg\u00e9sz nap hozz\u00e1d ki\u00e1ltok. OLVASM\u00c1NY\u00a0\u00a0\u00a0\u00a0\u00a0\u00a0\u00a0\u00a0\u00a0\u00a0\u00a0\u00a0\u00a0\u00a0\u00a0\u00a0\u00a0\u00a0\u00a0\u00a0\u00a0\u00a0\u00a0\u00a0\u00a0\u00a0\u00a0\u00a0\u00a0\u00a0\u00a0\u00a0\u00a0\u00a0\u00a0\u00a0\u00a0\u00a0\u00a0\u00a0\u00a0\u00a0\u00a0\u00a0\u00a0\u00a0\u00a0\u00a0\u00a0\u00a0\u00a0\u00a0\u00a0\u00a0\u00a0 Iz 66, 18\u201321 Izrael n\u00e9p\u00e9t boldog \u00f6r\u00f6mmel t\u00f6lt\u00f6tte el az a tudat, hogy Isten kiv\u00e1lasztotta \u0151ket a nemzetek k\u00f6z\u00fcl. A pr\u00f3f\u00e9t\u00e1kn\u00e1l azonban megjelenik m\u00e1r a gondolat: a messi\u00e1si id\u0151ben a pog\u00e1ny n\u00e9pek is helyet kapnak Isten orsz\u00e1g\u00e1ban. \u00cdgy minden ember el\u0151tt nyilv\u00e1nval\u00f3 lesz a gondvisel\u0151 Isten egyetemes \u00fcdv\u00f6z\u00edt\u0151 sz\u00e1nd\u00e9ka. V\u00c1LASZOS ZSOLT\u00c1R \u00a0\u00a0\u00a0\u00a0\u00a0\u00a0\u00a0\u00a0\u00a0\u00a0\u00a0\u00a0\u00a0\u00a0\u00a0\u00a0\u00a0\u00a0\u00a0\u00a0\u00a0\u00a0\u00a0\u00a0\u00a0\u00a0\u00a0\u00a0\u00a0\u00a0\u00a0\u00a0\u00a0\u00a0\u00a0116. Zsolt\u00e1r V\u00e1lasz: Menjetek el az eg\u00e9sz vil\u00e1gra, * \u00a0\u00a0\u00a0\u00a0\u00a0\u00a0\u00a0\u00a0\u00a0\u00a0\u00a0\u00a0\u00a0 \u00e9s hirdess\u00e9tek az evang\u00e9liumot! &nbsp; SZENTLECKE\u00a0\u00a0 \u00a0\u00a0\u00a0\u00a0\u00a0\u00a0\u00a0\u00a0\u00a0\u00a0\u00a0\u00a0\u00a0\u00a0\u00a0\u00a0\u00a0\u00a0\u00a0\u00a0\u00a0\u00a0\u00a0\u00a0\u00a0\u00a0\u00a0\u00a0\u00a0\u00a0\u00a0\u00a0\u00a0\u00a0\u00a0Zsid 12, 5\u20137. 11\u201313\u00a0 A f\u00f6ldi \u00e9let bajait, szenved\u00e9seit sokan Isten b\u00fcntet\u00e9s\u00e9nek tekintik, s emiatt elkeserednek. A h\u00edv\u0151 ember azonban ismeri a kereszthordoz\u00e1s \u00e9rtelm\u00e9t \u00e9s \u00e9rt\u00e9keit is. Isten mint j\u00f3 Aty\u00e1nk, \u00e1ltala nevel minket: figyelmeztet a j\u00f3ra, visszatart a rosszt\u00f3l, pr\u00f3b\u00e1ra teszi h\u0171s\u00e9g\u00fcnket \u00e9s lehet\u0151s\u00e9get ad az \u00e9rdemszerz\u00e9sre. ALLELUJA\u00a0\u00a0\u00a0\u00a0 \u00a0\u00a0\u00a0\u00a0\u00a0\u00a0\u00a0\u00a0\u00a0\u00a0\u00a0\u00a0\u00a0\u00a0\u00a0\u00a0\u00a0\u00a0\u00a0\u00a0\u00a0\u00a0\u00a0\u00a0\u00a0\u00a0\u00a0\u00a0\u00a0\u00a0\u00a0\u00a0\u00a0\u00a0\u00a0\u00a0\u00a0\u00a0\u00a0\u00a0\u00a0\u00a0\u00a0\u00a0\u00a0\u00a0\u00a0\u00a0\u00a0\u00a0\u00a0\u00a0\u00a0\u00a0\u00a0\u00a0\u00a0\u00a0\u00a0\u00a0\u00a0\u00a0\u00a0\u00a0\u00a0Jn 14, 6 J\u00e9zus mondja: \u201e\u00c9n vagyok az \u00fat, az igazs\u00e1g \u00e9s az \u00e9let, * senki sem jut Aty\u00e1mhoz, csak \u00e1ltalam.\u201d EVANG\u00c9LIUM\u00a0 \u00a0\u00a0\u00a0\u00a0\u00a0\u00a0\u00a0\u00a0\u00a0\u00a0\u00a0\u00a0\u00a0\u00a0\u00a0\u00a0\u00a0\u00a0\u00a0\u00a0\u00a0\u00a0\u00a0\u00a0\u00a0\u00a0\u00a0\u00a0\u00a0\u00a0\u00a0\u00a0\u00a0\u00a0\u00a0\u00a0\u00a0\u00a0\u00a0\u00a0\u00a0\u00a0\u00a0\u00a0Lk 12, 22\u201330 A mai evang\u00e9liumban J\u00e9zus h\u00e1rom fontos dolgot k\u00f6t a lelk\u00fcnkre. Az els\u0151: ne af\u00f6l\u00f6tt t\u00f6prengj\u00fcnk, sokan vagy kevesen \u00fcdv\u00f6z\u00fclnek, hanem tegy\u00fcnk meg mindent az\u00e9rt, hogy a saj\u00e1t \u00fcdv\u00f6ss\u00e9g\u00fcnket biztos\u00edtsuk. A m\u00e1sodik: j\u00f3l haszn\u00e1ljuk ki a r\u00f6vid \u00e9s bizonytalan \u00e9let\u00fcnket. A hal\u00e1llal ugyanis lez\u00e1rul az \u00e9rdemszerz\u00e9s ideje. A harmadik: ker\u00fclj\u00fck a vakmer\u0151 bizakod\u00e1st, vagyis ne halogassuk megt\u00e9r\u00e9s\u00fcnk idej\u00e9t. Isten irgalmas, de nem tudhatjuk, mikor sz\u00f3l\u00edt sz\u00e1mad\u00e1sra minket. AZ EUCHARISZTI\u00c1HOZ Az eucharisztikus lakoma el\u0151k\u00e9pe a mennyei lakom\u00e1nak. J\u00e9zus mindannyiunkat... R\u00e9szletek"}

Évközi 18-19-20-21. vasárnapok - Stuttgarti Katolikusok

<blockquote class="wp-embedded-content" data-secret="zdXLzzMs08"><a href="https://stuttgarti-katolikusok.de/index.php/evkozi-18-19-20-21-vasarnapok/">Évközi 18-19-20-21. vasárnapok</a></blockquote><iframe sandbox="allow-scripts" security="restricted" src="https://stuttgarti-katolikusok.de/index.php/evkozi-18-19-20-21-vasarnapok/embed/#?secret=zdXLzzMs08" width="600" height="338" title="&#8220;Évközi 18-19-20-21. vasárnapok&#8221; &#8212; Stuttgarti Katolikusok" data-secret="zdXLzzMs08" frameborder="0" marginwidth="0" marginheight="0" scrolling="no" class="wp-embedded-content"></iframe><script type="text/javascript">
/* <![CDATA[ */
/*! This file is auto-generated */
!function(d,l){"use strict";l.querySelector&&d.addEventListener&&"undefined"!=typeof URL&&(d.wp=d.wp||{},d.wp.receiveEmbedMessage||(d.wp.receiveEmbedMessage=function(e){var t=e.data;if((t||t.secret||t.message||t.value)&&!/[^a-zA-Z0-9]/.test(t.secret)){for(var s,r,n,a=l.querySelectorAll('iframe[data-secret="'+t.secret+'"]'),o=l.querySelectorAll('blockquote[data-secret="'+t.secret+'"]'),c=new RegExp("^https?:$","i"),i=0;i<o.length;i++)o[i].style.display="none";for(i=0;i<a.length;i++)s=a[i],e.source===s.contentWindow&&(s.removeAttribute("style"),"height"===t.message?(1e3<(r=parseInt(t.value,10))?r=1e3:~~r<200&&(r=200),s.height=r):"link"===t.message&&(r=new URL(s.getAttribute("src")),n=new URL(t.value),c.test(n.protocol))&&n.host===r.host&&l.activeElement===s&&(d.top.location.href=t.value))}},d.addEventListener("message",d.wp.receiveEmbedMessage,!1),l.addEventListener("DOMContentLoaded",function(){for(var e,t,s=l.querySelectorAll("iframe.wp-embedded-content"),r=0;r<s.length;r++)(t=(e=s[r]).getAttribute("data-secret"))||(t=Math.random().toString(36).substring(2,12),e.src+="#?secret="+t,e.setAttribute("data-secret",t)),e.contentWindow.postMessage({message:"ready",secret:t},"*")},!1)))}(window,document);
//# sourceURL=https://stuttgarti-katolikusok.de/wp-includes/js/wp-embed.min.js
/* ]]> */
</script>

2019. augusztus 25. ÉVKÖZI 21. VASÁRNAP Életünk végső célja, az üdvösség elnyerésének lehetősége a legfontosabb kérdés számunkra. Fülünkbe cseng Jézus ismert figyelmeztetése: Mit használ az embernek, ha az egész világot megszerzi is magának, lelke azonban kért szenved. Az örök üdvösség elérésének reménye nagy-nagy ösztönzést ad nekünk a becsületességre, az életben való helytállásra, életünk keresztjeinek türelmes hordozására. KEZDŐÉNEK                                                        Zsolt 85, 1–3 Fordulj hozzám és hallgass meg, Uram. Szabadítsd meg, Istenem, szolgádat, aki benned bízik. Könyörülj rajtam, Uram; látod: egész nap hozzád kiáltok. OLVASMÁNY                                                        Iz 66, 18–21 Izrael népét boldog örömmel töltötte el az a tudat, hogy Isten kiválasztotta őket a nemzetek közül. A prófétáknál azonban megjelenik már a gondolat: a messiási időben a pogány népek is helyet kapnak Isten országában. Így minden ember előtt nyilvánvaló lesz a gondviselő Isten egyetemes üdvözítő szándéka. VÁLASZOS ZSOLTÁR                                    116. Zsoltár Válasz: Menjetek el az egész világra, *               és hirdessétek az evangéliumot! &nbsp; SZENTLECKE                                      Zsid 12, 5–7. 11–13  A földi élet bajait, szenvedéseit sokan Isten büntetésének tekintik, s emiatt elkeserednek. A hívő ember azonban ismeri a kereszthordozás értelmét és értékeit is. Isten mint jó Atyánk, általa nevel minket: figyelmeztet a jóra, visszatart a rossztól, próbára teszi hűségünket és lehetőséget ad az érdemszerzésre. ALLELUJA                                                                      Jn 14, 6 Jézus mondja: „Én vagyok az út, az igazság és az élet, * senki sem jut Atyámhoz, csak általam.” EVANGÉLIUM                                              Lk 12, 22–30 A mai evangéliumban Jézus három fontos dolgot köt a lelkünkre. Az első: ne afölött töprengjünk, sokan vagy kevesen üdvözülnek, hanem tegyünk meg mindent azért, hogy a saját üdvösségünket biztosítsuk. A második: jól használjuk ki a rövid és bizonytalan életünket. A halállal ugyanis lezárul az érdemszerzés ideje. A harmadik: kerüljük a vakmerő bizakodást, vagyis ne halogassuk megtérésünk idejét. Isten irgalmas, de nem tudhatjuk, mikor szólít számadásra minket. AZ EUCHARISZTIÁHOZ Az eucharisztikus lakoma előképe a mennyei lakomának. Jézus mindannyiunkat... Részletek
