{"version":"1.0","provider_name":"Stuttgarti Katolikusok","provider_url":"https:\/\/stuttgarti-katolikusok.de","title":"\u00c9vk\u00f6zi 16. vas\u00e1rnap - Stuttgarti Katolikusok","type":"rich","width":600,"height":338,"html":"<blockquote class=\"wp-embedded-content\" data-secret=\"DSn1UJpuqL\"><a href=\"https:\/\/stuttgarti-katolikusok.de\/index.php\/evkozi-16-vasarnap\/\">\u00c9vk\u00f6zi 16. vas\u00e1rnap<\/a><\/blockquote><iframe sandbox=\"allow-scripts\" security=\"restricted\" src=\"https:\/\/stuttgarti-katolikusok.de\/index.php\/evkozi-16-vasarnap\/embed\/#?secret=DSn1UJpuqL\" width=\"600\" height=\"338\" title=\"&#8220;\u00c9vk\u00f6zi 16. vas\u00e1rnap&#8221; &#8212; Stuttgarti Katolikusok\" data-secret=\"DSn1UJpuqL\" frameborder=\"0\" marginwidth=\"0\" marginheight=\"0\" scrolling=\"no\" class=\"wp-embedded-content\"><\/iframe><script type=\"text\/javascript\">\n\/* <![CDATA[ *\/\n\/*! This file is auto-generated *\/\n!function(d,l){\"use strict\";l.querySelector&&d.addEventListener&&\"undefined\"!=typeof URL&&(d.wp=d.wp||{},d.wp.receiveEmbedMessage||(d.wp.receiveEmbedMessage=function(e){var t=e.data;if((t||t.secret||t.message||t.value)&&!\/[^a-zA-Z0-9]\/.test(t.secret)){for(var s,r,n,a=l.querySelectorAll('iframe[data-secret=\"'+t.secret+'\"]'),o=l.querySelectorAll('blockquote[data-secret=\"'+t.secret+'\"]'),c=new RegExp(\"^https?:$\",\"i\"),i=0;i<o.length;i++)o[i].style.display=\"none\";for(i=0;i<a.length;i++)s=a[i],e.source===s.contentWindow&&(s.removeAttribute(\"style\"),\"height\"===t.message?(1e3<(r=parseInt(t.value,10))?r=1e3:~~r<200&&(r=200),s.height=r):\"link\"===t.message&&(r=new URL(s.getAttribute(\"src\")),n=new URL(t.value),c.test(n.protocol))&&n.host===r.host&&l.activeElement===s&&(d.top.location.href=t.value))}},d.addEventListener(\"message\",d.wp.receiveEmbedMessage,!1),l.addEventListener(\"DOMContentLoaded\",function(){for(var e,t,s=l.querySelectorAll(\"iframe.wp-embedded-content\"),r=0;r<s.length;r++)(t=(e=s[r]).getAttribute(\"data-secret\"))||(t=Math.random().toString(36).substring(2,12),e.src+=\"#?secret=\"+t,e.setAttribute(\"data-secret\",t)),e.contentWindow.postMessage({message:\"ready\",secret:t},\"*\")},!1)))}(window,document);\n\/\/# sourceURL=https:\/\/stuttgarti-katolikusok.de\/wp-includes\/js\/wp-embed.min.js\n\/* ]]> *\/\n<\/script>\n","thumbnail_url":"https:\/\/stuttgarti-katolikusok.de\/wp-content\/uploads\/2024\/07\/img-2867-scaled.jpg","thumbnail_width":2560,"thumbnail_height":1707,"description":"Az olvasm\u00e1nyban a n\u00e9p vezet\u0151inek felel\u0151ss\u00e9g\u00e9r\u0151l sz\u00f3l az \u00dar. A vezet\u0151i feladat mindazok saj\u00e1tja, akikre emberek vannak b\u00edzva. Ez el\u0151l nem lehet kit\u00e9rni. Ehhez pedig term\u00e9szetszer\u0171leg hozz\u00e1tartozik az egy\u00e9ni sz\u00e1mad\u00e1s is. A magam hely\u00e9n \u00e9s m\u00f3dj\u00e1n sz\u00e1mot kell adnom. Mindez azonban nem t\u00f6lthet el nyugtalans\u00e1ggal \u00e9s f\u00e9lelemmel. Sokkal ink\u00e1bb biztat\u00e1s \u00e9s lehet\u0151s\u00e9g ez a sz\u00e1mad\u00e1s. Olyan, mint a k\u00f6zelg\u0151 vizsga, amely v\u00e9gs\u0151 soron \u00f6r\u00f6mmel t\u00f6lt el, hiszen v\u00e9gre sz\u00e1mot adatok elv\u00e9gzett munk\u00e1mr\u00f3l. Boldogok mindazok, akik \u00edgy \u00e9lik \u00e9let\u00fcket. A v\u00e1laszos zsolt\u00e1r a p\u00e1sztor \u00e9s juh kapcsolat\u00e1n kereszt\u00fcl \u00e9rz\u00e9kelti Istenhez f\u0171z\u0151d\u0151 kapcsolatomat: &#8222;Az \u00dar n\u00e9kem p\u00e1sztorom, \u00edns\u00e9get nem kell l\u00e1tnom.&#8221; A szentlecke ism\u00e9telten meger\u0151s\u00edti sz\u00e1munkra a nagyon fontos igazs\u00e1got: Krisztus a mi b\u00e9kess\u00e9g\u00fcnk. Amennyiben nem Krisztusban keress\u00fck egy\u00e9ni b\u00e9k\u00e9nk forr\u00e1s\u00e1t, \u00fagy \u00f6r\u00f6k nyugtalans\u00e1g \u00e9s f\u00e9lelem az oszt\u00e1lyr\u00e9sz\u00fcnk. Az evang\u00e9lium arr\u00f3l sz\u00e1mol be, hogy mindenkinek sz\u00fcks\u00e9ge van elcsendesed\u00e9sre, pihen\u00e9sre. Ezek a hetek \u00e9s h\u00f3napok az elcsendesed\u00e9sr\u0151l \u00e9s pihen\u00e9sr\u0151l is sz\u00f3lnak. Ugyanakkor a pihen\u00e9s \u00e9s elcsendesed\u00e9s lehet\u0151s\u00e9get is k\u00edn\u00e1l az egy\u00e9ni sz\u00e1mad\u00e1sra, lelki \u00e9s testi fel\u00fcd\u00fcl\u00e9sre. \u00c9ljek a lehet\u0151s\u00e9ggel, hiszen sz\u00fcks\u00e9gem van r\u00e1m!\u00a0 Kezd\u0151\u00e9nek: \u00edme, az Isten seg\u00edt engem, \u00e9s az \u00dar az \u00e9n lelkem oltalmaz\u00f3ja. K\u00e9szs\u00e9ges sz\u00edvvel \u00e1ldozom majd neked, \u00e9s h\u00e1l\u00e1t adok, Uram, j\u00f3s\u00e1gos nevednek. (V\u00f6. Zsolt 53,6.8) K\u00f6ny\u00f6rg\u00e9s: Urunk, Isten\u00fcnk, k\u00f6ny\u00f6r\u00fclj n\u00e9peden, \u00e9s add nek\u00fcnk b\u0151s\u00e9gesen kegyelmed aj\u00e1nd\u00e9kait, hogy mindenkor \u00e9l\u0151 hittel, rem\u00e9nys\u00e9ggel, szeretettel \u00e9s \u00e1lland\u00f3 \u00e9bers\u00e9ggel teljes\u00edts\u00fck parancsaidat. A mi Urunk, J\u00e9zus Krisztus, a te Fiad \u00e1ltal, aki veled \u00e9l \u00e9s uralkodik a Szentl\u00e9lekkel egys\u00e9gben, Isten mind\u00f6r\u00f6kk\u00f6n \u00f6r\u00f6kk\u00e9. OLVASM\u00c1NY Jeremi\u00e1s pr\u00f3f\u00e9ta k\u00f6nyv\u00e9b\u0151l (Jer 23,1-6) Ezt mondja az \u00dar: \u201eJaj a p\u00e1sztoroknak, akik veszni hagyj\u00e1k \u00e9s sz\u00e9tsz\u00e9lesztik legel\u0151m juhait.\u201d Ez\u00e9rt ezt mondja az \u00dar, Izrael Istene a p\u00e1sztoroknak, akik n\u00e9pemet vezetik: \u201eSz\u00e9tsz\u00e9lesztett\u00e9tek ny\u00e1jamat, sz\u00e9tkergett\u00e9tek, s nem t\u00f6r\u0151dtek vele. Nos, nekem majd gondom lesz r\u00e1tok, m\u00e9gpedig gonosz tetteitek szerint\u201d \u2013 mondja az \u00dar. \u201eNy\u00e1jam marad\u00e9k\u00e1t viszont magam gy\u0171jt\u00f6m \u00f6ssze azokb\u00f3l az... R\u00e9szletek"}

Évközi 16. vasárnap - Stuttgarti Katolikusok

<blockquote class="wp-embedded-content" data-secret="DSn1UJpuqL"><a href="https://stuttgarti-katolikusok.de/index.php/evkozi-16-vasarnap/">Évközi 16. vasárnap</a></blockquote><iframe sandbox="allow-scripts" security="restricted" src="https://stuttgarti-katolikusok.de/index.php/evkozi-16-vasarnap/embed/#?secret=DSn1UJpuqL" width="600" height="338" title="&#8220;Évközi 16. vasárnap&#8221; &#8212; Stuttgarti Katolikusok" data-secret="DSn1UJpuqL" frameborder="0" marginwidth="0" marginheight="0" scrolling="no" class="wp-embedded-content"></iframe><script type="text/javascript">
/* <![CDATA[ */
/*! This file is auto-generated */
!function(d,l){"use strict";l.querySelector&&d.addEventListener&&"undefined"!=typeof URL&&(d.wp=d.wp||{},d.wp.receiveEmbedMessage||(d.wp.receiveEmbedMessage=function(e){var t=e.data;if((t||t.secret||t.message||t.value)&&!/[^a-zA-Z0-9]/.test(t.secret)){for(var s,r,n,a=l.querySelectorAll('iframe[data-secret="'+t.secret+'"]'),o=l.querySelectorAll('blockquote[data-secret="'+t.secret+'"]'),c=new RegExp("^https?:$","i"),i=0;i<o.length;i++)o[i].style.display="none";for(i=0;i<a.length;i++)s=a[i],e.source===s.contentWindow&&(s.removeAttribute("style"),"height"===t.message?(1e3<(r=parseInt(t.value,10))?r=1e3:~~r<200&&(r=200),s.height=r):"link"===t.message&&(r=new URL(s.getAttribute("src")),n=new URL(t.value),c.test(n.protocol))&&n.host===r.host&&l.activeElement===s&&(d.top.location.href=t.value))}},d.addEventListener("message",d.wp.receiveEmbedMessage,!1),l.addEventListener("DOMContentLoaded",function(){for(var e,t,s=l.querySelectorAll("iframe.wp-embedded-content"),r=0;r<s.length;r++)(t=(e=s[r]).getAttribute("data-secret"))||(t=Math.random().toString(36).substring(2,12),e.src+="#?secret="+t,e.setAttribute("data-secret",t)),e.contentWindow.postMessage({message:"ready",secret:t},"*")},!1)))}(window,document);
//# sourceURL=https://stuttgarti-katolikusok.de/wp-includes/js/wp-embed.min.js
/* ]]> */
</script>

Az olvasmányban a nép vezetőinek felelősségéről szól az Úr. A vezetői feladat mindazok sajátja, akikre emberek vannak bízva. Ez elől nem lehet kitérni. Ehhez pedig természetszerűleg hozzátartozik az egyéni számadás is. A magam helyén és módján számot kell adnom. Mindez azonban nem tölthet el nyugtalansággal és félelemmel. Sokkal inkább biztatás és lehetőség ez a számadás. Olyan, mint a közelgő vizsga, amely végső soron örömmel tölt el, hiszen végre számot adatok elvégzett munkámról. Boldogok mindazok, akik így élik életüket. A válaszos zsoltár a pásztor és juh kapcsolatán keresztül érzékelti Istenhez fűződő kapcsolatomat: &#8222;Az Úr nékem pásztorom, ínséget nem kell látnom.&#8221; A szentlecke ismételten megerősíti számunkra a nagyon fontos igazságot: Krisztus a mi békességünk. Amennyiben nem Krisztusban keressük egyéni békénk forrását, úgy örök nyugtalanság és félelem az osztályrészünk. Az evangélium arról számol be, hogy mindenkinek szüksége van elcsendesedésre, pihenésre. Ezek a hetek és hónapok az elcsendesedésről és pihenésről is szólnak. Ugyanakkor a pihenés és elcsendesedés lehetőséget is kínál az egyéni számadásra, lelki és testi felüdülésre. Éljek a lehetőséggel, hiszen szükségem van rám!  Kezdőének: íme, az Isten segít engem, és az Úr az én lelkem oltalmazója. Készséges szívvel áldozom majd neked, és hálát adok, Uram, jóságos nevednek. (Vö. Zsolt 53,6.8) Könyörgés: Urunk, Istenünk, könyörülj népeden, és add nekünk bőségesen kegyelmed ajándékait, hogy mindenkor élő hittel, reménységgel, szeretettel és állandó éberséggel teljesítsük parancsaidat. A mi Urunk, Jézus Krisztus, a te Fiad által, aki veled él és uralkodik a Szentlélekkel egységben, Isten mindörökkön örökké. OLVASMÁNY Jeremiás próféta könyvéből (Jer 23,1-6) Ezt mondja az Úr: „Jaj a pásztoroknak, akik veszni hagyják és szétszélesztik legelőm juhait.” Ezért ezt mondja az Úr, Izrael Istene a pásztoroknak, akik népemet vezetik: „Szétszélesztettétek nyájamat, szétkergettétek, s nem törődtek vele. Nos, nekem majd gondom lesz rátok, mégpedig gonosz tetteitek szerint” – mondja az Úr. „Nyájam maradékát viszont magam gyűjtöm össze azokból az... Részletek
