{"version":"1.0","provider_name":"Stuttgarti Katolikusok","provider_url":"https:\/\/stuttgarti-katolikusok.de","title":"\u00c9vk\u00f6zi 15. vas\u00e1rnap - Stuttgarti Katolikusok","type":"rich","width":600,"height":338,"html":"<blockquote class=\"wp-embedded-content\" data-secret=\"6w6hZqHNCP\"><a href=\"https:\/\/stuttgarti-katolikusok.de\/index.php\/evkozi-15-vasarnap-3\/\">\u00c9vk\u00f6zi 15. vas\u00e1rnap<\/a><\/blockquote><iframe sandbox=\"allow-scripts\" security=\"restricted\" src=\"https:\/\/stuttgarti-katolikusok.de\/index.php\/evkozi-15-vasarnap-3\/embed\/#?secret=6w6hZqHNCP\" width=\"600\" height=\"338\" title=\"&#8220;\u00c9vk\u00f6zi 15. vas\u00e1rnap&#8221; &#8212; Stuttgarti Katolikusok\" data-secret=\"6w6hZqHNCP\" frameborder=\"0\" marginwidth=\"0\" marginheight=\"0\" scrolling=\"no\" class=\"wp-embedded-content\"><\/iframe><script type=\"text\/javascript\">\n\/* <![CDATA[ *\/\n\/*! This file is auto-generated *\/\n!function(d,l){\"use strict\";l.querySelector&&d.addEventListener&&\"undefined\"!=typeof URL&&(d.wp=d.wp||{},d.wp.receiveEmbedMessage||(d.wp.receiveEmbedMessage=function(e){var t=e.data;if((t||t.secret||t.message||t.value)&&!\/[^a-zA-Z0-9]\/.test(t.secret)){for(var s,r,n,a=l.querySelectorAll('iframe[data-secret=\"'+t.secret+'\"]'),o=l.querySelectorAll('blockquote[data-secret=\"'+t.secret+'\"]'),c=new RegExp(\"^https?:$\",\"i\"),i=0;i<o.length;i++)o[i].style.display=\"none\";for(i=0;i<a.length;i++)s=a[i],e.source===s.contentWindow&&(s.removeAttribute(\"style\"),\"height\"===t.message?(1e3<(r=parseInt(t.value,10))?r=1e3:~~r<200&&(r=200),s.height=r):\"link\"===t.message&&(r=new URL(s.getAttribute(\"src\")),n=new URL(t.value),c.test(n.protocol))&&n.host===r.host&&l.activeElement===s&&(d.top.location.href=t.value))}},d.addEventListener(\"message\",d.wp.receiveEmbedMessage,!1),l.addEventListener(\"DOMContentLoaded\",function(){for(var e,t,s=l.querySelectorAll(\"iframe.wp-embedded-content\"),r=0;r<s.length;r++)(t=(e=s[r]).getAttribute(\"data-secret\"))||(t=Math.random().toString(36).substring(2,12),e.src+=\"#?secret=\"+t,e.setAttribute(\"data-secret\",t)),e.contentWindow.postMessage({message:\"ready\",secret:t},\"*\")},!1)))}(window,document);\n\/\/# sourceURL=https:\/\/stuttgarti-katolikusok.de\/wp-includes\/js\/wp-embed.min.js\n\/* ]]> *\/\n<\/script>\n","thumbnail_url":"https:\/\/stuttgarti-katolikusok.de\/wp-content\/uploads\/2024\/07\/screenshot-20240714-143249-facebook.jpg","thumbnail_width":1079,"thumbnail_height":718,"description":"A kereszt\u00e9ny \u00e9let alapt\u00f6rv\u00e9nye a szeretet. Aki embert\u00e1rsait nem becs\u00fcli, s\u0151t megveti \u00e9s gy\u0171l\u00f6li, az nem nevezheti mag\u00e1t Krisztus tan\u00edtv\u00e1ny\u00e1nak, nem lehet tagja az Isten orsz\u00e1g\u00e1nak. A szentmise k\u00f6ny\u00f6rg\u00e9s\u00e9ben az\u00e9rt foh\u00e1szkodunk, hogy az isteni igazs\u00e1g f\u00e9ny\u00e9ben mindig r\u00e1tal\u00e1ljunk a helyes \u00fatra. Elt\u00e9vedni, elesni m\u00e9g nem trag\u00e9dia. Legyen meg mindig a k\u00e9szs\u00e9g \u00e9s sz\u00e1nd\u00e9k visszatal\u00e1lni kit\u0171z\u00f6tt c\u00e9ljainkhoz. A sz\u00edv\u00fcnkben hordozott \u00e9s sz\u00e1junkkal megvallott t\u00f6rv\u00e9nyekkel kapcsolatosan m\u00e1r a M\u00f3zes k\u00f6nyv\u00e9nek szerz\u0151je is azt mondja, hogy nem nehezek. A gyakorlatban ez azt jelenti, nem elegend\u0151 csup\u00e1n a t\u00f6rv\u00e9ny megtart\u00e1sa, a hozz\u00e1 val\u00f3 h\u0171s\u00e9g. Fontosabb enn\u00e9l, hogy az Istennel val\u00f3 kapcsolatunkat mindenn\u00e9l t\u00f6bbre becs\u00fclj\u00fck, gondosan \u0151rizz\u00fck \u00e9s \u00e1poljuk. Krisztus az egyetlen k\u00f6zvet\u00edt\u0151, hiszen \u0150 a l\u00e1thatatlan Isten k\u00e9pm\u00e1sa. Err\u0151l \u00edr Szent P\u00e1l apostol a kolosszeiekhez \u00edrt level\u00e9ben. \u0150 az, aki megszerezte nek\u00fcnk b\u0171neink bocs\u00e1nat\u00e1t \u00e9s az \u00f6r\u00f6k \u00e9letet. Egyh\u00e1zmegy\u00e9nkben, a szinodalit\u00e1s szellem\u00e9ben, a j\u00f6v\u0151 egyh\u00e1zk\u00e9pet igyeksz\u00fcnk felv\u00e1zolni. E nagym\u00e9rt\u00e9k\u0171 v\u00e1ltoz\u00e1s legnagyobb k\u00eds\u00e9rt\u00e9se, ha Krisztus n\u00e9lk\u00fcli Egyh\u00e1zat akarunk. A gyakorlatban ez azt jelenti, hogy az Eucharisztia k\u00f6z\u00f6s \u00fcnnepl\u00e9se a h\u00e1tt\u00e9rbe szorul. Ezen kincs\u00fcnket egy\u00fctt kell meg\u0151rizn\u00fcnk. Mit jelent ez sz\u00e1munkra? Egyszer\u0171en azt, hogy minden m\u00e1s divat \u00e9s t\u00f6rekv\u00e9s ellen\u00e9re, fontos sz\u00e1munkra a szentmise. Hajland\u00f3 vagyok \u00e9rte \u00e1ldozatot is hozni, amennyiben arra sz\u00fcks\u00e9g van. Ugyanis a szentmise k\u00f6z\u00f6ss\u00e9get teremt! Az evang\u00e9liumban ism\u00e9telten arr\u00f3l hallhatunk, hogy a szeretet az \u00faj parancsolat. Tudok-e szeretetben \u00e9lni? Ezen \u00e1ll vagy bukik egy\u00e9ni \u00fcdv\u00f6ss\u00e9gem. Hitem \u00e9s vall\u00e1soss\u00e1gom fokm\u00e9r\u0151je is egyben. Kiterjed mindenkire, m\u00e9rc\u00e9je pedig J\u00e9zus Krisztus ir\u00e1ntunk val\u00f3 szeretete. Ez a szeretet nem v\u00e1logat! Belegondoltam abba, hogy J\u00e9zus minden emberi gyenges\u00e9gem ellen\u00e9re szeret engem? Amennyiben sz\u00edvemben, egy\u00e9ni szem\u00e9lyis\u00e9gem legm\u00e9ly\u00e9n \u00e9l ez a csod\u00e1latos felismer\u00e9s, \u00fagy es\u00e9lyem van J\u00e9zus szeretet\u00e9ben megmaradnom. M\u00e1ra m\u00e1r kell\u0151k\u00e9pen d\u00f6rzs\u00f6lt vagyok ahhoz, hogy mindig megmagyar\u00e1zzam bizony\u00edtv\u00e1nyomat konkr\u00e9t esetekben, felment\u00e9seket keresve a szeretet parancs\u00e1nak teljes\u00edt\u00e9s\u00e9t tekintve. Ekkor l\u00e9nyeg\u00e9ben \u00f6nmagamat csapom be. Ez az, amit sohasem szabad szem el\u0151l... R\u00e9szletek"}

Évközi 15. vasárnap - Stuttgarti Katolikusok

<blockquote class="wp-embedded-content" data-secret="6w6hZqHNCP"><a href="https://stuttgarti-katolikusok.de/index.php/evkozi-15-vasarnap-3/">Évközi 15. vasárnap</a></blockquote><iframe sandbox="allow-scripts" security="restricted" src="https://stuttgarti-katolikusok.de/index.php/evkozi-15-vasarnap-3/embed/#?secret=6w6hZqHNCP" width="600" height="338" title="&#8220;Évközi 15. vasárnap&#8221; &#8212; Stuttgarti Katolikusok" data-secret="6w6hZqHNCP" frameborder="0" marginwidth="0" marginheight="0" scrolling="no" class="wp-embedded-content"></iframe><script type="text/javascript">
/* <![CDATA[ */
/*! This file is auto-generated */
!function(d,l){"use strict";l.querySelector&&d.addEventListener&&"undefined"!=typeof URL&&(d.wp=d.wp||{},d.wp.receiveEmbedMessage||(d.wp.receiveEmbedMessage=function(e){var t=e.data;if((t||t.secret||t.message||t.value)&&!/[^a-zA-Z0-9]/.test(t.secret)){for(var s,r,n,a=l.querySelectorAll('iframe[data-secret="'+t.secret+'"]'),o=l.querySelectorAll('blockquote[data-secret="'+t.secret+'"]'),c=new RegExp("^https?:$","i"),i=0;i<o.length;i++)o[i].style.display="none";for(i=0;i<a.length;i++)s=a[i],e.source===s.contentWindow&&(s.removeAttribute("style"),"height"===t.message?(1e3<(r=parseInt(t.value,10))?r=1e3:~~r<200&&(r=200),s.height=r):"link"===t.message&&(r=new URL(s.getAttribute("src")),n=new URL(t.value),c.test(n.protocol))&&n.host===r.host&&l.activeElement===s&&(d.top.location.href=t.value))}},d.addEventListener("message",d.wp.receiveEmbedMessage,!1),l.addEventListener("DOMContentLoaded",function(){for(var e,t,s=l.querySelectorAll("iframe.wp-embedded-content"),r=0;r<s.length;r++)(t=(e=s[r]).getAttribute("data-secret"))||(t=Math.random().toString(36).substring(2,12),e.src+="#?secret="+t,e.setAttribute("data-secret",t)),e.contentWindow.postMessage({message:"ready",secret:t},"*")},!1)))}(window,document);
//# sourceURL=https://stuttgarti-katolikusok.de/wp-includes/js/wp-embed.min.js
/* ]]> */
</script>

A keresztény élet alaptörvénye a szeretet. Aki embertársait nem becsüli, sőt megveti és gyűlöli, az nem nevezheti magát Krisztus tanítványának, nem lehet tagja az Isten országának. A szentmise könyörgésében azért fohászkodunk, hogy az isteni igazság fényében mindig rátaláljunk a helyes útra. Eltévedni, elesni még nem tragédia. Legyen meg mindig a készség és szándék visszatalálni kitűzött céljainkhoz. A szívünkben hordozott és szájunkkal megvallott törvényekkel kapcsolatosan már a Mózes könyvének szerzője is azt mondja, hogy nem nehezek. A gyakorlatban ez azt jelenti, nem elegendő csupán a törvény megtartása, a hozzá való hűség. Fontosabb ennél, hogy az Istennel való kapcsolatunkat mindennél többre becsüljük, gondosan őrizzük és ápoljuk. Krisztus az egyetlen közvetítő, hiszen Ő a láthatatlan Isten képmása. Erről ír Szent Pál apostol a kolosszeiekhez írt levelében. Ő az, aki megszerezte nekünk bűneink bocsánatát és az örök életet. Egyházmegyénkben, a szinodalitás szellemében, a jövő egyházképet igyekszünk felvázolni. E nagymértékű változás legnagyobb kísértése, ha Krisztus nélküli Egyházat akarunk. A gyakorlatban ez azt jelenti, hogy az Eucharisztia közös ünneplése a háttérbe szorul. Ezen kincsünket együtt kell megőriznünk. Mit jelent ez számunkra? Egyszerűen azt, hogy minden más divat és törekvés ellenére, fontos számunkra a szentmise. Hajlandó vagyok érte áldozatot is hozni, amennyiben arra szükség van. Ugyanis a szentmise közösséget teremt! Az evangéliumban ismételten arról hallhatunk, hogy a szeretet az új parancsolat. Tudok-e szeretetben élni? Ezen áll vagy bukik egyéni üdvösségem. Hitem és vallásosságom fokmérője is egyben. Kiterjed mindenkire, mércéje pedig Jézus Krisztus irántunk való szeretete. Ez a szeretet nem válogat! Belegondoltam abba, hogy Jézus minden emberi gyengeségem ellenére szeret engem? Amennyiben szívemben, egyéni személyiségem legmélyén él ez a csodálatos felismerés, úgy esélyem van Jézus szeretetében megmaradnom. Mára már kellőképen dörzsölt vagyok ahhoz, hogy mindig megmagyarázzam bizonyítványomat konkrét esetekben, felmentéseket keresve a szeretet parancsának teljesítését tekintve. Ekkor lényegében önmagamat csapom be. Ez az, amit sohasem szabad szem elől... Részletek
