{"version":"1.0","provider_name":"Stuttgarti Katolikusok","provider_url":"https:\/\/stuttgarti-katolikusok.de","title":"\u00c9vk\u00f6zi 10. vas\u00e1rnap - Stuttgarti Katolikusok","type":"rich","width":600,"height":338,"html":"<blockquote class=\"wp-embedded-content\" data-secret=\"lFhPtRwtm8\"><a href=\"https:\/\/stuttgarti-katolikusok.de\/index.php\/evkozi-10-vasarnap-2\/\">\u00c9vk\u00f6zi 10. vas\u00e1rnap<\/a><\/blockquote><iframe sandbox=\"allow-scripts\" security=\"restricted\" src=\"https:\/\/stuttgarti-katolikusok.de\/index.php\/evkozi-10-vasarnap-2\/embed\/#?secret=lFhPtRwtm8\" width=\"600\" height=\"338\" title=\"&#8220;\u00c9vk\u00f6zi 10. vas\u00e1rnap&#8221; &#8212; Stuttgarti Katolikusok\" data-secret=\"lFhPtRwtm8\" frameborder=\"0\" marginwidth=\"0\" marginheight=\"0\" scrolling=\"no\" class=\"wp-embedded-content\"><\/iframe><script type=\"text\/javascript\">\n\/* <![CDATA[ *\/\n\/*! This file is auto-generated *\/\n!function(d,l){\"use strict\";l.querySelector&&d.addEventListener&&\"undefined\"!=typeof URL&&(d.wp=d.wp||{},d.wp.receiveEmbedMessage||(d.wp.receiveEmbedMessage=function(e){var t=e.data;if((t||t.secret||t.message||t.value)&&!\/[^a-zA-Z0-9]\/.test(t.secret)){for(var s,r,n,a=l.querySelectorAll('iframe[data-secret=\"'+t.secret+'\"]'),o=l.querySelectorAll('blockquote[data-secret=\"'+t.secret+'\"]'),c=new RegExp(\"^https?:$\",\"i\"),i=0;i<o.length;i++)o[i].style.display=\"none\";for(i=0;i<a.length;i++)s=a[i],e.source===s.contentWindow&&(s.removeAttribute(\"style\"),\"height\"===t.message?(1e3<(r=parseInt(t.value,10))?r=1e3:~~r<200&&(r=200),s.height=r):\"link\"===t.message&&(r=new URL(s.getAttribute(\"src\")),n=new URL(t.value),c.test(n.protocol))&&n.host===r.host&&l.activeElement===s&&(d.top.location.href=t.value))}},d.addEventListener(\"message\",d.wp.receiveEmbedMessage,!1),l.addEventListener(\"DOMContentLoaded\",function(){for(var e,t,s=l.querySelectorAll(\"iframe.wp-embedded-content\"),r=0;r<s.length;r++)(t=(e=s[r]).getAttribute(\"data-secret\"))||(t=Math.random().toString(36).substring(2,12),e.src+=\"#?secret=\"+t,e.setAttribute(\"data-secret\",t)),e.contentWindow.postMessage({message:\"ready\",secret:t},\"*\")},!1)))}(window,document);\n\/\/# sourceURL=https:\/\/stuttgarti-katolikusok.de\/wp-includes\/js\/wp-embed.min.js\n\/* ]]> *\/\n<\/script>\n","thumbnail_url":"https:\/\/stuttgarti-katolikusok.de\/wp-content\/uploads\/2024\/06\/stuttgart-36.jpg","thumbnail_width":1078,"thumbnail_height":1074,"description":"A nyit\u00f3k\u00e9pen J\u00e9zus Sz\u00edve k\u00e9p l\u00e1that\u00f3. Szatm\u00e1rn\u00e9metiben ugyanis ezen a vas\u00e1rnapon egyh\u00e1zmegyei J\u00e9zus Sz\u00edve b\u00facs\u00fat tartanak. Sz\u00e1mos \u00f6r\u00f6mteli \u00e9lm\u00e9nyt hordozok sz\u00edvemben ezen l\u00e9lekemel\u0151 \u00fcnneppel kapcsolatosan, melyek most is v\u00e9gtelen h\u00e1l\u00e1ra \u00f6szt\u00f6n\u00f6znek. Az olvasm\u00e1nyban a b\u0171nbees\u00e9s ut\u00e1ni \u00e1llapotr\u00f3l \u00e9s annak k\u00f6vetkezm\u00e9nyeir\u0151l sz\u00e1mol be a szent\u00edr\u00f3. Az els\u0151 b\u0171nnek m\u00e1ig hat\u00f3 k\u00f6vetkezm\u00e9nyei vannak. K\u00fcl\u00f6n\u00f6sen fontos ezt hangs\u00falyozni ma, amikoris l\u00e1tsz\u00f3lag a k\u00f6vetkezm\u00e9nyek n\u00e9lk\u00fcli vil\u00e1gnak vagyunk polg\u00e1rjai. Mennyire vagyok tudat\u00e1ban szavaim \u00e9s tetteim j\u00f3 \u00e9s kev\u00e9sb\u00e9 j\u00f3 k\u00f6vetkezm\u00e9nyeinek? Ne hagyjam, hogy a korszellem rajtam is elhatalmasodjon. A szentleck\u00e9nek egy fontos \u00fczenet\u00e9t szeretn\u00e9m idehozni: &#8222;Mert minden \u00e9rtetek t\u00f6rt\u00e9nik, hogy min\u00e9l b\u0151vebben \u00e1radjon a kegyelem, \u00e9s \u00edgy h\u00e1l\u00e1t is mind t\u00f6bben adjanak az Isten dics\u0151s\u00e9g\u00e9re.&#8221; Nem \u00fagy alakul az \u00e9letedben valami, amint eltervezted, ne cs\u00fcggedj. Mer\u00edts er\u0151t e szavakb\u00f3l. Minden \u00e9rtem t\u00f6rt\u00e9nik, ennyire fontos vagyok teremt\u0151 Istenem sz\u00e1m\u00e1ra. Csak hinnem kell benne. Az evang\u00e9liumban arr\u00f3l hallhatunk, hogy J\u00e9zus Krisztus sem \u00fassza meg a c\u00edmk\u00e9z\u00e9st: &#8222;Az a h\u00edr j\u00e1rta ugyanis, hogy megzavarodott.&#8221; \u0150 nem foglalkozik ezzel a fajta c\u00edmk\u00e9z\u00e9ssel, nem fecs\u00e9rel erre id\u0151t \u00e9s energi\u00e1t. M\u00e1s, sokkal fontosabb k\u00fcldet\u00e9se van. Erre koncentr\u00e1l. ezzel mintegy engem is b\u00e1tor\u00edt. Ne foglalkozzam m\u00e1sok alattomos \u00e9s cinikus megjegyz\u00e9seivel. J\u00e1rja a magam \u00fatj\u00e1t, egyben pedig \u00f6sszpontos\u00edtsak fontos dolgaimra. M\u00e1sok el\u0151\u00edt\u00e9leteit\u0151l mentes \u00e9s szabad \u00e9let ez! Az igazi szabads\u00e1g megtapasztal\u00e1sa! OLVASM\u00c1NY M\u00f3zes els\u0151 k\u00f6nyv\u00e9b\u0151l (Ter 3,9-15) Az els\u0151 ember \u00e9s feles\u00e9ge, miut\u00e1n ettek a tiltott fa gy\u00fcm\u00f6lcs\u00e9b\u0151l, elrejt\u0151ztek a kert f\u00e1i k\u00f6z\u00f6tt, de az \u00daristen h\u00edvta az embert, \u00e9s \u00edgy sz\u00f3lt hozz\u00e1: \u201eHol vagy?\u201d \u0150 \u00edgy v\u00e1laszolt: \u201eHallottam l\u00e9pteidet a kertben, \u00e9s f\u00e9ltem, mert mez\u00edtelen vagyok, ez\u00e9rt elrejt\u0151ztem.\u201d De az \u00daristen \u00edgy sz\u00f3lt: \u201eKi adta tudtodra, hogy mez\u00edtelen vagy? Tal\u00e1n ett\u00e9l a f\u00e1r\u00f3l, amelyr\u0151l megtiltottam, hogy egy\u00e9l?\u201d Az ember \u00edgy v\u00e1laszolt: \u201eAz asszony, akit mell\u00e9m adt\u00e1l, \u0151 adott nekem a f\u00e1r\u00f3l, az\u00e9rt ettem.\u201d Erre az \u00daristen megk\u00e9rdezte az asszonyt: \u201eMit tett\u00e9l?\u201d Az... R\u00e9szletek"}

Évközi 10. vasárnap - Stuttgarti Katolikusok

<blockquote class="wp-embedded-content" data-secret="lFhPtRwtm8"><a href="https://stuttgarti-katolikusok.de/index.php/evkozi-10-vasarnap-2/">Évközi 10. vasárnap</a></blockquote><iframe sandbox="allow-scripts" security="restricted" src="https://stuttgarti-katolikusok.de/index.php/evkozi-10-vasarnap-2/embed/#?secret=lFhPtRwtm8" width="600" height="338" title="&#8220;Évközi 10. vasárnap&#8221; &#8212; Stuttgarti Katolikusok" data-secret="lFhPtRwtm8" frameborder="0" marginwidth="0" marginheight="0" scrolling="no" class="wp-embedded-content"></iframe><script type="text/javascript">
/* <![CDATA[ */
/*! This file is auto-generated */
!function(d,l){"use strict";l.querySelector&&d.addEventListener&&"undefined"!=typeof URL&&(d.wp=d.wp||{},d.wp.receiveEmbedMessage||(d.wp.receiveEmbedMessage=function(e){var t=e.data;if((t||t.secret||t.message||t.value)&&!/[^a-zA-Z0-9]/.test(t.secret)){for(var s,r,n,a=l.querySelectorAll('iframe[data-secret="'+t.secret+'"]'),o=l.querySelectorAll('blockquote[data-secret="'+t.secret+'"]'),c=new RegExp("^https?:$","i"),i=0;i<o.length;i++)o[i].style.display="none";for(i=0;i<a.length;i++)s=a[i],e.source===s.contentWindow&&(s.removeAttribute("style"),"height"===t.message?(1e3<(r=parseInt(t.value,10))?r=1e3:~~r<200&&(r=200),s.height=r):"link"===t.message&&(r=new URL(s.getAttribute("src")),n=new URL(t.value),c.test(n.protocol))&&n.host===r.host&&l.activeElement===s&&(d.top.location.href=t.value))}},d.addEventListener("message",d.wp.receiveEmbedMessage,!1),l.addEventListener("DOMContentLoaded",function(){for(var e,t,s=l.querySelectorAll("iframe.wp-embedded-content"),r=0;r<s.length;r++)(t=(e=s[r]).getAttribute("data-secret"))||(t=Math.random().toString(36).substring(2,12),e.src+="#?secret="+t,e.setAttribute("data-secret",t)),e.contentWindow.postMessage({message:"ready",secret:t},"*")},!1)))}(window,document);
//# sourceURL=https://stuttgarti-katolikusok.de/wp-includes/js/wp-embed.min.js
/* ]]> */
</script>

A nyitóképen Jézus Szíve kép látható. Szatmárnémetiben ugyanis ezen a vasárnapon egyházmegyei Jézus Szíve búcsút tartanak. Számos örömteli élményt hordozok szívemben ezen lélekemelő ünneppel kapcsolatosan, melyek most is végtelen hálára ösztönöznek. Az olvasmányban a bűnbeesés utáni állapotról és annak következményeiről számol be a szentíró. Az első bűnnek máig ható következményei vannak. Különösen fontos ezt hangsúlyozni ma, amikoris látszólag a következmények nélküli világnak vagyunk polgárjai. Mennyire vagyok tudatában szavaim és tetteim jó és kevésbé jó következményeinek? Ne hagyjam, hogy a korszellem rajtam is elhatalmasodjon. A szentleckének egy fontos üzenetét szeretném idehozni: &#8222;Mert minden értetek történik, hogy minél bővebben áradjon a kegyelem, és így hálát is mind többen adjanak az Isten dicsőségére.&#8221; Nem úgy alakul az életedben valami, amint eltervezted, ne csüggedj. Meríts erőt e szavakból. Minden értem történik, ennyire fontos vagyok teremtő Istenem számára. Csak hinnem kell benne. Az evangéliumban arról hallhatunk, hogy Jézus Krisztus sem ússza meg a címkézést: &#8222;Az a hír járta ugyanis, hogy megzavarodott.&#8221; Ő nem foglalkozik ezzel a fajta címkézéssel, nem fecsérel erre időt és energiát. Más, sokkal fontosabb küldetése van. Erre koncentrál. ezzel mintegy engem is bátorít. Ne foglalkozzam mások alattomos és cinikus megjegyzéseivel. Járja a magam útját, egyben pedig összpontosítsak fontos dolgaimra. Mások előítéleteitől mentes és szabad élet ez! Az igazi szabadság megtapasztalása! OLVASMÁNY Mózes első könyvéből (Ter 3,9-15) Az első ember és felesége, miután ettek a tiltott fa gyümölcséből, elrejtőztek a kert fái között, de az Úristen hívta az embert, és így szólt hozzá: „Hol vagy?” Ő így válaszolt: „Hallottam lépteidet a kertben, és féltem, mert mezítelen vagyok, ezért elrejtőztem.” De az Úristen így szólt: „Ki adta tudtodra, hogy mezítelen vagy? Talán ettél a fáról, amelyről megtiltottam, hogy egyél?” Az ember így válaszolt: „Az asszony, akit mellém adtál, ő adott nekem a fáról, azért ettem.” Erre az Úristen megkérdezte az asszonyt: „Mit tettél?” Az... Részletek
