{"version":"1.0","provider_name":"Stuttgarti Katolikusok","provider_url":"https:\/\/stuttgarti-katolikusok.de","title":"\u00c9vk\u00f6zi 10. vas\u00e1rnap - Stuttgarti Katolikusok","type":"rich","width":600,"height":338,"html":"<blockquote class=\"wp-embedded-content\" data-secret=\"I5eS02S6zb\"><a href=\"https:\/\/stuttgarti-katolikusok.de\/index.php\/evkozi-10-vasarnap\/\">\u00c9vk\u00f6zi 10. vas\u00e1rnap<\/a><\/blockquote><iframe sandbox=\"allow-scripts\" security=\"restricted\" src=\"https:\/\/stuttgarti-katolikusok.de\/index.php\/evkozi-10-vasarnap\/embed\/#?secret=I5eS02S6zb\" width=\"600\" height=\"338\" title=\"&#8220;\u00c9vk\u00f6zi 10. vas\u00e1rnap&#8221; &#8212; Stuttgarti Katolikusok\" data-secret=\"I5eS02S6zb\" frameborder=\"0\" marginwidth=\"0\" marginheight=\"0\" scrolling=\"no\" class=\"wp-embedded-content\"><\/iframe><script type=\"text\/javascript\">\n\/* <![CDATA[ *\/\n\/*! This file is auto-generated *\/\n!function(d,l){\"use strict\";l.querySelector&&d.addEventListener&&\"undefined\"!=typeof URL&&(d.wp=d.wp||{},d.wp.receiveEmbedMessage||(d.wp.receiveEmbedMessage=function(e){var t=e.data;if((t||t.secret||t.message||t.value)&&!\/[^a-zA-Z0-9]\/.test(t.secret)){for(var s,r,n,a=l.querySelectorAll('iframe[data-secret=\"'+t.secret+'\"]'),o=l.querySelectorAll('blockquote[data-secret=\"'+t.secret+'\"]'),c=new RegExp(\"^https?:$\",\"i\"),i=0;i<o.length;i++)o[i].style.display=\"none\";for(i=0;i<a.length;i++)s=a[i],e.source===s.contentWindow&&(s.removeAttribute(\"style\"),\"height\"===t.message?(1e3<(r=parseInt(t.value,10))?r=1e3:~~r<200&&(r=200),s.height=r):\"link\"===t.message&&(r=new URL(s.getAttribute(\"src\")),n=new URL(t.value),c.test(n.protocol))&&n.host===r.host&&l.activeElement===s&&(d.top.location.href=t.value))}},d.addEventListener(\"message\",d.wp.receiveEmbedMessage,!1),l.addEventListener(\"DOMContentLoaded\",function(){for(var e,t,s=l.querySelectorAll(\"iframe.wp-embedded-content\"),r=0;r<s.length;r++)(t=(e=s[r]).getAttribute(\"data-secret\"))||(t=Math.random().toString(36).substring(2,12),e.src+=\"#?secret=\"+t,e.setAttribute(\"data-secret\",t)),e.contentWindow.postMessage({message:\"ready\",secret:t},\"*\")},!1)))}(window,document);\n\/\/# sourceURL=https:\/\/stuttgarti-katolikusok.de\/wp-includes\/js\/wp-embed.min.js\n\/* ]]> *\/\n<\/script>\n","thumbnail_url":"https:\/\/stuttgarti-katolikusok.de\/wp-content\/uploads\/2023\/06\/prokop-peter-festmenye-a-szegedi-szeminariumban.jpg","thumbnail_width":1141,"thumbnail_height":642,"description":"OLVASM\u00c1NY\u00a0 (Oz 6, 3-6) \u00a0 \u00a0 \u00a0Igaz\u00e1ban az \u00f3sz\u00f6vets\u00e9gi kinyilatkoztat\u00e1s is mag\u00e1t az embert akarta \u00e1tform\u00e1lni. A k\u00fcls\u0151 tettek, a vezekl\u00e9s, az ima, az \u00e1ldozatbemutat\u00e1s arra val\u00f3 volt, hogy a bels\u0151 h\u00f3dolatot fejezze ki. Isten k\u00f6zeled\u00e9se \u00e1ld\u00e1st jelent, az\u00e9rt annak \u00f6r\u00fclni kell, mint a hajnali dereng\u00e9snek vagy a term\u00e9st hoz\u00f3 es\u0151nek. A n\u00e9p istentisztelete azonban kimer\u00fclt a k\u00fcls\u0151s\u00e9gekben. Olyan mint a k\u00f6d, amely elsz\u00e1ll, ha kis\u00fct a nap, mert nincs benn\u00fck igazi hit \u00e9s engedelmess\u00e9g. OLVASM\u00c1NY Oze\u00e1s pr\u00f3f\u00e9ta k\u00f6nyv\u00e9b\u0151l Nem az \u00e1ldozat kell nekem, hanem a szeretet. \u201eT\u00f6rekedj\u00fcnk megismerni az Urat: biztosan elj\u00f6n, mint a hajnal, megj\u00f6n, mint a z\u00e1por, mint a tavaszi es\u0151, amely meg\u00f6nt\u00f6zi a f\u00f6ldet.\u201d Mit tegyek veled, Efraim? Mit tegyek veled, J\u00fada? H\u0171s\u00e9ged, mint a reggeli felh\u0151, \u00e9s mint a harmat, hamar tovat\u0171nik. Ez\u00e9rt s\u00fajtottam \u0151ket a pr\u00f3f\u00e9t\u00e1k szav\u00e1val, ez\u00e9rt puszt\u00edtottam \u0151ket ajkam sz\u00f3zat\u00e1val, \u00edt\u00e9letem el\u00e9rkezik, mint a vil\u00e1goss\u00e1g. Mert nem az \u00e1ldozat kell nekem, hanem a szeretet, nem az \u00e9g\u0151\u00e1ldozat, hanem az Isten ismerete. Ez az Isten ig\u00e9je. V\u00c1LASZOS ZSOLT\u00c1R\u00a0 (49, 1 \u00e9s 8. 12-13. 14-15 9. t\u00f3nus) V\u00e1lasz: Boldog, akinek \u00fatja szepl\u0151telen, * megmutatom neki \u00fcdv\u00f6ss\u00e9gem \u00a0(23b. vers.) El\u0151\u00e9nekes: Sz\u00f3lott az \u00dar, az istenek Istene, * h\u00edvta a f\u00f6ldet napkelett\u0151l napnyugatig. \u201eNem \u00e1ldozataid miatt feddlek meg, * \u00e9g\u0151\u00e1ldozataidat mindig l\u00e1tom. H\u00edvek: Boldog, akinek \u00fatja szepl\u0151telen, * megmutatom neki \u00fcdv\u00f6ss\u00e9gem. E: Ha \u00e9hezn\u00e9k, nem sz\u00f3ln\u00e9k neked, * mert eny\u00e9m a f\u00f6ld \u00e9s eg\u00e9sz teljess\u00e9ge. Megeszem tal\u00e1n a bik\u00e1k h\u00fas\u00e1t, * vagy a bakok v\u00e9r\u00e9t iszom? H: Boldog, akinek \u00fatja szepl\u0151telen, * megmutatom neki \u00fcdv\u00f6ss\u00e9gem. E: Aj\u00e1nld f\u00f6l Istennek a dics\u00e9ret \u00e1ldozat\u00e1t, * \u00e9s teljes\u00edtsd a F\u00f6ls\u00e9ges el\u0151tt fogadalmad! A gy\u00f6trelem napj\u00e1n engem h\u00edvj\u00e1l, * megmentelek \u00e9s \u00e1ldasz engem. H: Boldog, akinek \u00fatja szepl\u0151telen, * megmutatom neki \u00fcdv\u00f6ss\u00e9gem. SZENTLECKE R\u00f3m 4, 18-25 \u00a0 \u00a0 \u00a0\u00c1brah\u00e1m olyan hitet hordozott mag\u00e1ban, hogy a lehetetlen helyzetben is tudott rem\u00e9nykedni.... R\u00e9szletek"}

Évközi 10. vasárnap - Stuttgarti Katolikusok

<blockquote class="wp-embedded-content" data-secret="I5eS02S6zb"><a href="https://stuttgarti-katolikusok.de/index.php/evkozi-10-vasarnap/">Évközi 10. vasárnap</a></blockquote><iframe sandbox="allow-scripts" security="restricted" src="https://stuttgarti-katolikusok.de/index.php/evkozi-10-vasarnap/embed/#?secret=I5eS02S6zb" width="600" height="338" title="&#8220;Évközi 10. vasárnap&#8221; &#8212; Stuttgarti Katolikusok" data-secret="I5eS02S6zb" frameborder="0" marginwidth="0" marginheight="0" scrolling="no" class="wp-embedded-content"></iframe><script type="text/javascript">
/* <![CDATA[ */
/*! This file is auto-generated */
!function(d,l){"use strict";l.querySelector&&d.addEventListener&&"undefined"!=typeof URL&&(d.wp=d.wp||{},d.wp.receiveEmbedMessage||(d.wp.receiveEmbedMessage=function(e){var t=e.data;if((t||t.secret||t.message||t.value)&&!/[^a-zA-Z0-9]/.test(t.secret)){for(var s,r,n,a=l.querySelectorAll('iframe[data-secret="'+t.secret+'"]'),o=l.querySelectorAll('blockquote[data-secret="'+t.secret+'"]'),c=new RegExp("^https?:$","i"),i=0;i<o.length;i++)o[i].style.display="none";for(i=0;i<a.length;i++)s=a[i],e.source===s.contentWindow&&(s.removeAttribute("style"),"height"===t.message?(1e3<(r=parseInt(t.value,10))?r=1e3:~~r<200&&(r=200),s.height=r):"link"===t.message&&(r=new URL(s.getAttribute("src")),n=new URL(t.value),c.test(n.protocol))&&n.host===r.host&&l.activeElement===s&&(d.top.location.href=t.value))}},d.addEventListener("message",d.wp.receiveEmbedMessage,!1),l.addEventListener("DOMContentLoaded",function(){for(var e,t,s=l.querySelectorAll("iframe.wp-embedded-content"),r=0;r<s.length;r++)(t=(e=s[r]).getAttribute("data-secret"))||(t=Math.random().toString(36).substring(2,12),e.src+="#?secret="+t,e.setAttribute("data-secret",t)),e.contentWindow.postMessage({message:"ready",secret:t},"*")},!1)))}(window,document);
//# sourceURL=https://stuttgarti-katolikusok.de/wp-includes/js/wp-embed.min.js
/* ]]> */
</script>

OLVASMÁNY  (Oz 6, 3-6)      Igazában az ószövetségi kinyilatkoztatás is magát az embert akarta átformálni. A külső tettek, a vezeklés, az ima, az áldozatbemutatás arra való volt, hogy a belső hódolatot fejezze ki. Isten közeledése áldást jelent, azért annak örülni kell, mint a hajnali derengésnek vagy a termést hozó esőnek. A nép istentisztelete azonban kimerült a külsőségekben. Olyan mint a köd, amely elszáll, ha kisüt a nap, mert nincs bennük igazi hit és engedelmesség. OLVASMÁNY Ozeás próféta könyvéből Nem az áldozat kell nekem, hanem a szeretet. „Törekedjünk megismerni az Urat: biztosan eljön, mint a hajnal, megjön, mint a zápor, mint a tavaszi eső, amely megöntözi a földet.” Mit tegyek veled, Efraim? Mit tegyek veled, Júda? Hűséged, mint a reggeli felhő, és mint a harmat, hamar tovatűnik. Ezért sújtottam őket a próféták szavával, ezért pusztítottam őket ajkam szózatával, ítéletem elérkezik, mint a világosság. Mert nem az áldozat kell nekem, hanem a szeretet, nem az égőáldozat, hanem az Isten ismerete. Ez az Isten igéje. VÁLASZOS ZSOLTÁR  (49, 1 és 8. 12-13. 14-15 9. tónus) Válasz: Boldog, akinek útja szeplőtelen, * megmutatom neki üdvösségem  (23b. vers.) Előénekes: Szólott az Úr, az istenek Istene, * hívta a földet napkelettől napnyugatig. „Nem áldozataid miatt feddlek meg, * égőáldozataidat mindig látom. Hívek: Boldog, akinek útja szeplőtelen, * megmutatom neki üdvösségem. E: Ha éheznék, nem szólnék neked, * mert enyém a föld és egész teljessége. Megeszem talán a bikák húsát, * vagy a bakok vérét iszom? H: Boldog, akinek útja szeplőtelen, * megmutatom neki üdvösségem. E: Ajánld föl Istennek a dicséret áldozatát, * és teljesítsd a Fölséges előtt fogadalmad! A gyötrelem napján engem hívjál, * megmentelek és áldasz engem. H: Boldog, akinek útja szeplőtelen, * megmutatom neki üdvösségem. SZENTLECKE Róm 4, 18-25      Ábrahám olyan hitet hordozott magában, hogy a lehetetlen helyzetben is tudott reménykedni.... Részletek
