{"version":"1.0","provider_name":"Stuttgarti Katolikusok","provider_url":"https:\/\/stuttgarti-katolikusok.de","title":"Esk\u00fc az igazi haz\u00e1\u00e9rt - Stuttgarti Katolikusok","type":"rich","width":600,"height":338,"html":"<blockquote class=\"wp-embedded-content\" data-secret=\"NXDpFTCo40\"><a href=\"https:\/\/stuttgarti-katolikusok.de\/index.php\/esku-az-igazi-hazaert\/\">Esk\u00fc az igazi haz\u00e1\u00e9rt<\/a><\/blockquote><iframe sandbox=\"allow-scripts\" security=\"restricted\" src=\"https:\/\/stuttgarti-katolikusok.de\/index.php\/esku-az-igazi-hazaert\/embed\/#?secret=NXDpFTCo40\" width=\"600\" height=\"338\" title=\"&#8220;Esk\u00fc az igazi haz\u00e1\u00e9rt&#8221; &#8212; Stuttgarti Katolikusok\" data-secret=\"NXDpFTCo40\" frameborder=\"0\" marginwidth=\"0\" marginheight=\"0\" scrolling=\"no\" class=\"wp-embedded-content\"><\/iframe><script type=\"text\/javascript\">\n\/* <![CDATA[ *\/\n\/*! This file is auto-generated *\/\n!function(d,l){\"use strict\";l.querySelector&&d.addEventListener&&\"undefined\"!=typeof URL&&(d.wp=d.wp||{},d.wp.receiveEmbedMessage||(d.wp.receiveEmbedMessage=function(e){var t=e.data;if((t||t.secret||t.message||t.value)&&!\/[^a-zA-Z0-9]\/.test(t.secret)){for(var s,r,n,a=l.querySelectorAll('iframe[data-secret=\"'+t.secret+'\"]'),o=l.querySelectorAll('blockquote[data-secret=\"'+t.secret+'\"]'),c=new RegExp(\"^https?:$\",\"i\"),i=0;i<o.length;i++)o[i].style.display=\"none\";for(i=0;i<a.length;i++)s=a[i],e.source===s.contentWindow&&(s.removeAttribute(\"style\"),\"height\"===t.message?(1e3<(r=parseInt(t.value,10))?r=1e3:~~r<200&&(r=200),s.height=r):\"link\"===t.message&&(r=new URL(s.getAttribute(\"src\")),n=new URL(t.value),c.test(n.protocol))&&n.host===r.host&&l.activeElement===s&&(d.top.location.href=t.value))}},d.addEventListener(\"message\",d.wp.receiveEmbedMessage,!1),l.addEventListener(\"DOMContentLoaded\",function(){for(var e,t,s=l.querySelectorAll(\"iframe.wp-embedded-content\"),r=0;r<s.length;r++)(t=(e=s[r]).getAttribute(\"data-secret\"))||(t=Math.random().toString(36).substring(2,12),e.src+=\"#?secret=\"+t,e.setAttribute(\"data-secret\",t)),e.contentWindow.postMessage({message:\"ready\",secret:t},\"*\")},!1)))}(window,document);\n\/\/# sourceURL=https:\/\/stuttgarti-katolikusok.de\/wp-includes\/js\/wp-embed.min.js\n\/* ]]> *\/\n<\/script>\n","description":"Szeptember utols\u00f3 napja sz\u00e9pnek \u00edg\u00e9rkezett a hajnali \u00f3r\u00e1kban. F\u00e9l hatkor m\u00e1r \u00faton voltunk M\u00fcnchen fel\u00e9, hogy egy \u00e9letre sz\u00f3l\u00f3 \u00e9lm\u00e9nyben r\u00e9szes\u00fclhess\u00fcnk. A t\u00e1j t\u00f6bb helyen m\u00e9g k\u00f6dben \u00faszott, de a nap m\u00e1r kezdett kibukkani a minden sz\u00ednben pomp\u00e1z\u00f3 f\u00e1k levelei k\u00f6z\u00f6tt. Abban rem\u00e9nykedt\u00fcnk, hogy az \u00fat szabad marad \u00e9s idej\u00e9ben \u00e9rkez\u00fcnk meg a nagy esem\u00e9nyre. A nagyobb v\u00e1rosokhoz k\u00f6zeledve m\u00e1r k\u00f6zleked\u00e9si dug\u00f3 is fogadott, \u00e9s M\u00fcnchen el\u0151tt l\u00e9p\u00e9sben is kellett haladjunk. Ennek ellen\u00e9re idej\u00e9ben \u00e9rkezt\u00fcnk meg c\u00e9lpontunkhoz. &nbsp; Csilla megh\u00edv\u00e1s\u00e1ra r\u00f6gt\u00f6n igent mondtunk. A M\u00fcncheni Magyar Konzul\u00e1tus \u00e9p\u00fclet\u00e9ben egy nagy esem\u00e9ny tan\u00fai voltunk: tizenh\u00e9t, t\u00f6bbnyire d\u00e9lvid\u00e9ki valamint erd\u00e9lyi \u00e9s sz\u00e9kelyf\u00f6ldi magyar ezen a napon tette le az \u00e1llampolg\u00e1rs\u00e1gi esk\u00fct. A tizenh\u00e9t r\u00e9sztvev\u0151 k\u00f6z\u00fcl Csilla tisztelte meg legszebben sz\u00e9kely ruh\u00e1j\u00e1ban az esk\u00fct\u00e9telt. &nbsp; Ezt a napot a konzul\u00e1tus csak az esk\u00fct\u00e9telre \u00e1ldozta, \u00edgy a bejelentkez\u00e9s ut\u00e1n a d\u00edszterembe vezettek \u00e9s hellyel k\u00edn\u00e1ltak benn\u00fcnket. A konzul\u00e1tus vezet\u0151j\u00e9re v\u00e1rva Liszt Ferenc Magyar Rapsz\u00f3di\u00e1j\u00e1nak dallamai csend\u00fcltek meg. &nbsp; Dr. N\u00e9meth Krisztina vezet\u0151 konzul k\u00f6sz\u00f6nt\u0151j\u00e9ben Tordai-Lejk\u00f3 G\u00e1bor f\u0151konzul sz\u00edv\u00e9lyes \u00fczenet\u00e9t tolm\u00e1csolta az egybegy\u00fclteknek, aki fontos elfoglalts\u00e1ga miatt nem j\u00f6hetett el az esk\u00fct\u00e9telre. &nbsp; A konzulasszony kit\u00e9rt besz\u00e9d\u00e9ben a 2011-ben megszavazott \u00e1llampolg\u00e1rs\u00e1gi t\u00f6rv\u00e9nyre, amellyel a hat\u00e1ron t\u00fal \u00e9l\u0151 magyarok egyik nagy \u00e1lma val\u00f3sult meg. Az\u00f3ta nyolcsz\u00e1zezer k\u00fclf\u00f6ld\u00f6n \u00e9l\u0151 magyar vette \u00e1t az \u00e1llampolg\u00e1rs\u00e1gi oklevelet \u00e9s ezek k\u00f6z\u00fcl h\u00e1romezret M\u00fcnchenben k\u00e9rv\u00e9nyeztek. &nbsp; K\u00f6sz\u00f6nt\u0151 besz\u00e9d\u00e9ben gratul\u00e1lt a konzulasszony egy d\u00e9lvid\u00e9ki anyuk\u00e1nak, aki k\u00e9t iskol\u00e1s kor\u00fa l\u00e1ny\u00e1t magyar nyelvre tan\u00edtotta, \u00e9s mind a h\u00e1rman aznap vett\u00e9k \u00e1t a magyar \u00e1llampolg\u00e1rs\u00e1gr\u00f3l sz\u00f3l\u00f3 okleveleket. &nbsp; \u00dcnnep\u00e9lyes keretek k\u00f6z\u00f6tt fel\u00e1llva hangzott el az esk\u00fct\u00e9tel: \u201eEsk\u00fcsz\u00f6m, hogy Magyarorsz\u00e1got haz\u00e1mnak tekintem. A Magyar K\u00f6zt\u00e1rsas\u00e1gnak h\u0171 \u00e1llampolg\u00e1ra leszek. Alkotm\u00e1ny\u00e1t \u00e9s t\u00f6rv\u00e9nyeit tiszteletben tartom \u00e9s megtartom. Haz\u00e1mat er\u0151mh\u00f6z m\u00e9rten megv\u00e9dem, k\u00e9pess\u00e9geimnek megfelel\u0151en szolg\u00e1lom. Isten engem \u00fagy seg\u00e9ljen.\u201d &nbsp; Az esk\u00fc ut\u00e1n el\u00e9nekelt\u00fck a Himnuszt, meghallgattuk V\u00f6r\u00f6smarty Mih\u00e1ly \u201eSz\u00f3zat\u201d c\u00edm\u0171 vers\u00e9t, a konzulasszony szem\u00e9lyesen kiosztotta a honos\u00edt\u00e1si... R\u00e9szletek"}

Eskü az igazi hazáért - Stuttgarti Katolikusok

<blockquote class="wp-embedded-content" data-secret="NXDpFTCo40"><a href="https://stuttgarti-katolikusok.de/index.php/esku-az-igazi-hazaert/">Eskü az igazi hazáért</a></blockquote><iframe sandbox="allow-scripts" security="restricted" src="https://stuttgarti-katolikusok.de/index.php/esku-az-igazi-hazaert/embed/#?secret=NXDpFTCo40" width="600" height="338" title="&#8220;Eskü az igazi hazáért&#8221; &#8212; Stuttgarti Katolikusok" data-secret="NXDpFTCo40" frameborder="0" marginwidth="0" marginheight="0" scrolling="no" class="wp-embedded-content"></iframe><script type="text/javascript">
/* <![CDATA[ */
/*! This file is auto-generated */
!function(d,l){"use strict";l.querySelector&&d.addEventListener&&"undefined"!=typeof URL&&(d.wp=d.wp||{},d.wp.receiveEmbedMessage||(d.wp.receiveEmbedMessage=function(e){var t=e.data;if((t||t.secret||t.message||t.value)&&!/[^a-zA-Z0-9]/.test(t.secret)){for(var s,r,n,a=l.querySelectorAll('iframe[data-secret="'+t.secret+'"]'),o=l.querySelectorAll('blockquote[data-secret="'+t.secret+'"]'),c=new RegExp("^https?:$","i"),i=0;i<o.length;i++)o[i].style.display="none";for(i=0;i<a.length;i++)s=a[i],e.source===s.contentWindow&&(s.removeAttribute("style"),"height"===t.message?(1e3<(r=parseInt(t.value,10))?r=1e3:~~r<200&&(r=200),s.height=r):"link"===t.message&&(r=new URL(s.getAttribute("src")),n=new URL(t.value),c.test(n.protocol))&&n.host===r.host&&l.activeElement===s&&(d.top.location.href=t.value))}},d.addEventListener("message",d.wp.receiveEmbedMessage,!1),l.addEventListener("DOMContentLoaded",function(){for(var e,t,s=l.querySelectorAll("iframe.wp-embedded-content"),r=0;r<s.length;r++)(t=(e=s[r]).getAttribute("data-secret"))||(t=Math.random().toString(36).substring(2,12),e.src+="#?secret="+t,e.setAttribute("data-secret",t)),e.contentWindow.postMessage({message:"ready",secret:t},"*")},!1)))}(window,document);
//# sourceURL=https://stuttgarti-katolikusok.de/wp-includes/js/wp-embed.min.js
/* ]]> */
</script>

Szeptember utolsó napja szépnek ígérkezett a hajnali órákban. Fél hatkor már úton voltunk München felé, hogy egy életre szóló élményben részesülhessünk. A táj több helyen még ködben úszott, de a nap már kezdett kibukkani a minden színben pompázó fák levelei között. Abban reménykedtünk, hogy az út szabad marad és idejében érkezünk meg a nagy eseményre. A nagyobb városokhoz közeledve már közlekedési dugó is fogadott, és München előtt lépésben is kellett haladjunk. Ennek ellenére idejében érkeztünk meg célpontunkhoz. &nbsp; Csilla meghívására rögtön igent mondtunk. A Müncheni Magyar Konzulátus épületében egy nagy esemény tanúi voltunk: tizenhét, többnyire délvidéki valamint erdélyi és székelyföldi magyar ezen a napon tette le az állampolgársági esküt. A tizenhét résztvevő közül Csilla tisztelte meg legszebben székely ruhájában az eskütételt. &nbsp; Ezt a napot a konzulátus csak az eskütételre áldozta, így a bejelentkezés után a díszterembe vezettek és hellyel kínáltak bennünket. A konzulátus vezetőjére várva Liszt Ferenc Magyar Rapszódiájának dallamai csendültek meg. &nbsp; Dr. Németh Krisztina vezető konzul köszöntőjében Tordai-Lejkó Gábor főkonzul szívélyes üzenetét tolmácsolta az egybegyülteknek, aki fontos elfoglaltsága miatt nem jöhetett el az eskütételre. &nbsp; A konzulasszony kitért beszédében a 2011-ben megszavazott állampolgársági törvényre, amellyel a határon túl élő magyarok egyik nagy álma valósult meg. Azóta nyolcszázezer külföldön élő magyar vette át az állampolgársági oklevelet és ezek közül háromezret Münchenben kérvényeztek. &nbsp; Köszöntő beszédében gratulált a konzulasszony egy délvidéki anyukának, aki két iskolás korú lányát magyar nyelvre tanította, és mind a hárman aznap vették át a magyar állampolgárságról szóló okleveleket. &nbsp; Ünnepélyes keretek között felállva hangzott el az eskütétel: „Esküszöm, hogy Magyarországot hazámnak tekintem. A Magyar Köztársaságnak hű állampolgára leszek. Alkotmányát és törvényeit tiszteletben tartom és megtartom. Hazámat erőmhöz mérten megvédem, képességeimnek megfelelően szolgálom. Isten engem úgy segéljen.” &nbsp; Az eskü után elénekeltük a Himnuszt, meghallgattuk Vörösmarty Mihály „Szózat” című versét, a konzulasszony személyesen kiosztotta a honosítási... Részletek
