{"version":"1.0","provider_name":"Stuttgarti Katolikusok","provider_url":"https:\/\/stuttgarti-katolikusok.de","title":"\u00c9l\u0151 szentmise-k\u00f6zvet\u00edt\u00e9sek - Stuttgarti Katolikusok","type":"rich","width":600,"height":338,"html":"<blockquote class=\"wp-embedded-content\" data-secret=\"GWIeoTZCzZ\"><a href=\"https:\/\/stuttgarti-katolikusok.de\/index.php\/elo-szentmise-kozvetitesek\/\">\u00c9l\u0151 szentmise-k\u00f6zvet\u00edt\u00e9sek<\/a><\/blockquote><iframe sandbox=\"allow-scripts\" security=\"restricted\" src=\"https:\/\/stuttgarti-katolikusok.de\/index.php\/elo-szentmise-kozvetitesek\/embed\/#?secret=GWIeoTZCzZ\" width=\"600\" height=\"338\" title=\"&#8220;\u00c9l\u0151 szentmise-k\u00f6zvet\u00edt\u00e9sek&#8221; &#8212; Stuttgarti Katolikusok\" data-secret=\"GWIeoTZCzZ\" frameborder=\"0\" marginwidth=\"0\" marginheight=\"0\" scrolling=\"no\" class=\"wp-embedded-content\"><\/iframe><script type=\"text\/javascript\">\n\/* <![CDATA[ *\/\n\/*! This file is auto-generated *\/\n!function(d,l){\"use strict\";l.querySelector&&d.addEventListener&&\"undefined\"!=typeof URL&&(d.wp=d.wp||{},d.wp.receiveEmbedMessage||(d.wp.receiveEmbedMessage=function(e){var t=e.data;if((t||t.secret||t.message||t.value)&&!\/[^a-zA-Z0-9]\/.test(t.secret)){for(var s,r,n,a=l.querySelectorAll('iframe[data-secret=\"'+t.secret+'\"]'),o=l.querySelectorAll('blockquote[data-secret=\"'+t.secret+'\"]'),c=new RegExp(\"^https?:$\",\"i\"),i=0;i<o.length;i++)o[i].style.display=\"none\";for(i=0;i<a.length;i++)s=a[i],e.source===s.contentWindow&&(s.removeAttribute(\"style\"),\"height\"===t.message?(1e3<(r=parseInt(t.value,10))?r=1e3:~~r<200&&(r=200),s.height=r):\"link\"===t.message&&(r=new URL(s.getAttribute(\"src\")),n=new URL(t.value),c.test(n.protocol))&&n.host===r.host&&l.activeElement===s&&(d.top.location.href=t.value))}},d.addEventListener(\"message\",d.wp.receiveEmbedMessage,!1),l.addEventListener(\"DOMContentLoaded\",function(){for(var e,t,s=l.querySelectorAll(\"iframe.wp-embedded-content\"),r=0;r<s.length;r++)(t=(e=s[r]).getAttribute(\"data-secret\"))||(t=Math.random().toString(36).substring(2,12),e.src+=\"#?secret=\"+t,e.setAttribute(\"data-secret\",t)),e.contentWindow.postMessage({message:\"ready\",secret:t},\"*\")},!1)))}(window,document);\n\/\/# sourceURL=https:\/\/stuttgarti-katolikusok.de\/wp-includes\/js\/wp-embed.min.js\n\/* ]]> *\/\n<\/script>\n","thumbnail_url":"https:\/\/stuttgarti-katolikusok.de\/wp-content\/uploads\/2020\/03\/szentmise-kozvetites.jpg","thumbnail_width":850,"thumbnail_height":478,"description":"+! Kedves H\u00edveink, addig is, am\u00edg a mi misek\u00f6zvet\u00edt\u00e9s\u00fcnk is l\u00e9trej\u00f6n, itt hozzuk azokat a helyeket, ahol k\u00f6vethetik az \u00e9l\u0151 szentmise-k\u00f6zvet\u00edt\u00e9seket. Lelkip\u00e1sztori szeretettel, Imre atya Hol \u00e9s mikor k\u00f6vethet\u0151 \u00e9l\u0151 szentmise-k\u00f6zvet\u00edt\u00e9s? \u2013 \u00d6sszegy\u0171jt\u00f6tt\u00fck a lehet\u0151s\u00e9geket A koronav\u00edrus-j\u00e1rv\u00e1nyra val\u00f3 tekintettel haz\u00e1nkban is vesz\u00e9lyhelyzet l\u00e9pett \u00e9rv\u00e9nybe. A Magyar Katolikus P\u00fcsp\u00f6ki Konferencia d\u00f6nt\u00e9se nyom\u00e1n a nyilv\u00e1nos liturgi\u00e1k m\u00e1rcius 22-\u00e9t\u0151l elmaradnak. Ez\u00e9rt k\u00fcl\u00f6n\u00f6sen is fontos, hogy naprak\u00e9sz t\u00e1j\u00e9koztat\u00e1st ny\u00fajtsunk a szentmis\u00e9k k\u00f6zvet\u00edt\u00e9s\u00e9r\u0151l, hogy a h\u00edvek meger\u0151s\u00edt\u00e9st, vigasztal\u00e1st \u00e9s b\u00e1tor\u00edt\u00e1st nyerjenek. Az al\u00e1bbiakban a teljess\u00e9g ig\u00e9nye n\u00e9lk\u00fcl k\u00f6z\u00f6lj\u00fck, hogy mely magyar nyelv\u0171 szentmise-k\u00f6zvet\u00edt\u00e9sekbe lehet bekapcsol\u00f3dni. Cikk\u00fcnket a nagy \u00e9rdekl\u0151d\u00e9sre tekintettel a be\u00e9rkez\u0151 inform\u00e1ci\u00f3k alapj\u00e1n FOLYAMATOSAN FRISS\u00cdTJ\u00dcK. Napi \u00e9s vas\u00e1rnapi szentmise-k\u00f6zvet\u00edt\u00e9sek MTVA M\u00e1rcius 22-\u00e9n nagyb\u00f6jt 4. vas\u00e1rnapi szentmis\u00e9t k\u00f6zvet\u00edtnek 9 \u00f3rakor a Duna TV-n az \u00f3budai Szent J\u00f3zsef-templomb\u00f3l. A szentmis\u00e9t bemutatja \u00e9s szentbesz\u00e9det mond F\u00fczes \u00c1d\u00e1m esperes, a Kanter K\u00e1roly Feln\u0151ttk\u00e9pz\u00e9si Int\u00e9zet igazgat\u00f3ja. M\u00e1rcius 22-t\u0151l a Kossuth R\u00e1di\u00f3 \u00e1tveszi a Magyar Katolikus R\u00e1di\u00f3 vas\u00e1rnap d\u00e9lel\u0151tti (10 \u00f3ra) misek\u00f6zvet\u00edt\u00e9s\u00e9t. Apostol TV H\u00e9tf\u0151t\u0151l szombatig 8 \u00e9s 17 \u00f3rakor, vas\u00e1rnap 10 \u00e9s 17 \u00f3rakor. N\u00e9zhet\u0151 az interneten a www.apostoltv.hu oldalon. EWTN\/Bonum TV Mindennap (magyar nyelven) 8.30: \u00e9l\u0151 k\u00f6zvet\u00edt\u00e9s; 12.00 (ism.), 17.00 (ism.), 20.00 (ism.). Mindennap (angol nyelven) 14.00: EWTN Daily Mass \u2013 \u00e9l\u0151 k\u00f6zvet\u00edt\u00e9s az EWTN k\u00f6zpontj\u00e1b\u00f3l, Alabam\u00e1b\u00f3l (USA). Megtal\u00e1lhat\u00f3 a nagyobb k\u00e1belszolg\u00e1ltat\u00f3k csatornakioszt\u00e1s\u00e1ban \u00e9s n\u00e9zhet\u0151 az interneten a\u00a0www.katolikus.tv\u00a0oldalon. Magyar Katolikus R\u00e1di\u00f3 Minden h\u00e9tk\u00f6znap reggel 7 \u00f3rakor, vas\u00e1rnap d\u00e9lel\u0151tt 10 \u00f3rakor M\u00e1rcius 22-t\u0151l a Kossuth R\u00e1di\u00f3 \u00e1tveszi a katolikus r\u00e1di\u00f3 vas\u00e1rnap d\u00e9lel\u0151tti (10 \u00f3ra) misek\u00f6zvet\u00edt\u00e9s\u00e9t. Hallgathat\u00f3 interneten a www.katolikusradio.hu honlapon. Szent Istv\u00e1n R\u00e1di\u00f3, Eger H\u00e9tf\u0151t\u0151l szombatig reggel 7 \u00e9s 17 \u00f3rakor, vas\u00e1rnap d\u00e9lel\u0151tt 10 \u00f3rakor az Egri \u00c9rseki Papnevel\u0151 Int\u00e9zetb\u0151l. Hallgathat\u00f3 interneten a www.szentistvanradio.hu honlapon. M\u00e1ria R\u00e1di\u00f3 H\u00e9tk\u00f6znap 9 , szombaton 18 , vas\u00e1rnap 10 \u00f3rakor. Hallgathat\u00f3 az interneten a www.mariaradio.hu oldalon. Felvid\u00e9ki M\u00e1ria R\u00e1di\u00f3 H\u00e9tk\u00f6znap 15 \u00e9s 18 \u00f3rakor, vas\u00e1rnap 9 \u00f3rakor. Hallgathat\u00f3 az interneten a www.mariaradio.sk\u00a0oldalon. Erd\u00e9lyi... R\u00e9szletek"}

Élő szentmise-közvetítések - Stuttgarti Katolikusok

<blockquote class="wp-embedded-content" data-secret="GWIeoTZCzZ"><a href="https://stuttgarti-katolikusok.de/index.php/elo-szentmise-kozvetitesek/">Élő szentmise-közvetítések</a></blockquote><iframe sandbox="allow-scripts" security="restricted" src="https://stuttgarti-katolikusok.de/index.php/elo-szentmise-kozvetitesek/embed/#?secret=GWIeoTZCzZ" width="600" height="338" title="&#8220;Élő szentmise-közvetítések&#8221; &#8212; Stuttgarti Katolikusok" data-secret="GWIeoTZCzZ" frameborder="0" marginwidth="0" marginheight="0" scrolling="no" class="wp-embedded-content"></iframe><script type="text/javascript">
/* <![CDATA[ */
/*! This file is auto-generated */
!function(d,l){"use strict";l.querySelector&&d.addEventListener&&"undefined"!=typeof URL&&(d.wp=d.wp||{},d.wp.receiveEmbedMessage||(d.wp.receiveEmbedMessage=function(e){var t=e.data;if((t||t.secret||t.message||t.value)&&!/[^a-zA-Z0-9]/.test(t.secret)){for(var s,r,n,a=l.querySelectorAll('iframe[data-secret="'+t.secret+'"]'),o=l.querySelectorAll('blockquote[data-secret="'+t.secret+'"]'),c=new RegExp("^https?:$","i"),i=0;i<o.length;i++)o[i].style.display="none";for(i=0;i<a.length;i++)s=a[i],e.source===s.contentWindow&&(s.removeAttribute("style"),"height"===t.message?(1e3<(r=parseInt(t.value,10))?r=1e3:~~r<200&&(r=200),s.height=r):"link"===t.message&&(r=new URL(s.getAttribute("src")),n=new URL(t.value),c.test(n.protocol))&&n.host===r.host&&l.activeElement===s&&(d.top.location.href=t.value))}},d.addEventListener("message",d.wp.receiveEmbedMessage,!1),l.addEventListener("DOMContentLoaded",function(){for(var e,t,s=l.querySelectorAll("iframe.wp-embedded-content"),r=0;r<s.length;r++)(t=(e=s[r]).getAttribute("data-secret"))||(t=Math.random().toString(36).substring(2,12),e.src+="#?secret="+t,e.setAttribute("data-secret",t)),e.contentWindow.postMessage({message:"ready",secret:t},"*")},!1)))}(window,document);
//# sourceURL=https://stuttgarti-katolikusok.de/wp-includes/js/wp-embed.min.js
/* ]]> */
</script>

+! Kedves Híveink, addig is, amíg a mi miseközvetítésünk is létrejön, itt hozzuk azokat a helyeket, ahol követhetik az élő szentmise-közvetítéseket. Lelkipásztori szeretettel, Imre atya Hol és mikor követhető élő szentmise-közvetítés? – Összegyűjtöttük a lehetőségeket A koronavírus-járványra való tekintettel hazánkban is veszélyhelyzet lépett érvénybe. A Magyar Katolikus Püspöki Konferencia döntése nyomán a nyilvános liturgiák március 22-étől elmaradnak. Ezért különösen is fontos, hogy naprakész tájékoztatást nyújtsunk a szentmisék közvetítéséről, hogy a hívek megerősítést, vigasztalást és bátorítást nyerjenek. Az alábbiakban a teljesség igénye nélkül közöljük, hogy mely magyar nyelvű szentmise-közvetítésekbe lehet bekapcsolódni. Cikkünket a nagy érdeklődésre tekintettel a beérkező információk alapján FOLYAMATOSAN FRISSÍTJÜK. Napi és vasárnapi szentmise-közvetítések MTVA Március 22-én nagyböjt 4. vasárnapi szentmisét közvetítnek 9 órakor a Duna TV-n az óbudai Szent József-templomból. A szentmisét bemutatja és szentbeszédet mond Füzes Ádám esperes, a Kanter Károly Felnőttképzési Intézet igazgatója. Március 22-től a Kossuth Rádió átveszi a Magyar Katolikus Rádió vasárnap délelőtti (10 óra) miseközvetítését. Apostol TV Hétfőtől szombatig 8 és 17 órakor, vasárnap 10 és 17 órakor. Nézhető az interneten a www.apostoltv.hu oldalon. EWTN/Bonum TV Mindennap (magyar nyelven) 8.30: élő közvetítés; 12.00 (ism.), 17.00 (ism.), 20.00 (ism.). Mindennap (angol nyelven) 14.00: EWTN Daily Mass – élő közvetítés az EWTN központjából, Alabamából (USA). Megtalálható a nagyobb kábelszolgáltatók csatornakiosztásában és nézhető az interneten a www.katolikus.tv oldalon. Magyar Katolikus Rádió Minden hétköznap reggel 7 órakor, vasárnap délelőtt 10 órakor Március 22-től a Kossuth Rádió átveszi a katolikus rádió vasárnap délelőtti (10 óra) miseközvetítését. Hallgatható interneten a www.katolikusradio.hu honlapon. Szent István Rádió, Eger Hétfőtől szombatig reggel 7 és 17 órakor, vasárnap délelőtt 10 órakor az Egri Érseki Papnevelő Intézetből. Hallgatható interneten a www.szentistvanradio.hu honlapon. Mária Rádió Hétköznap 9 , szombaton 18 , vasárnap 10 órakor. Hallgatható az interneten a www.mariaradio.hu oldalon. Felvidéki Mária Rádió Hétköznap 15 és 18 órakor, vasárnap 9 órakor. Hallgatható az interneten a www.mariaradio.sk oldalon. Erdélyi... Részletek
