{"version":"1.0","provider_name":"Stuttgarti Katolikusok","provider_url":"https:\/\/stuttgarti-katolikusok.de","title":"Ellesett pillanatok Schw\u00e4bisch-Gm\u00fcndb\u0151l - Stuttgarti Katolikusok","type":"rich","width":600,"height":338,"html":"<blockquote class=\"wp-embedded-content\" data-secret=\"uI4enELZ05\"><a href=\"https:\/\/stuttgarti-katolikusok.de\/index.php\/ellesett-pillanatok-schwabisch-gmundbol\/\">Ellesett pillanatok Schw\u00e4bisch-Gm\u00fcndb\u0151l<\/a><\/blockquote><iframe sandbox=\"allow-scripts\" security=\"restricted\" src=\"https:\/\/stuttgarti-katolikusok.de\/index.php\/ellesett-pillanatok-schwabisch-gmundbol\/embed\/#?secret=uI4enELZ05\" width=\"600\" height=\"338\" title=\"&#8220;Ellesett pillanatok Schw\u00e4bisch-Gm\u00fcndb\u0151l&#8221; &#8212; Stuttgarti Katolikusok\" data-secret=\"uI4enELZ05\" frameborder=\"0\" marginwidth=\"0\" marginheight=\"0\" scrolling=\"no\" class=\"wp-embedded-content\"><\/iframe><script type=\"text\/javascript\">\n\/* <![CDATA[ *\/\n\/*! This file is auto-generated *\/\n!function(d,l){\"use strict\";l.querySelector&&d.addEventListener&&\"undefined\"!=typeof URL&&(d.wp=d.wp||{},d.wp.receiveEmbedMessage||(d.wp.receiveEmbedMessage=function(e){var t=e.data;if((t||t.secret||t.message||t.value)&&!\/[^a-zA-Z0-9]\/.test(t.secret)){for(var s,r,n,a=l.querySelectorAll('iframe[data-secret=\"'+t.secret+'\"]'),o=l.querySelectorAll('blockquote[data-secret=\"'+t.secret+'\"]'),c=new RegExp(\"^https?:$\",\"i\"),i=0;i<o.length;i++)o[i].style.display=\"none\";for(i=0;i<a.length;i++)s=a[i],e.source===s.contentWindow&&(s.removeAttribute(\"style\"),\"height\"===t.message?(1e3<(r=parseInt(t.value,10))?r=1e3:~~r<200&&(r=200),s.height=r):\"link\"===t.message&&(r=new URL(s.getAttribute(\"src\")),n=new URL(t.value),c.test(n.protocol))&&n.host===r.host&&l.activeElement===s&&(d.top.location.href=t.value))}},d.addEventListener(\"message\",d.wp.receiveEmbedMessage,!1),l.addEventListener(\"DOMContentLoaded\",function(){for(var e,t,s=l.querySelectorAll(\"iframe.wp-embedded-content\"),r=0;r<s.length;r++)(t=(e=s[r]).getAttribute(\"data-secret\"))||(t=Math.random().toString(36).substring(2,12),e.src+=\"#?secret=\"+t,e.setAttribute(\"data-secret\",t)),e.contentWindow.postMessage({message:\"ready\",secret:t},\"*\")},!1)))}(window,document);\n\/\/# sourceURL=https:\/\/stuttgarti-katolikusok.de\/wp-includes\/js\/wp-embed.min.js\n\/* ]]> *\/\n<\/script>\n","thumbnail_url":"https:\/\/stuttgarti-katolikusok.de\/wp-content\/uploads\/2021\/04\/51099563151-6220117886-b.jpg","thumbnail_width":900,"thumbnail_height":600,"description":"You are currently viewing a placeholder content from YouTube. To access the actual content, click the button below. Please note that doing so will share data with third-party providers. More Information Unblock content Accept required service and unblock content \u00d6r\u00f6mmel fogadtam a kezdem\u00e9nyez\u00e9st, hogy ifj\u00fas\u00e1gi \u00e9nekekkel tegy\u00fck sz\u00ednesebb\u00e9 a szentmis\u00e9ket Schw\u00e4bisch-Gm\u00fcndben. Nem volt ez m\u00e1sk\u00e9nt most sem, H\u00fasv\u00e9tvas\u00e1rnap. K\u00f6sz\u00f6net Pink Ferencnek \u00e9s Jakab Attil\u00e1nak k\u00f6zrem\u0171k\u00f6d\u00e9s\u00fck\u00e9rt. D\u00e1vid Ferencnek is szint\u00e9n k\u00f6sz\u00f6n\u00f6m a rendelkez\u00e9s\u00fcnkre bocs\u00e1jtott felv\u00e9teleket. K\u00f6sz\u00f6nettel, Tibor atya"}

Ellesett pillanatok Schwäbisch-Gmündből - Stuttgarti Katolikusok

<blockquote class="wp-embedded-content" data-secret="uI4enELZ05"><a href="https://stuttgarti-katolikusok.de/index.php/ellesett-pillanatok-schwabisch-gmundbol/">Ellesett pillanatok Schwäbisch-Gmündből</a></blockquote><iframe sandbox="allow-scripts" security="restricted" src="https://stuttgarti-katolikusok.de/index.php/ellesett-pillanatok-schwabisch-gmundbol/embed/#?secret=uI4enELZ05" width="600" height="338" title="&#8220;Ellesett pillanatok Schwäbisch-Gmündből&#8221; &#8212; Stuttgarti Katolikusok" data-secret="uI4enELZ05" frameborder="0" marginwidth="0" marginheight="0" scrolling="no" class="wp-embedded-content"></iframe><script type="text/javascript">
/* <![CDATA[ */
/*! This file is auto-generated */
!function(d,l){"use strict";l.querySelector&&d.addEventListener&&"undefined"!=typeof URL&&(d.wp=d.wp||{},d.wp.receiveEmbedMessage||(d.wp.receiveEmbedMessage=function(e){var t=e.data;if((t||t.secret||t.message||t.value)&&!/[^a-zA-Z0-9]/.test(t.secret)){for(var s,r,n,a=l.querySelectorAll('iframe[data-secret="'+t.secret+'"]'),o=l.querySelectorAll('blockquote[data-secret="'+t.secret+'"]'),c=new RegExp("^https?:$","i"),i=0;i<o.length;i++)o[i].style.display="none";for(i=0;i<a.length;i++)s=a[i],e.source===s.contentWindow&&(s.removeAttribute("style"),"height"===t.message?(1e3<(r=parseInt(t.value,10))?r=1e3:~~r<200&&(r=200),s.height=r):"link"===t.message&&(r=new URL(s.getAttribute("src")),n=new URL(t.value),c.test(n.protocol))&&n.host===r.host&&l.activeElement===s&&(d.top.location.href=t.value))}},d.addEventListener("message",d.wp.receiveEmbedMessage,!1),l.addEventListener("DOMContentLoaded",function(){for(var e,t,s=l.querySelectorAll("iframe.wp-embedded-content"),r=0;r<s.length;r++)(t=(e=s[r]).getAttribute("data-secret"))||(t=Math.random().toString(36).substring(2,12),e.src+="#?secret="+t,e.setAttribute("data-secret",t)),e.contentWindow.postMessage({message:"ready",secret:t},"*")},!1)))}(window,document);
//# sourceURL=https://stuttgarti-katolikusok.de/wp-includes/js/wp-embed.min.js
/* ]]> */
</script>

You are currently viewing a placeholder content from YouTube. To access the actual content, click the button below. Please note that doing so will share data with third-party providers. More Information Unblock content Accept required service and unblock content Örömmel fogadtam a kezdeményezést, hogy ifjúsági énekekkel tegyük színesebbé a szentmiséket Schwäbisch-Gmündben. Nem volt ez másként most sem, Húsvétvasárnap. Köszönet Pink Ferencnek és Jakab Attilának közreműködésükért. Dávid Ferencnek is szintén köszönöm a rendelkezésünkre bocsájtott felvételeket. Köszönettel, Tibor atya
