{"version":"1.0","provider_name":"Stuttgarti Katolikusok","provider_url":"https:\/\/stuttgarti-katolikusok.de","title":"Egy\u00fctt j\u00f3nak lenni m\u00e9g jobb! - Stuttgarti Katolikusok","type":"rich","width":600,"height":338,"html":"<blockquote class=\"wp-embedded-content\" data-secret=\"tEajQ2WJY6\"><a href=\"https:\/\/stuttgarti-katolikusok.de\/index.php\/egyutt-jonak-lenni-meg-jobb\/\">Egy\u00fctt j\u00f3nak lenni m\u00e9g jobb!<\/a><\/blockquote><iframe sandbox=\"allow-scripts\" security=\"restricted\" src=\"https:\/\/stuttgarti-katolikusok.de\/index.php\/egyutt-jonak-lenni-meg-jobb\/embed\/#?secret=tEajQ2WJY6\" width=\"600\" height=\"338\" title=\"&#8220;Egy\u00fctt j\u00f3nak lenni m\u00e9g jobb!&#8221; &#8212; Stuttgarti Katolikusok\" data-secret=\"tEajQ2WJY6\" frameborder=\"0\" marginwidth=\"0\" marginheight=\"0\" scrolling=\"no\" class=\"wp-embedded-content\"><\/iframe><script type=\"text\/javascript\">\n\/* <![CDATA[ *\/\n\/*! This file is auto-generated *\/\n!function(d,l){\"use strict\";l.querySelector&&d.addEventListener&&\"undefined\"!=typeof URL&&(d.wp=d.wp||{},d.wp.receiveEmbedMessage||(d.wp.receiveEmbedMessage=function(e){var t=e.data;if((t||t.secret||t.message||t.value)&&!\/[^a-zA-Z0-9]\/.test(t.secret)){for(var s,r,n,a=l.querySelectorAll('iframe[data-secret=\"'+t.secret+'\"]'),o=l.querySelectorAll('blockquote[data-secret=\"'+t.secret+'\"]'),c=new RegExp(\"^https?:$\",\"i\"),i=0;i<o.length;i++)o[i].style.display=\"none\";for(i=0;i<a.length;i++)s=a[i],e.source===s.contentWindow&&(s.removeAttribute(\"style\"),\"height\"===t.message?(1e3<(r=parseInt(t.value,10))?r=1e3:~~r<200&&(r=200),s.height=r):\"link\"===t.message&&(r=new URL(s.getAttribute(\"src\")),n=new URL(t.value),c.test(n.protocol))&&n.host===r.host&&l.activeElement===s&&(d.top.location.href=t.value))}},d.addEventListener(\"message\",d.wp.receiveEmbedMessage,!1),l.addEventListener(\"DOMContentLoaded\",function(){for(var e,t,s=l.querySelectorAll(\"iframe.wp-embedded-content\"),r=0;r<s.length;r++)(t=(e=s[r]).getAttribute(\"data-secret\"))||(t=Math.random().toString(36).substring(2,12),e.src+=\"#?secret=\"+t,e.setAttribute(\"data-secret\",t)),e.contentWindow.postMessage({message:\"ready\",secret:t},\"*\")},!1)))}(window,document);\n\/\/# sourceURL=https:\/\/stuttgarti-katolikusok.de\/wp-includes\/js\/wp-embed.min.js\n\/* ]]> *\/\n<\/script>\n","thumbnail_url":"https:\/\/stuttgarti-katolikusok.de\/wp-content\/uploads\/2023\/12\/egyutt-jonak-lenni-meg-jobb-1.jpg","thumbnail_width":1130,"thumbnail_height":1600,"description":"Kedves H\u00edveim \u00e9s Bar\u00e1taim! \u00d6r\u00f6mmel osztom meg felh\u00edv\u00e1sunkat a 2023. december 17-\u00e9n megtartand\u00f3 k\u00f6z\u00f6s napunkra. &#8222;Egy\u00fctt j\u00f3nak lenni m\u00e9g jobb!&#8221; &#8211; v\u00e1lasztottuk jelmondatunkat. Ezzel is szeretn\u00e9nk kifejezni \u00f6sszetartoz\u00e1sunk fontoss\u00e1g\u00e1t. Ilyen szellemben \u00e1ll\u00edtottuk \u00f6ssze programjainkat. B\u00edzunk benne, hogy mindenki otthon \u00e9rezheti majd mag\u00e1t ebben a n\u00e9h\u00e1ny \u00f3r\u00e1ban. M\u00e1sr\u00e9szt pedig kiv\u00e1l\u00f3 alkalom ez sz\u00e1munkra, hogy ilyen form\u00e1ban is bekapcsol\u00f3djunk az anyaorsz\u00e1gban imm\u00e1r 12. alkalommal megrendezett &#8222;J\u00f3nak lenni j\u00f3!&#8221; karitat\u00edv adom\u00e1nygy\u0171jt\u0151 akci\u00f3ba, melynek a K\u00f6zm\u00e9dia ad otthont. K\u00f6z\u00f6ss\u00e9g\u00fcnk gyermekei is kiveszik r\u00e9sz\u00fcket e napon. Bark\u00e1csolni fognak \u00e9s az \u00e1ltaluk elk\u00e9sz\u00edtett t\u00e1rgyakat meg lehet majd v\u00e1s\u00e1rolni. \u0150k ennek \u00f6sszeg\u00e9vel j\u00e1rulnak hozz\u00e1 e nemes adom\u00e1nyoz\u00e1si akci\u00f3hoz. R\u00e9szegyh\u00e1zk\u00f6zs\u00e9geink h\u00edvei is bekapcsol\u00f3dhatnak. Egyr\u00e9szt azzal, hogy elj\u00f6tt\u00f6k \u00e9s egy\u00fctt vagyunk ezen a napon. M\u00e1sr\u00e9szt pedig azzal, hogy bet\u00e1rsultok b\u00e1rmilyen form\u00e1ban. Lehet ez hal\u00e1szl\u00e9, bogr\u00e1cs, s\u00fctem\u00e9nyek k\u00e9sz\u00edt\u00e9se. Ezen sz\u00e1nd\u00e9kotokat viszont jelezz\u00e9tek irod\u00e1nkon. Amennyiben helyi k\u00f6z\u00f6ss\u00e9gek \u00e9telt k\u00e9sz\u00edtenek, \u00fagy a megmaradt \u00e9telt elvihetitek majd magatokkal \u00e9s megaj\u00e1nd\u00e9kozhatj\u00e1tok els\u0151sorban azon kedves id\u0151s testv\u00e9reinket, akik nem tudnak elj\u00f6nni e napon. Egyszer\u0171en csak biztatni tudlak benneteket, j\u00f6jjetek el. Sz\u00e1m\u00edtunk R\u00e1tok! Tibor atya *****"}

Együtt jónak lenni még jobb! - Stuttgarti Katolikusok

<blockquote class="wp-embedded-content" data-secret="tEajQ2WJY6"><a href="https://stuttgarti-katolikusok.de/index.php/egyutt-jonak-lenni-meg-jobb/">Együtt jónak lenni még jobb!</a></blockquote><iframe sandbox="allow-scripts" security="restricted" src="https://stuttgarti-katolikusok.de/index.php/egyutt-jonak-lenni-meg-jobb/embed/#?secret=tEajQ2WJY6" width="600" height="338" title="&#8220;Együtt jónak lenni még jobb!&#8221; &#8212; Stuttgarti Katolikusok" data-secret="tEajQ2WJY6" frameborder="0" marginwidth="0" marginheight="0" scrolling="no" class="wp-embedded-content"></iframe><script type="text/javascript">
/* <![CDATA[ */
/*! This file is auto-generated */
!function(d,l){"use strict";l.querySelector&&d.addEventListener&&"undefined"!=typeof URL&&(d.wp=d.wp||{},d.wp.receiveEmbedMessage||(d.wp.receiveEmbedMessage=function(e){var t=e.data;if((t||t.secret||t.message||t.value)&&!/[^a-zA-Z0-9]/.test(t.secret)){for(var s,r,n,a=l.querySelectorAll('iframe[data-secret="'+t.secret+'"]'),o=l.querySelectorAll('blockquote[data-secret="'+t.secret+'"]'),c=new RegExp("^https?:$","i"),i=0;i<o.length;i++)o[i].style.display="none";for(i=0;i<a.length;i++)s=a[i],e.source===s.contentWindow&&(s.removeAttribute("style"),"height"===t.message?(1e3<(r=parseInt(t.value,10))?r=1e3:~~r<200&&(r=200),s.height=r):"link"===t.message&&(r=new URL(s.getAttribute("src")),n=new URL(t.value),c.test(n.protocol))&&n.host===r.host&&l.activeElement===s&&(d.top.location.href=t.value))}},d.addEventListener("message",d.wp.receiveEmbedMessage,!1),l.addEventListener("DOMContentLoaded",function(){for(var e,t,s=l.querySelectorAll("iframe.wp-embedded-content"),r=0;r<s.length;r++)(t=(e=s[r]).getAttribute("data-secret"))||(t=Math.random().toString(36).substring(2,12),e.src+="#?secret="+t,e.setAttribute("data-secret",t)),e.contentWindow.postMessage({message:"ready",secret:t},"*")},!1)))}(window,document);
//# sourceURL=https://stuttgarti-katolikusok.de/wp-includes/js/wp-embed.min.js
/* ]]> */
</script>

Kedves Híveim és Barátaim! Örömmel osztom meg felhívásunkat a 2023. december 17-én megtartandó közös napunkra. &#8222;Együtt jónak lenni még jobb!&#8221; &#8211; választottuk jelmondatunkat. Ezzel is szeretnénk kifejezni összetartozásunk fontosságát. Ilyen szellemben állítottuk össze programjainkat. Bízunk benne, hogy mindenki otthon érezheti majd magát ebben a néhány órában. Másrészt pedig kiváló alkalom ez számunkra, hogy ilyen formában is bekapcsolódjunk az anyaországban immár 12. alkalommal megrendezett &#8222;Jónak lenni jó!&#8221; karitatív adománygyűjtő akcióba, melynek a Közmédia ad otthont. Közösségünk gyermekei is kiveszik részüket e napon. Barkácsolni fognak és az általuk elkészített tárgyakat meg lehet majd vásárolni. Ők ennek összegével járulnak hozzá e nemes adományozási akcióhoz. Részegyházközségeink hívei is bekapcsolódhatnak. Egyrészt azzal, hogy eljöttök és együtt vagyunk ezen a napon. Másrészt pedig azzal, hogy betársultok bármilyen formában. Lehet ez halászlé, bogrács, sütemények készítése. Ezen szándékotokat viszont jelezzétek irodánkon. Amennyiben helyi közösségek ételt készítenek, úgy a megmaradt ételt elvihetitek majd magatokkal és megajándékozhatjátok elsősorban azon kedves idős testvéreinket, akik nem tudnak eljönni e napon. Egyszerűen csak biztatni tudlak benneteket, jöjjetek el. Számítunk Rátok! Tibor atya *****
