{"version":"1.0","provider_name":"Stuttgarti Katolikusok","provider_url":"https:\/\/stuttgarti-katolikusok.de","title":"Egyh\u00e1zk\u00f6zs\u00e9g\u00fcnk alap\u00edt\u00e1s\u00e1nak 69. \u00e9vfordul\u00f3ja - Stuttgarti Katolikusok","type":"rich","width":600,"height":338,"html":"<blockquote class=\"wp-embedded-content\" data-secret=\"wfkZbZPACl\"><a href=\"https:\/\/stuttgarti-katolikusok.de\/index.php\/egyhazkozsegunk-alapitasanak-69-evforduloja\/\">Egyh\u00e1zk\u00f6zs\u00e9g\u00fcnk alap\u00edt\u00e1s\u00e1nak 69. \u00e9vfordul\u00f3ja<\/a><\/blockquote><iframe sandbox=\"allow-scripts\" security=\"restricted\" src=\"https:\/\/stuttgarti-katolikusok.de\/index.php\/egyhazkozsegunk-alapitasanak-69-evforduloja\/embed\/#?secret=wfkZbZPACl\" width=\"600\" height=\"338\" title=\"&#8220;Egyh\u00e1zk\u00f6zs\u00e9g\u00fcnk alap\u00edt\u00e1s\u00e1nak 69. \u00e9vfordul\u00f3ja&#8221; &#8212; Stuttgarti Katolikusok\" data-secret=\"wfkZbZPACl\" frameborder=\"0\" marginwidth=\"0\" marginheight=\"0\" scrolling=\"no\" class=\"wp-embedded-content\"><\/iframe><script type=\"text\/javascript\">\n\/* <![CDATA[ *\/\n\/*! This file is auto-generated *\/\n!function(d,l){\"use strict\";l.querySelector&&d.addEventListener&&\"undefined\"!=typeof URL&&(d.wp=d.wp||{},d.wp.receiveEmbedMessage||(d.wp.receiveEmbedMessage=function(e){var t=e.data;if((t||t.secret||t.message||t.value)&&!\/[^a-zA-Z0-9]\/.test(t.secret)){for(var s,r,n,a=l.querySelectorAll('iframe[data-secret=\"'+t.secret+'\"]'),o=l.querySelectorAll('blockquote[data-secret=\"'+t.secret+'\"]'),c=new RegExp(\"^https?:$\",\"i\"),i=0;i<o.length;i++)o[i].style.display=\"none\";for(i=0;i<a.length;i++)s=a[i],e.source===s.contentWindow&&(s.removeAttribute(\"style\"),\"height\"===t.message?(1e3<(r=parseInt(t.value,10))?r=1e3:~~r<200&&(r=200),s.height=r):\"link\"===t.message&&(r=new URL(s.getAttribute(\"src\")),n=new URL(t.value),c.test(n.protocol))&&n.host===r.host&&l.activeElement===s&&(d.top.location.href=t.value))}},d.addEventListener(\"message\",d.wp.receiveEmbedMessage,!1),l.addEventListener(\"DOMContentLoaded\",function(){for(var e,t,s=l.querySelectorAll(\"iframe.wp-embedded-content\"),r=0;r<s.length;r++)(t=(e=s[r]).getAttribute(\"data-secret\"))||(t=Math.random().toString(36).substring(2,12),e.src+=\"#?secret=\"+t,e.setAttribute(\"data-secret\",t)),e.contentWindow.postMessage({message:\"ready\",secret:t},\"*\")},!1)))}(window,document);\n\/\/# sourceURL=https:\/\/stuttgarti-katolikusok.de\/wp-includes\/js\/wp-embed.min.js\n\/* ]]> *\/\n<\/script>\n","thumbnail_url":"https:\/\/stuttgarti-katolikusok.de\/wp-content\/uploads\/2016\/05\/stuttgart-69.jpg","thumbnail_width":800,"thumbnail_height":533,"description":"Akik tehett\u00e9k, \u00f6r\u00f6mmel \u00e9s h\u00e1l\u00e1val sz\u00edv\u00fckben elj\u00f6ttek, hogy egy\u00fctt tekints\u00fcnk vissza a megtett \u00fatra. M\u00e1sr\u00e9szt pedig el\u0151re is tekintett\u00fcnk. \u00dcnnepi szentmis\u00e9nk v\u00e9gezt\u00e9vel a templom el\u0151tti t\u00e9ren Mindszenty J\u00f3zsef b\u00edboros eml\u00e9kszobr\u00e1t koszor\u00faztuk meg. Azt\u00e1n pedig k\u00f6z\u00f6s \u00e1g\u00e1p\u00e9ra ker\u00fclt sor k\u00f6z\u00f6ss\u00e9gi term\u00fcnkben. Fogadj\u00e1tok szeretettel az itt k\u00e9sz\u00fclt k\u00e9peket."}

Egyházközségünk alapításának 69. évfordulója - Stuttgarti Katolikusok

<blockquote class="wp-embedded-content" data-secret="wfkZbZPACl"><a href="https://stuttgarti-katolikusok.de/index.php/egyhazkozsegunk-alapitasanak-69-evforduloja/">Egyházközségünk alapításának 69. évfordulója</a></blockquote><iframe sandbox="allow-scripts" security="restricted" src="https://stuttgarti-katolikusok.de/index.php/egyhazkozsegunk-alapitasanak-69-evforduloja/embed/#?secret=wfkZbZPACl" width="600" height="338" title="&#8220;Egyházközségünk alapításának 69. évfordulója&#8221; &#8212; Stuttgarti Katolikusok" data-secret="wfkZbZPACl" frameborder="0" marginwidth="0" marginheight="0" scrolling="no" class="wp-embedded-content"></iframe><script type="text/javascript">
/* <![CDATA[ */
/*! This file is auto-generated */
!function(d,l){"use strict";l.querySelector&&d.addEventListener&&"undefined"!=typeof URL&&(d.wp=d.wp||{},d.wp.receiveEmbedMessage||(d.wp.receiveEmbedMessage=function(e){var t=e.data;if((t||t.secret||t.message||t.value)&&!/[^a-zA-Z0-9]/.test(t.secret)){for(var s,r,n,a=l.querySelectorAll('iframe[data-secret="'+t.secret+'"]'),o=l.querySelectorAll('blockquote[data-secret="'+t.secret+'"]'),c=new RegExp("^https?:$","i"),i=0;i<o.length;i++)o[i].style.display="none";for(i=0;i<a.length;i++)s=a[i],e.source===s.contentWindow&&(s.removeAttribute("style"),"height"===t.message?(1e3<(r=parseInt(t.value,10))?r=1e3:~~r<200&&(r=200),s.height=r):"link"===t.message&&(r=new URL(s.getAttribute("src")),n=new URL(t.value),c.test(n.protocol))&&n.host===r.host&&l.activeElement===s&&(d.top.location.href=t.value))}},d.addEventListener("message",d.wp.receiveEmbedMessage,!1),l.addEventListener("DOMContentLoaded",function(){for(var e,t,s=l.querySelectorAll("iframe.wp-embedded-content"),r=0;r<s.length;r++)(t=(e=s[r]).getAttribute("data-secret"))||(t=Math.random().toString(36).substring(2,12),e.src+="#?secret="+t,e.setAttribute("data-secret",t)),e.contentWindow.postMessage({message:"ready",secret:t},"*")},!1)))}(window,document);
//# sourceURL=https://stuttgarti-katolikusok.de/wp-includes/js/wp-embed.min.js
/* ]]> */
</script>

Akik tehették, örömmel és hálával szívükben eljöttek, hogy együtt tekintsünk vissza a megtett útra. Másrészt pedig előre is tekintettünk. Ünnepi szentmisénk végeztével a templom előtti téren Mindszenty József bíboros emlékszobrát koszorúztuk meg. Aztán pedig közös ágápéra került sor közösségi termünkben. Fogadjátok szeretettel az itt készült képeket.
