{"version":"1.0","provider_name":"Stuttgarti Katolikusok","provider_url":"https:\/\/stuttgarti-katolikusok.de","title":"Cs\u00edksomly\u00f3i b\u00facs\u00fa - 2020 - Stuttgarti Katolikusok","type":"rich","width":600,"height":338,"html":"<blockquote class=\"wp-embedded-content\" data-secret=\"gkMwDxDGOC\"><a href=\"https:\/\/stuttgarti-katolikusok.de\/index.php\/csiksomlyoi-bucsu-2020\/\">Cs\u00edksomly\u00f3i b\u00facs\u00fa &#8211; 2020<\/a><\/blockquote><iframe sandbox=\"allow-scripts\" security=\"restricted\" src=\"https:\/\/stuttgarti-katolikusok.de\/index.php\/csiksomlyoi-bucsu-2020\/embed\/#?secret=gkMwDxDGOC\" width=\"600\" height=\"338\" title=\"&#8220;Cs\u00edksomly\u00f3i b\u00facs\u00fa &#8211; 2020&#8221; &#8212; Stuttgarti Katolikusok\" data-secret=\"gkMwDxDGOC\" frameborder=\"0\" marginwidth=\"0\" marginheight=\"0\" scrolling=\"no\" class=\"wp-embedded-content\"><\/iframe><script type=\"text\/javascript\">\n\/* <![CDATA[ *\/\n\/*! This file is auto-generated *\/\n!function(d,l){\"use strict\";l.querySelector&&d.addEventListener&&\"undefined\"!=typeof URL&&(d.wp=d.wp||{},d.wp.receiveEmbedMessage||(d.wp.receiveEmbedMessage=function(e){var t=e.data;if((t||t.secret||t.message||t.value)&&!\/[^a-zA-Z0-9]\/.test(t.secret)){for(var s,r,n,a=l.querySelectorAll('iframe[data-secret=\"'+t.secret+'\"]'),o=l.querySelectorAll('blockquote[data-secret=\"'+t.secret+'\"]'),c=new RegExp(\"^https?:$\",\"i\"),i=0;i<o.length;i++)o[i].style.display=\"none\";for(i=0;i<a.length;i++)s=a[i],e.source===s.contentWindow&&(s.removeAttribute(\"style\"),\"height\"===t.message?(1e3<(r=parseInt(t.value,10))?r=1e3:~~r<200&&(r=200),s.height=r):\"link\"===t.message&&(r=new URL(s.getAttribute(\"src\")),n=new URL(t.value),c.test(n.protocol))&&n.host===r.host&&l.activeElement===s&&(d.top.location.href=t.value))}},d.addEventListener(\"message\",d.wp.receiveEmbedMessage,!1),l.addEventListener(\"DOMContentLoaded\",function(){for(var e,t,s=l.querySelectorAll(\"iframe.wp-embedded-content\"),r=0;r<s.length;r++)(t=(e=s[r]).getAttribute(\"data-secret\"))||(t=Math.random().toString(36).substring(2,12),e.src+=\"#?secret=\"+t,e.setAttribute(\"data-secret\",t)),e.contentWindow.postMessage({message:\"ready\",secret:t},\"*\")},!1)))}(window,document);\n\/\/# sourceURL=https:\/\/stuttgarti-katolikusok.de\/wp-includes\/js\/wp-embed.min.js\n\/* ]]> *\/\n<\/script>\n","thumbnail_url":"https:\/\/stuttgarti-katolikusok.de\/wp-content\/uploads\/2020\/05\/csiksomlyo.jpg","thumbnail_width":1600,"thumbnail_height":900,"description":"+! Kedves H\u00edveink, ma van a nagy nap: a Cs\u00edksomly\u00f3i B\u00facs\u00fa! Ha a j\u00e1rv\u00e1ny miatt nem is lehet\u00fcnk ott, l\u00e9lekben ott lehet\u00fcnk, \u00e9s az \u00e9ter hull\u00e1main minden programon r\u00e9szt vehet\u00fcnk. S\u0151t, minden programba bele is kapcsol\u00f3dhatunk. Tegy\u00fck h\u00e1t buzg\u00f3n \u00e9s lelkesen, s k\u00e9rj\u00fck a Sz\u0171zany\u00e1t, hogy tekintsen nemzet\u00fcnkre, egyh\u00e1zk\u00f6zs\u00e9g\u00fcnkre \u00e9s csal\u00e1dunkra! Lelkip\u00e1sztori szeretettel, Imre atya &nbsp; A programok, amelyeken r\u00e9szt lehet venni: https:\/\/www.youtube.com\/channel\/UChrkbh0y4ut-mELoCTRPR_Q &nbsp; Let\u00f6lthet\u0151 liturgikus f\u00fczet: https:\/\/issuu.com\/ofmsajto\/docs\/programfuzet_punkosd_2020 vagy: http:\/\/csiksomlyo.ro\/images\/programfuzet2020.pdf &nbsp; Cs\u00edksomly\u00f3i kegytemplom \u00e9l\u0151 k\u00f6zvet\u00edt\u00e9seinek id\u0151pontjai: M\u00e1jus 29., p\u00e9ntek 18:00 &#8211; nyit\u00f3szentmise \u00e9s virraszt\u00e1s 22:00 \u00f3r\u00e1ig M\u00e1jus 30., szombat 10:00 &#8211; ima 12:30 &#8211; \u00fcnnepi szentmise M\u00e1jus 31., vas\u00e1rnap 10:30 &#8211; p\u00fcnk\u00f6sdvas\u00e1rnapi szentmise J\u00fanius 1., h\u00e9tf\u0151 10:30 &#8211; megeml\u00e9kez\u0151 szentmise A www.csiksomlyo.ro honlapon is minden info megtal\u00e1lhat\u00f3. &nbsp; &nbsp; PS! Ne felejts\u00e9tek megfogalmazott imasz\u00e1nd\u00e9kaitokat \u201eelk\u00fcldeni\u201c az Egyh\u00e1zk\u00f6zs\u00e9g szalagj\u00e1ra, amely tegnap d\u00e9lut\u00e1nt\u00f3l \u2013 a t\u00f6bbi ezerrel \u00e9s ezerrel \u2013 ott leng a kegytemplom el\u0151tti nagy t\u00e1bl\u00e1n!"}

Csíksomlyói búcsú - 2020 - Stuttgarti Katolikusok

<blockquote class="wp-embedded-content" data-secret="gkMwDxDGOC"><a href="https://stuttgarti-katolikusok.de/index.php/csiksomlyoi-bucsu-2020/">Csíksomlyói búcsú &#8211; 2020</a></blockquote><iframe sandbox="allow-scripts" security="restricted" src="https://stuttgarti-katolikusok.de/index.php/csiksomlyoi-bucsu-2020/embed/#?secret=gkMwDxDGOC" width="600" height="338" title="&#8220;Csíksomlyói búcsú &#8211; 2020&#8221; &#8212; Stuttgarti Katolikusok" data-secret="gkMwDxDGOC" frameborder="0" marginwidth="0" marginheight="0" scrolling="no" class="wp-embedded-content"></iframe><script type="text/javascript">
/* <![CDATA[ */
/*! This file is auto-generated */
!function(d,l){"use strict";l.querySelector&&d.addEventListener&&"undefined"!=typeof URL&&(d.wp=d.wp||{},d.wp.receiveEmbedMessage||(d.wp.receiveEmbedMessage=function(e){var t=e.data;if((t||t.secret||t.message||t.value)&&!/[^a-zA-Z0-9]/.test(t.secret)){for(var s,r,n,a=l.querySelectorAll('iframe[data-secret="'+t.secret+'"]'),o=l.querySelectorAll('blockquote[data-secret="'+t.secret+'"]'),c=new RegExp("^https?:$","i"),i=0;i<o.length;i++)o[i].style.display="none";for(i=0;i<a.length;i++)s=a[i],e.source===s.contentWindow&&(s.removeAttribute("style"),"height"===t.message?(1e3<(r=parseInt(t.value,10))?r=1e3:~~r<200&&(r=200),s.height=r):"link"===t.message&&(r=new URL(s.getAttribute("src")),n=new URL(t.value),c.test(n.protocol))&&n.host===r.host&&l.activeElement===s&&(d.top.location.href=t.value))}},d.addEventListener("message",d.wp.receiveEmbedMessage,!1),l.addEventListener("DOMContentLoaded",function(){for(var e,t,s=l.querySelectorAll("iframe.wp-embedded-content"),r=0;r<s.length;r++)(t=(e=s[r]).getAttribute("data-secret"))||(t=Math.random().toString(36).substring(2,12),e.src+="#?secret="+t,e.setAttribute("data-secret",t)),e.contentWindow.postMessage({message:"ready",secret:t},"*")},!1)))}(window,document);
//# sourceURL=https://stuttgarti-katolikusok.de/wp-includes/js/wp-embed.min.js
/* ]]> */
</script>

+! Kedves Híveink, ma van a nagy nap: a Csíksomlyói Búcsú! Ha a járvány miatt nem is lehetünk ott, lélekben ott lehetünk, és az éter hullámain minden programon részt vehetünk. Sőt, minden programba bele is kapcsolódhatunk. Tegyük hát buzgón és lelkesen, s kérjük a Szűzanyát, hogy tekintsen nemzetünkre, egyházközségünkre és családunkra! Lelkipásztori szeretettel, Imre atya &nbsp; A programok, amelyeken részt lehet venni: https://www.youtube.com/channel/UChrkbh0y4ut-mELoCTRPR_Q &nbsp; Letölthető liturgikus füzet: https://issuu.com/ofmsajto/docs/programfuzet_punkosd_2020 vagy: http://csiksomlyo.ro/images/programfuzet2020.pdf &nbsp; Csíksomlyói kegytemplom élő közvetítéseinek időpontjai: Május 29., péntek 18:00 &#8211; nyitószentmise és virrasztás 22:00 óráig Május 30., szombat 10:00 &#8211; ima 12:30 &#8211; ünnepi szentmise Május 31., vasárnap 10:30 &#8211; pünkösdvasárnapi szentmise Június 1., hétfő 10:30 &#8211; megemlékező szentmise A www.csiksomlyo.ro honlapon is minden info megtalálható. &nbsp; &nbsp; PS! Ne felejtsétek megfogalmazott imaszándékaitokat „elküldeni“ az Egyházközség szalagjára, amely tegnap délutántól – a többi ezerrel és ezerrel – ott leng a kegytemplom előtti nagy táblán!
