{"version":"1.0","provider_name":"Stuttgarti Katolikusok","provider_url":"https:\/\/stuttgarti-katolikusok.de","title":"Cserk\u00e9szek - Stuttgarti Katolikusok","type":"rich","width":600,"height":338,"html":"<blockquote class=\"wp-embedded-content\" data-secret=\"S4WyI6ZEhC\"><a href=\"https:\/\/stuttgarti-katolikusok.de\/index.php\/cserkeszet\/\">Cserk\u00e9szek<\/a><\/blockquote><iframe sandbox=\"allow-scripts\" security=\"restricted\" src=\"https:\/\/stuttgarti-katolikusok.de\/index.php\/cserkeszet\/embed\/#?secret=S4WyI6ZEhC\" width=\"600\" height=\"338\" title=\"&#8220;Cserk\u00e9szek&#8221; &#8212; Stuttgarti Katolikusok\" data-secret=\"S4WyI6ZEhC\" frameborder=\"0\" marginwidth=\"0\" marginheight=\"0\" scrolling=\"no\" class=\"wp-embedded-content\"><\/iframe><script type=\"text\/javascript\">\n\/* <![CDATA[ *\/\n\/*! This file is auto-generated *\/\n!function(d,l){\"use strict\";l.querySelector&&d.addEventListener&&\"undefined\"!=typeof URL&&(d.wp=d.wp||{},d.wp.receiveEmbedMessage||(d.wp.receiveEmbedMessage=function(e){var t=e.data;if((t||t.secret||t.message||t.value)&&!\/[^a-zA-Z0-9]\/.test(t.secret)){for(var s,r,n,a=l.querySelectorAll('iframe[data-secret=\"'+t.secret+'\"]'),o=l.querySelectorAll('blockquote[data-secret=\"'+t.secret+'\"]'),c=new RegExp(\"^https?:$\",\"i\"),i=0;i<o.length;i++)o[i].style.display=\"none\";for(i=0;i<a.length;i++)s=a[i],e.source===s.contentWindow&&(s.removeAttribute(\"style\"),\"height\"===t.message?(1e3<(r=parseInt(t.value,10))?r=1e3:~~r<200&&(r=200),s.height=r):\"link\"===t.message&&(r=new URL(s.getAttribute(\"src\")),n=new URL(t.value),c.test(n.protocol))&&n.host===r.host&&l.activeElement===s&&(d.top.location.href=t.value))}},d.addEventListener(\"message\",d.wp.receiveEmbedMessage,!1),l.addEventListener(\"DOMContentLoaded\",function(){for(var e,t,s=l.querySelectorAll(\"iframe.wp-embedded-content\"),r=0;r<s.length;r++)(t=(e=s[r]).getAttribute(\"data-secret\"))||(t=Math.random().toString(36).substring(2,12),e.src+=\"#?secret=\"+t,e.setAttribute(\"data-secret\",t)),e.contentWindow.postMessage({message:\"ready\",secret:t},\"*\")},!1)))}(window,document);\n\/\/# sourceURL=https:\/\/stuttgarti-katolikusok.de\/wp-includes\/js\/wp-embed.min.js\n\/* ]]> *\/\n<\/script>\n","description":"[vc_row][vc_column width=&#8221;3\/4&#8243;][vc_column_text]MISKA &#8211; STUTTGART Nyelv\u00fcnk meg\u0151rz\u00e9se feladatunk. A mindennapok magyar besz\u00e9dj\u00e9n t\u00fal meg kell adnunk gyermekeinknek a lehet\u0151s\u00e9get, hogy \u00f6nmagukat ne idegennek, hanem magyark\u00e9nt vagy \u201ef\u00e9lmagyark\u00e9nt&#8221; \u00e9rezhess\u00e9k haz\u00e1jukban, N\u00e9metorsz\u00e1gban. Hogy ne h\u00fasz, harminc\u00e9vesen vagy k\u00e9s\u0151bb kezdj\u00e9k el keresni a \u201ehovatartoz\u00e1st&#8221;, amit gyermekkorukban a nyelven, az irodalmon, a kult\u00far\u00e1n \u00e1t nem tudtak megszerezni. \u201eTisztelj\u00e9tek az \u00edr\u00e1st, mert az \u00edr\u00e1son \u00e1t a l\u00e9lek sz\u00f3l az emberhez!\u201d (M\u00f3ricz Zsigmond) Ez\u00e9rt is&#8230; Szeretettel v\u00e1rjuk szeptember 21.-\u00e9n 10.30-t\u00f3l minden r\u00e9gi \u00e9s leend\u0151 di\u00e1kunkat sz\u00fcleikkel egy\u00fctt els\u0151 tan\u00edt\u00e1si napunkra. Helye: Stuttgart, Albert-Sch\u00e4ffle-Str. 30 altemplom. V\u00e1runk minden els\u0151 oszt\u00e1lyt elv\u00e9gzett, magyarul besz\u00e9l\u0151 gyermeket, a kezd\u0151 csoportunkba. CSERK\u00c9SZET J\u00e1tszva tanulni! Ezt az elgondol\u00e1st k\u00f6vetve m\u00e1r negyven \u00e9ve m\u0171k\u00f6dik magyar cserk\u00e9szcsapat Stuttgartban. Els\u0151 foglalkoz\u00e1sunkat szeptember 21.-\u00e9n tartjuk 14 \u00f3rai kezdettel. Szeptember 21.-\u00e9n 16 \u00f3r\u00e1t\u00f3l sz\u00fcl\u0151i megbesz\u00e9l\u00e9st tartunk a gyermekk\u00f6nyvt\u00e1rban. Itt mindenr\u0151l lehet besz\u00e9lni a Misk\u00e1val \u00e9s a cserk\u00e9szettel kapcsolatban. Iskol\u00e1val \u00e9s a cserk\u00e9szettel kapcsolatos k\u00e9rd\u00e9seikkel forduljanak Jablonkay Lydi\u00e1hoz. 07433276314 vagy 015204990635 Tov\u00e1bbi k\u00e9rd\u00e9sek eset\u00e9n pedig kattintsanak honlapunkra: www.stuttgarti-cserkeszek.de Mindenkit nagy szeretettel v\u00e1runk! A Tan\u00e1rok \u00e9s a Cserk\u00e9szek! CSERK\u00c9SZETTEL AZONOS NAPOKON MAGYAR ISKOLA (MISKA) V\u00c1RJA AZ \u00c9RDEKL\u0150D\u0150KET. AZ \u00d6SSZEJ\u00d6VETELEK \u00c9S A MAGYAR ISKOLA IDEJE: MISKA: \u00a0 \u00a0 \u00a0 \u00a0 \u00a0 \u00a0 \u00a0 \u00a010.30 -t\u00f3l \u2013 13.30-ig, CSERK\u00c9SZET: \u00a0 14.00- t\u00f3l \u2013 18.00-ig HELY: Bruder Klaus templom, Tel.: 0711 2369190 (Albert Sch\u00e4ffle-Str. 30. Stuttgart ) \u00c9RDEKL\u0150DNI: Cserk\u00e9szet: Jablonkay Lydia 07433-276314 Magyar iskola: Nagy Mikl\u00f3s 07151-906433 stuttgarti-cserkeszek@gmx.de miska.stuttgart@gmx.de \u00d6lt\u00f6z\u00e9k: er\u0151s, z\u00e1rt cip\u0151, cserk\u00e9szing, nyakkend\u0151, \u00e9s az id\u0151j\u00e1r\u00e1snak megfelel\u0151 egy\u00e9b ruh\u00e1zat. Hozand\u00f3: uzsonna, innival\u00f3 (kulacsban!!!), \u00edr\u00f3szer, cserk\u00e9szk\u00f6nyv, f\u00fczet, cserk\u00e9szeknek bicska \u00e9s egy\u00e9b, az \u00f6sszej\u00f6vetelhez sz\u00fcks\u00e9ges felszerel\u00e9s. Mivel rossz id\u0151ben is kimegy\u00fcnk, tess\u00e9k ennek megfelel\u0151en \u00f6lt\u00f6zni! AMENNYIBEN NEM TUDSZ AZ \u00d6SSZEJ\u00d6VETELEN R\u00c9SZT VENNI, FELT\u00c9TLEN\u00dcL SZ\u00d3LJ EL\u0150TTE VAL\u00d3 ESTE NEKEM (07433-276314), VAGY AZ \u0150RSVEZET\u0150DNEK! Tagd\u00edj: 50 EUR\/ f\u0151\/ \u00e9v. Legyetek sz\u00edvesek m\u00e1rcius 31-ig befizetni az alul megadott kont\u00f3ra, vagy nekem az \u00f6sszej\u00f6veteleken. Az adom\u00e1nyokat szeretettel... R\u00e9szletek"}

Cserkészek - Stuttgarti Katolikusok

<blockquote class="wp-embedded-content" data-secret="S4WyI6ZEhC"><a href="https://stuttgarti-katolikusok.de/index.php/cserkeszet/">Cserkészek</a></blockquote><iframe sandbox="allow-scripts" security="restricted" src="https://stuttgarti-katolikusok.de/index.php/cserkeszet/embed/#?secret=S4WyI6ZEhC" width="600" height="338" title="&#8220;Cserkészek&#8221; &#8212; Stuttgarti Katolikusok" data-secret="S4WyI6ZEhC" frameborder="0" marginwidth="0" marginheight="0" scrolling="no" class="wp-embedded-content"></iframe><script type="text/javascript">
/* <![CDATA[ */
/*! This file is auto-generated */
!function(d,l){"use strict";l.querySelector&&d.addEventListener&&"undefined"!=typeof URL&&(d.wp=d.wp||{},d.wp.receiveEmbedMessage||(d.wp.receiveEmbedMessage=function(e){var t=e.data;if((t||t.secret||t.message||t.value)&&!/[^a-zA-Z0-9]/.test(t.secret)){for(var s,r,n,a=l.querySelectorAll('iframe[data-secret="'+t.secret+'"]'),o=l.querySelectorAll('blockquote[data-secret="'+t.secret+'"]'),c=new RegExp("^https?:$","i"),i=0;i<o.length;i++)o[i].style.display="none";for(i=0;i<a.length;i++)s=a[i],e.source===s.contentWindow&&(s.removeAttribute("style"),"height"===t.message?(1e3<(r=parseInt(t.value,10))?r=1e3:~~r<200&&(r=200),s.height=r):"link"===t.message&&(r=new URL(s.getAttribute("src")),n=new URL(t.value),c.test(n.protocol))&&n.host===r.host&&l.activeElement===s&&(d.top.location.href=t.value))}},d.addEventListener("message",d.wp.receiveEmbedMessage,!1),l.addEventListener("DOMContentLoaded",function(){for(var e,t,s=l.querySelectorAll("iframe.wp-embedded-content"),r=0;r<s.length;r++)(t=(e=s[r]).getAttribute("data-secret"))||(t=Math.random().toString(36).substring(2,12),e.src+="#?secret="+t,e.setAttribute("data-secret",t)),e.contentWindow.postMessage({message:"ready",secret:t},"*")},!1)))}(window,document);
//# sourceURL=https://stuttgarti-katolikusok.de/wp-includes/js/wp-embed.min.js
/* ]]> */
</script>

[vc_row][vc_column width=&#8221;3/4&#8243;][vc_column_text]MISKA &#8211; STUTTGART Nyelvünk megőrzése feladatunk. A mindennapok magyar beszédjén túl meg kell adnunk gyermekeinknek a lehetőséget, hogy önmagukat ne idegennek, hanem magyarként vagy „félmagyarként&#8221; érezhessék hazájukban, Németországban. Hogy ne húsz, harmincévesen vagy később kezdjék el keresni a „hovatartozást&#8221;, amit gyermekkorukban a nyelven, az irodalmon, a kultúrán át nem tudtak megszerezni. „Tiszteljétek az írást, mert az íráson át a lélek szól az emberhez!” (Móricz Zsigmond) Ezért is&#8230; Szeretettel várjuk szeptember 21.-én 10.30-tól minden régi és leendő diákunkat szüleikkel együtt első tanítási napunkra. Helye: Stuttgart, Albert-Schäffle-Str. 30 altemplom. Várunk minden első osztályt elvégzett, magyarul beszélő gyermeket, a kezdő csoportunkba. CSERKÉSZET Játszva tanulni! Ezt az elgondolást követve már negyven éve működik magyar cserkészcsapat Stuttgartban. Első foglalkozásunkat szeptember 21.-én tartjuk 14 órai kezdettel. Szeptember 21.-én 16 órától szülői megbeszélést tartunk a gyermekkönyvtárban. Itt mindenről lehet beszélni a Miskával és a cserkészettel kapcsolatban. Iskolával és a cserkészettel kapcsolatos kérdéseikkel forduljanak Jablonkay Lydiához. 07433276314 vagy 015204990635 További kérdések esetén pedig kattintsanak honlapunkra: www.stuttgarti-cserkeszek.de Mindenkit nagy szeretettel várunk! A Tanárok és a Cserkészek! CSERKÉSZETTEL AZONOS NAPOKON MAGYAR ISKOLA (MISKA) VÁRJA AZ ÉRDEKLŐDŐKET. AZ ÖSSZEJÖVETELEK ÉS A MAGYAR ISKOLA IDEJE: MISKA:                10.30 -tól – 13.30-ig, CSERKÉSZET:   14.00- tól – 18.00-ig HELY: Bruder Klaus templom, Tel.: 0711 2369190 (Albert Schäffle-Str. 30. Stuttgart ) ÉRDEKLŐDNI: Cserkészet: Jablonkay Lydia 07433-276314 Magyar iskola: Nagy Miklós 07151-906433 stuttgarti-cserkeszek@gmx.de miska.stuttgart@gmx.de Öltözék: erős, zárt cipő, cserkészing, nyakkendő, és az időjárásnak megfelelő egyéb ruházat. Hozandó: uzsonna, innivaló (kulacsban!!!), írószer, cserkészkönyv, füzet, cserkészeknek bicska és egyéb, az összejövetelhez szükséges felszerelés. Mivel rossz időben is kimegyünk, tessék ennek megfelelően öltözni! AMENNYIBEN NEM TUDSZ AZ ÖSSZEJÖVETELEN RÉSZT VENNI, FELTÉTLENÜL SZÓLJ ELŐTTE VALÓ ESTE NEKEM (07433-276314), VAGY AZ ŐRSVEZETŐDNEK! Tagdíj: 50 EUR/ fő/ év. Legyetek szívesek március 31-ig befizetni az alul megadott kontóra, vagy nekem az összejöveteleken. Az adományokat szeretettel... Részletek
