{"version":"1.0","provider_name":"Stuttgarti Katolikusok","provider_url":"https:\/\/stuttgarti-katolikusok.de","title":"Cserk\u00e9sz-advent Stuttgartban - 2022. december 18. - Stuttgarti Katolikusok","type":"rich","width":600,"height":338,"html":"<blockquote class=\"wp-embedded-content\" data-secret=\"pS7YUNQy0y\"><a href=\"https:\/\/stuttgarti-katolikusok.de\/index.php\/cserkesz-advent-stuttgartban-2022-december-18\/\">Cserk\u00e9sz-advent Stuttgartban &#8211; 2022. december 18.<\/a><\/blockquote><iframe sandbox=\"allow-scripts\" security=\"restricted\" src=\"https:\/\/stuttgarti-katolikusok.de\/index.php\/cserkesz-advent-stuttgartban-2022-december-18\/embed\/#?secret=pS7YUNQy0y\" width=\"600\" height=\"338\" title=\"&#8220;Cserk\u00e9sz-advent Stuttgartban &#8211; 2022. december 18.&#8221; &#8212; Stuttgarti Katolikusok\" data-secret=\"pS7YUNQy0y\" frameborder=\"0\" marginwidth=\"0\" marginheight=\"0\" scrolling=\"no\" class=\"wp-embedded-content\"><\/iframe><script type=\"text\/javascript\">\n\/* <![CDATA[ *\/\n\/*! This file is auto-generated *\/\n!function(d,l){\"use strict\";l.querySelector&&d.addEventListener&&\"undefined\"!=typeof URL&&(d.wp=d.wp||{},d.wp.receiveEmbedMessage||(d.wp.receiveEmbedMessage=function(e){var t=e.data;if((t||t.secret||t.message||t.value)&&!\/[^a-zA-Z0-9]\/.test(t.secret)){for(var s,r,n,a=l.querySelectorAll('iframe[data-secret=\"'+t.secret+'\"]'),o=l.querySelectorAll('blockquote[data-secret=\"'+t.secret+'\"]'),c=new RegExp(\"^https?:$\",\"i\"),i=0;i<o.length;i++)o[i].style.display=\"none\";for(i=0;i<a.length;i++)s=a[i],e.source===s.contentWindow&&(s.removeAttribute(\"style\"),\"height\"===t.message?(1e3<(r=parseInt(t.value,10))?r=1e3:~~r<200&&(r=200),s.height=r):\"link\"===t.message&&(r=new URL(s.getAttribute(\"src\")),n=new URL(t.value),c.test(n.protocol))&&n.host===r.host&&l.activeElement===s&&(d.top.location.href=t.value))}},d.addEventListener(\"message\",d.wp.receiveEmbedMessage,!1),l.addEventListener(\"DOMContentLoaded\",function(){for(var e,t,s=l.querySelectorAll(\"iframe.wp-embedded-content\"),r=0;r<s.length;r++)(t=(e=s[r]).getAttribute(\"data-secret\"))||(t=Math.random().toString(36).substring(2,12),e.src+=\"#?secret=\"+t,e.setAttribute(\"data-secret\",t)),e.contentWindow.postMessage({message:\"ready\",secret:t},\"*\")},!1)))}(window,document);\n\/\/# sourceURL=https:\/\/stuttgarti-katolikusok.de\/wp-includes\/js\/wp-embed.min.js\n\/* ]]> *\/\n<\/script>\n","thumbnail_url":"https:\/\/stuttgarti-katolikusok.de\/wp-content\/uploads\/2022\/12\/cserkeszadvent-stuttgart.jpg","thumbnail_width":2000,"thumbnail_height":1125,"description":"A 81. sz\u00e1m\u00fa Dob\u00f3 Istv\u00e1n cserk\u00e9szcsapat fenn\u00e1ll\u00e1s\u00e1nak 50. \u00e9vfordul\u00f3j\u00e1t \u00fcnnepelte. Advent 4. vas\u00e1rnapj\u00e1n, a kor\u00e1bbi esztend\u0151k hagyom\u00e1ny\u00e1t k\u00f6vetve, adventi \u00e9s kar\u00e1csonyi t\u00e9m\u00e1j\u00fa el\u0151ad\u00e1ssal aj\u00e1nd\u00e9koztak meg. H\u00e1l\u00e1s k\u00f6sz\u00f6net Dr. Izs\u00e1k Andr\u00e1s f\u0151konzul \u00farnak a szem\u00e9lyes jelenl\u00e9t\u00e9rt \u00e9s az \u00fcnnepi besz\u00e9d\u00e9rt. Term\u00e9szetesen k\u00f6sz\u00f6net illeti meg a cserk\u00e9szcsapat minden tagj\u00e1t \u00e9s a kedves sz\u00fcl\u0151ket, hogy ilyen tartalmas nappal aj\u00e1nd\u00e9koztak meg benn\u00fcnket. Cserk\u00e9sz-advent Stuttgartban"}

Cserkész-advent Stuttgartban - 2022. december 18. - Stuttgarti Katolikusok

<blockquote class="wp-embedded-content" data-secret="pS7YUNQy0y"><a href="https://stuttgarti-katolikusok.de/index.php/cserkesz-advent-stuttgartban-2022-december-18/">Cserkész-advent Stuttgartban &#8211; 2022. december 18.</a></blockquote><iframe sandbox="allow-scripts" security="restricted" src="https://stuttgarti-katolikusok.de/index.php/cserkesz-advent-stuttgartban-2022-december-18/embed/#?secret=pS7YUNQy0y" width="600" height="338" title="&#8220;Cserkész-advent Stuttgartban &#8211; 2022. december 18.&#8221; &#8212; Stuttgarti Katolikusok" data-secret="pS7YUNQy0y" frameborder="0" marginwidth="0" marginheight="0" scrolling="no" class="wp-embedded-content"></iframe><script type="text/javascript">
/* <![CDATA[ */
/*! This file is auto-generated */
!function(d,l){"use strict";l.querySelector&&d.addEventListener&&"undefined"!=typeof URL&&(d.wp=d.wp||{},d.wp.receiveEmbedMessage||(d.wp.receiveEmbedMessage=function(e){var t=e.data;if((t||t.secret||t.message||t.value)&&!/[^a-zA-Z0-9]/.test(t.secret)){for(var s,r,n,a=l.querySelectorAll('iframe[data-secret="'+t.secret+'"]'),o=l.querySelectorAll('blockquote[data-secret="'+t.secret+'"]'),c=new RegExp("^https?:$","i"),i=0;i<o.length;i++)o[i].style.display="none";for(i=0;i<a.length;i++)s=a[i],e.source===s.contentWindow&&(s.removeAttribute("style"),"height"===t.message?(1e3<(r=parseInt(t.value,10))?r=1e3:~~r<200&&(r=200),s.height=r):"link"===t.message&&(r=new URL(s.getAttribute("src")),n=new URL(t.value),c.test(n.protocol))&&n.host===r.host&&l.activeElement===s&&(d.top.location.href=t.value))}},d.addEventListener("message",d.wp.receiveEmbedMessage,!1),l.addEventListener("DOMContentLoaded",function(){for(var e,t,s=l.querySelectorAll("iframe.wp-embedded-content"),r=0;r<s.length;r++)(t=(e=s[r]).getAttribute("data-secret"))||(t=Math.random().toString(36).substring(2,12),e.src+="#?secret="+t,e.setAttribute("data-secret",t)),e.contentWindow.postMessage({message:"ready",secret:t},"*")},!1)))}(window,document);
//# sourceURL=https://stuttgarti-katolikusok.de/wp-includes/js/wp-embed.min.js
/* ]]> */
</script>

A 81. számú Dobó István cserkészcsapat fennállásának 50. évfordulóját ünnepelte. Advent 4. vasárnapján, a korábbi esztendők hagyományát követve, adventi és karácsonyi témájú előadással ajándékoztak meg. Hálás köszönet Dr. Izsák András főkonzul úrnak a személyes jelenlétért és az ünnepi beszédért. Természetesen köszönet illeti meg a cserkészcsapat minden tagját és a kedves szülőket, hogy ilyen tartalmas nappal ajándékoztak meg bennünket. Cserkész-advent Stuttgartban
