{"version":"1.0","provider_name":"Stuttgarti Katolikusok","provider_url":"https:\/\/stuttgarti-katolikusok.de","title":"Brune Gy\u00f6rgyi Marietta: H\u00e1zas H\u00e9tv\u00e9ge Stuttgartban - Stuttgarti Katolikusok","type":"rich","width":600,"height":338,"html":"<blockquote class=\"wp-embedded-content\" data-secret=\"GTsv1xpj3Q\"><a href=\"https:\/\/stuttgarti-katolikusok.de\/index.php\/brune-gyorgyi-marietta-hazas-hetvege-stuttgartban\/\">Brune Gy\u00f6rgyi Marietta: H\u00e1zas H\u00e9tv\u00e9ge Stuttgartban<\/a><\/blockquote><iframe sandbox=\"allow-scripts\" security=\"restricted\" src=\"https:\/\/stuttgarti-katolikusok.de\/index.php\/brune-gyorgyi-marietta-hazas-hetvege-stuttgartban\/embed\/#?secret=GTsv1xpj3Q\" width=\"600\" height=\"338\" title=\"&#8220;Brune Gy\u00f6rgyi Marietta: H\u00e1zas H\u00e9tv\u00e9ge Stuttgartban&#8221; &#8212; Stuttgarti Katolikusok\" data-secret=\"GTsv1xpj3Q\" frameborder=\"0\" marginwidth=\"0\" marginheight=\"0\" scrolling=\"no\" class=\"wp-embedded-content\"><\/iframe><script type=\"text\/javascript\">\n\/* <![CDATA[ *\/\n\/*! This file is auto-generated *\/\n!function(d,l){\"use strict\";l.querySelector&&d.addEventListener&&\"undefined\"!=typeof URL&&(d.wp=d.wp||{},d.wp.receiveEmbedMessage||(d.wp.receiveEmbedMessage=function(e){var t=e.data;if((t||t.secret||t.message||t.value)&&!\/[^a-zA-Z0-9]\/.test(t.secret)){for(var s,r,n,a=l.querySelectorAll('iframe[data-secret=\"'+t.secret+'\"]'),o=l.querySelectorAll('blockquote[data-secret=\"'+t.secret+'\"]'),c=new RegExp(\"^https?:$\",\"i\"),i=0;i<o.length;i++)o[i].style.display=\"none\";for(i=0;i<a.length;i++)s=a[i],e.source===s.contentWindow&&(s.removeAttribute(\"style\"),\"height\"===t.message?(1e3<(r=parseInt(t.value,10))?r=1e3:~~r<200&&(r=200),s.height=r):\"link\"===t.message&&(r=new URL(s.getAttribute(\"src\")),n=new URL(t.value),c.test(n.protocol))&&n.host===r.host&&l.activeElement===s&&(d.top.location.href=t.value))}},d.addEventListener(\"message\",d.wp.receiveEmbedMessage,!1),l.addEventListener(\"DOMContentLoaded\",function(){for(var e,t,s=l.querySelectorAll(\"iframe.wp-embedded-content\"),r=0;r<s.length;r++)(t=(e=s[r]).getAttribute(\"data-secret\"))||(t=Math.random().toString(36).substring(2,12),e.src+=\"#?secret=\"+t,e.setAttribute(\"data-secret\",t)),e.contentWindow.postMessage({message:\"ready\",secret:t},\"*\")},!1)))}(window,document);\n\/\/# sourceURL=https:\/\/stuttgarti-katolikusok.de\/wp-includes\/js\/wp-embed.min.js\n\/* ]]> *\/\n<\/script>\n","thumbnail_url":"https:\/\/stuttgarti-katolikusok.de\/wp-content\/uploads\/2019\/06\/shh.jpg","thumbnail_width":1600,"thumbnail_height":1200,"description":"Brune Gy\u00f6rgyi Marietta H\u00e1zas H\u00e9tv\u00e9ge Stuttgartban 2019.06.01. 2019. j\u00fanius elsej\u00e9n a Szeged-Csan\u00e1di Egyh\u00e1zmegy\u00e9b\u0151l \u00e9rkez\u0151 Kopasz Istv\u00e1n atya \u00f6r\u00f6mmel tett eleget Imre atya megh\u00edv\u00e1s\u00e1nak. Nem ez az els\u0151 alkalom, hogy Imre atya &#8211; a legt\u00f6bb\u00fcnk \u00e1ltal Fiatal H\u00e1zasok Napjak\u00e9nt ismert rendezv\u00e9nyt a k\u00f6z\u00e9pkor\u00fa, gyermekes csal\u00e1dok sz\u00e1m\u00e1ra is kib\u0151v\u00edtve \u2013 H\u00e1zas H\u00e9tv\u00e9ge n\u00e9ven szervez programot Stuttgartban. D\u00e9lel\u0151tt 10-\u00f3rakor vette kezdet\u00e9t a rendezv\u00e9ny, melynek keret\u00e9ben hat h\u00e1zasp\u00e1rnak tartott Istv\u00e1n atya el\u0151ad\u00e1st \u00e9s vezetett t\u00f6ltekez\u0151 besz\u00e9lget\u00e9st. A ragyog\u00f3 naps\u00fct\u00e9sben a gyermekek is j\u00f3l \u00e9rezt\u00e9k magukat, melyre kiv\u00e1l\u00f3 alkalmat szolg\u00e1lt a k\u00f6z\u00f6ss\u00e9gi h\u00e1z melletti \u00f3voda udvara. K\u00f6sz\u00f6nettel tartozunk Anik\u00f3nak \u00e9s Zs\u00f3finak, ami\u00e9rt ezen a d\u00e9lel\u0151tt\u00f6n magukra v\u00e1llalt\u00e1k a gyerekek fel\u00fcgyelet\u00e9t! A d\u00e9lel\u0151tt im\u00e1ds\u00e1ggal kezd\u0151d\u00f6tt, majd Istv\u00e1n atya k\u00fcl\u00f6nf\u00e9le sztereotip csal\u00e1dmodelleken kereszt\u00fcl mutatta be, milyen ir\u00e1nyt vehet egy h\u00e1zass\u00e1g a k\u00f6z\u00f6sen t\u00f6lt\u00f6tt \u00e9vek sor\u00e1n. Sz\u00f3 esett a p\u00e1rok esztend\u0151r\u0151l-esztend\u0151re alakul\u00f3 p\u00e1rkapcsolat\u00e1n t\u00fal a sz\u00fcletend\u0151 gyermekek sz\u00fcl\u0151kh\u00f6z f\u0171z\u0151d\u0151 viszony\u00e1r\u00f3l, \u00e9s a nevel\u00e9si strat\u00e9gi\u00e1kr\u00f3l is. Els\u0151 sorban azonban mindenf\u00e9le szem\u00e9lyesked\u00e9st n\u00e9lk\u00fcl\u00f6z\u0151 bar\u00e1ti hangv\u00e9tel\u0171 besz\u00e9lget\u00e9sben volt r\u00e9sz\u00fcnk, ahol a r\u00e9sztvev\u0151k is m\u00e9lyebben megismerhett\u00e9k egym\u00e1st. Tal\u00e1n sokan az gondolj\u00e1k: \u201eugyan honnan is tudhatn\u00e1 egy lelkip\u00e1sztor, mi mozd\u00edthat ki egy elt\u00e9vedt csal\u00e1dot a g\u00f6d\u00f6rb\u0151l, illetve hogy is \u00e9rthetn\u00e9k, milyen sokat f\u00e1radozunk azon, hogy gyerekeink tizen\u00e9ves korukban is \u00f6r\u00f6mmel menjenek haza \u00e9s szeressenek otthon lenni?! \u201d A H\u00e1zas H\u00e9tv\u00e9ge azonban nemcsak h\u00e1zasp\u00e1roknak sz\u00f3l, de papokat \u00e9s szerzeteseket is h\u00edv arra, hogy hivat\u00e1sukban elm\u00e9lyedjenek, kapcsolatukat a k\u00f6z\u00f6ss\u00e9g\u00fckkel meg\u00faj\u00edts\u00e1k. \u0150k egy teljesen m\u00e1s perspekt\u00edv\u00e1b\u00f3l k\u00e9pesek r\u00e1vil\u00e1g\u00edtani azokra a c\u00e9lokra, vagy a c\u00e9lokhoz seg\u00edt\u0151 \u201emank\u00f3kra\u201d, melyek teljesebb\u00e9-, egy \u00e9leten \u00e1t sz\u00e9pp\u00e9 \u00e9s tartalmass\u00e1 tehetik a csal\u00e1di \u00e9letet, hiszen Isten tudatosan teremtette az embert a h\u00e1zass\u00e1gra. D\u00e9l k\u00f6r\u00fcl term\u00e9szetesen mindny\u00e1jan meg\u00e9hezt\u00fcnk, ez\u00e9rt egy j\u00f3 hangulat\u00fa pizz\u00e1z\u00e1ssal folytat\u00f3dott a szombat d\u00e9lel\u0151tt. Az asztalt k\u00f6r\u00fcl \u00fclve j\u00f3 hangulatban folytathattuk a besz\u00e9lget\u00e9st, majd a rendezv\u00e9ny kett\u0151 \u00f3ra k\u00f6r\u00fcl k\u00f6z\u00f6s im\u00e1ds\u00e1ggal \u00e9s \u00e1ld\u00e1ssal \u00e9rt v\u00e9get. A H\u00e1zas H\u00e9tv\u00e9ge egy vil\u00e1gm\u00e9ret\u0171... R\u00e9szletek"}

Brune Györgyi Marietta: Házas Hétvége Stuttgartban - Stuttgarti Katolikusok

<blockquote class="wp-embedded-content" data-secret="GTsv1xpj3Q"><a href="https://stuttgarti-katolikusok.de/index.php/brune-gyorgyi-marietta-hazas-hetvege-stuttgartban/">Brune Györgyi Marietta: Házas Hétvége Stuttgartban</a></blockquote><iframe sandbox="allow-scripts" security="restricted" src="https://stuttgarti-katolikusok.de/index.php/brune-gyorgyi-marietta-hazas-hetvege-stuttgartban/embed/#?secret=GTsv1xpj3Q" width="600" height="338" title="&#8220;Brune Györgyi Marietta: Házas Hétvége Stuttgartban&#8221; &#8212; Stuttgarti Katolikusok" data-secret="GTsv1xpj3Q" frameborder="0" marginwidth="0" marginheight="0" scrolling="no" class="wp-embedded-content"></iframe><script type="text/javascript">
/* <![CDATA[ */
/*! This file is auto-generated */
!function(d,l){"use strict";l.querySelector&&d.addEventListener&&"undefined"!=typeof URL&&(d.wp=d.wp||{},d.wp.receiveEmbedMessage||(d.wp.receiveEmbedMessage=function(e){var t=e.data;if((t||t.secret||t.message||t.value)&&!/[^a-zA-Z0-9]/.test(t.secret)){for(var s,r,n,a=l.querySelectorAll('iframe[data-secret="'+t.secret+'"]'),o=l.querySelectorAll('blockquote[data-secret="'+t.secret+'"]'),c=new RegExp("^https?:$","i"),i=0;i<o.length;i++)o[i].style.display="none";for(i=0;i<a.length;i++)s=a[i],e.source===s.contentWindow&&(s.removeAttribute("style"),"height"===t.message?(1e3<(r=parseInt(t.value,10))?r=1e3:~~r<200&&(r=200),s.height=r):"link"===t.message&&(r=new URL(s.getAttribute("src")),n=new URL(t.value),c.test(n.protocol))&&n.host===r.host&&l.activeElement===s&&(d.top.location.href=t.value))}},d.addEventListener("message",d.wp.receiveEmbedMessage,!1),l.addEventListener("DOMContentLoaded",function(){for(var e,t,s=l.querySelectorAll("iframe.wp-embedded-content"),r=0;r<s.length;r++)(t=(e=s[r]).getAttribute("data-secret"))||(t=Math.random().toString(36).substring(2,12),e.src+="#?secret="+t,e.setAttribute("data-secret",t)),e.contentWindow.postMessage({message:"ready",secret:t},"*")},!1)))}(window,document);
//# sourceURL=https://stuttgarti-katolikusok.de/wp-includes/js/wp-embed.min.js
/* ]]> */
</script>

Brune Györgyi Marietta Házas Hétvége Stuttgartban 2019.06.01. 2019. június elsején a Szeged-Csanádi Egyházmegyéből érkező Kopasz István atya örömmel tett eleget Imre atya meghívásának. Nem ez az első alkalom, hogy Imre atya &#8211; a legtöbbünk által Fiatal Házasok Napjaként ismert rendezvényt a középkorú, gyermekes családok számára is kibővítve – Házas Hétvége néven szervez programot Stuttgartban. Délelőtt 10-órakor vette kezdetét a rendezvény, melynek keretében hat házaspárnak tartott István atya előadást és vezetett töltekező beszélgetést. A ragyogó napsütésben a gyermekek is jól érezték magukat, melyre kiváló alkalmat szolgált a közösségi ház melletti óvoda udvara. Köszönettel tartozunk Anikónak és Zsófinak, amiért ezen a délelőttön magukra vállalták a gyerekek felügyeletét! A délelőtt imádsággal kezdődött, majd István atya különféle sztereotip családmodelleken keresztül mutatta be, milyen irányt vehet egy házasság a közösen töltött évek során. Szó esett a párok esztendőről-esztendőre alakuló párkapcsolatán túl a születendő gyermekek szülőkhöz fűződő viszonyáról, és a nevelési stratégiákról is. Első sorban azonban mindenféle személyeskedést nélkülöző baráti hangvételű beszélgetésben volt részünk, ahol a résztvevők is mélyebben megismerhették egymást. Talán sokan az gondolják: „ugyan honnan is tudhatná egy lelkipásztor, mi mozdíthat ki egy eltévedt családot a gödörből, illetve hogy is érthetnék, milyen sokat fáradozunk azon, hogy gyerekeink tizenéves korukban is örömmel menjenek haza és szeressenek otthon lenni?! ” A Házas Hétvége azonban nemcsak házaspároknak szól, de papokat és szerzeteseket is hív arra, hogy hivatásukban elmélyedjenek, kapcsolatukat a közösségükkel megújítsák. Ők egy teljesen más perspektívából képesek rávilágítani azokra a célokra, vagy a célokhoz segítő „mankókra”, melyek teljesebbé-, egy életen át széppé és tartalmassá tehetik a családi életet, hiszen Isten tudatosan teremtette az embert a házasságra. Dél körül természetesen mindnyájan megéheztünk, ezért egy jó hangulatú pizzázással folytatódott a szombat délelőtt. Az asztalt körül ülve jó hangulatban folytathattuk a beszélgetést, majd a rendezvény kettő óra körül közös imádsággal és áldással ért véget. A Házas Hétvége egy világméretű... Részletek
