{"version":"1.0","provider_name":"Stuttgarti Katolikusok","provider_url":"https:\/\/stuttgarti-katolikusok.de","title":"Benedek Annik\u00f3 No\u00e9mi: Adni j\u00f3... - Stuttgarti Katolikusok","type":"rich","width":600,"height":338,"html":"<blockquote class=\"wp-embedded-content\" data-secret=\"RHPyA1HNiS\"><a href=\"https:\/\/stuttgarti-katolikusok.de\/index.php\/benedek-anniko-noemi-adni-jo\/\">Benedek Annik\u00f3 No\u00e9mi: Adni j\u00f3&#8230;<\/a><\/blockquote><iframe sandbox=\"allow-scripts\" security=\"restricted\" src=\"https:\/\/stuttgarti-katolikusok.de\/index.php\/benedek-anniko-noemi-adni-jo\/embed\/#?secret=RHPyA1HNiS\" width=\"600\" height=\"338\" title=\"&#8220;Benedek Annik\u00f3 No\u00e9mi: Adni j\u00f3&#8230;&#8221; &#8212; Stuttgarti Katolikusok\" data-secret=\"RHPyA1HNiS\" frameborder=\"0\" marginwidth=\"0\" marginheight=\"0\" scrolling=\"no\" class=\"wp-embedded-content\"><\/iframe><script type=\"text\/javascript\">\n\/* <![CDATA[ *\/\n\/*! This file is auto-generated *\/\n!function(d,l){\"use strict\";l.querySelector&&d.addEventListener&&\"undefined\"!=typeof URL&&(d.wp=d.wp||{},d.wp.receiveEmbedMessage||(d.wp.receiveEmbedMessage=function(e){var t=e.data;if((t||t.secret||t.message||t.value)&&!\/[^a-zA-Z0-9]\/.test(t.secret)){for(var s,r,n,a=l.querySelectorAll('iframe[data-secret=\"'+t.secret+'\"]'),o=l.querySelectorAll('blockquote[data-secret=\"'+t.secret+'\"]'),c=new RegExp(\"^https?:$\",\"i\"),i=0;i<o.length;i++)o[i].style.display=\"none\";for(i=0;i<a.length;i++)s=a[i],e.source===s.contentWindow&&(s.removeAttribute(\"style\"),\"height\"===t.message?(1e3<(r=parseInt(t.value,10))?r=1e3:~~r<200&&(r=200),s.height=r):\"link\"===t.message&&(r=new URL(s.getAttribute(\"src\")),n=new URL(t.value),c.test(n.protocol))&&n.host===r.host&&l.activeElement===s&&(d.top.location.href=t.value))}},d.addEventListener(\"message\",d.wp.receiveEmbedMessage,!1),l.addEventListener(\"DOMContentLoaded\",function(){for(var e,t,s=l.querySelectorAll(\"iframe.wp-embedded-content\"),r=0;r<s.length;r++)(t=(e=s[r]).getAttribute(\"data-secret\"))||(t=Math.random().toString(36).substring(2,12),e.src+=\"#?secret=\"+t,e.setAttribute(\"data-secret\",t)),e.contentWindow.postMessage({message:\"ready\",secret:t},\"*\")},!1)))}(window,document);\n\/\/# sourceURL=https:\/\/stuttgarti-katolikusok.de\/wp-includes\/js\/wp-embed.min.js\n\/* ]]> *\/\n<\/script>\n","description":"Adni j\u00f3&#8230; Azt hiszem, mindenkinek felt\u0171nt m\u00e1r Stuttgartban vagy azokban a nagyobb v\u00e1rosokban, amelyekben az ut\u00f3bbi id\u0151ben megfordult, hogy sajnos napr\u00f3l-napra n\u0151 a szeg\u00e9nyek sz\u00e1ma, k\u00f6zt\u00fck sokan v\u00e1lnak hajl\u00e9ktalann\u00e1. Hirtelen \u00a0betegs\u00e9g, k\u00f3r, szem\u00e9lyi trag\u00e9dia k\u00f6vetkezt\u00e9ben napr\u00f3l-napra k\u00fczdenek a hossz\u00fa t\u00e1v\u00fa munkan\u00e9lk\u00fclis\u00e9ggel, a munkav\u00e9gz\u00e9si k\u00e9pess\u00e9gek besz\u0171k\u00fcl\u00e9s\u00e9v\u00e9l, a t\u00falzott alkoholfogyaszt\u00e1ssal, a lak\u00e1s elveszt\u00e9s\u00e9vel&#8230; A Stuttgarti Caritas \u00e9ppen ezeken az embereken akar seg\u00edteni. Szolg\u00e1ltat\u00e1sa nem csak abban \u00e1ll, hogy a r\u00e1szorultaknak tiszt\u00e1lkod\u00e1si lehet\u0151s\u00e9get biztos\u00edt, ruh\u00e1kat oszt ki, reggelit \u00e9s eb\u00e9det ny\u00fajt, hanem a r\u00e1szorul\u00f3k mindenf\u00e9le szoci\u00e1lis k\u00e9rd\u00e9sben fordulhatnak hozz\u00e1. A hajl\u00e9ktalanok k\u00f6z\u00f6tt sokan vannak magyarok, rom\u00e1nok \u00e9s m\u00e1s EU tag \u00e1llampolg\u00e1rai, akik sok rem\u00e9nnyel \u00e9s jobb \u00e9letre v\u00e1gyva, \u00faj otthont keresnek Stuttgartban. Sajnos nem mindig j\u00f6n be nekik a tervezett v\u00e1ltoz\u00e1s&#8230; Sorsuk nem egyszer az utc\u00e1n v\u00e9gz\u0151dik\u2026 Ez\u00e9rt Imre atya novemberben ruhagy\u0171jt\u00e9st hirdetett, a stuttgarti r\u00e1szorul\u00f3k r\u00e9sz\u00e9re. Nagyon meg\u00f6rvendtem ennek az \u201eakci\u00f3nak\u201c, mert \u00edgy \u2013 az Egyh\u00e1zk\u00f6zs\u00e9g keret\u00e9ben is \u2013 val\u00f3di lehet\u0151s\u00e9g\u00fcnk ad\u00f3dott a t\u00e9nyleg bajba jutott emberekkel j\u00f3t tenni. \u00c9s adni \u2013 az \u00dar J\u00e9zus szavai szerint is \u2013 mindig j\u00f3! Ugyanakkor n\u00f6veli a r\u00e1szorul\u00f3k es\u00e9lyeit arra, hogy emberhez m\u00e9lt\u00f3an tudjanak \u00e9lni. A t\u00e9l bek\u00f6vetkezt\u00e9vel\u00a0 ugyanis a mindennapi neh\u00e9zs\u00e9geken k\u00edv\u00fcl (ev\u00e9s-iv\u00e1s, tiszt\u00e1lkod\u00e1s), a hideggel is meg kell k\u00fczdeni\u00fck. Ez\u00e9rt els\u0151sorban takar\u00f3kat \u00e9s meleg ruh\u00e1kat gy\u0171jt\u00f6tt\u00fcnk&#8230; Boldogan jelentem, hogy a gy\u00fcjt\u00e9s v\u00e9g\u00e9n egy kiskocsira val\u00f3 ruhanem\u0171 gy\u00fclt \u00f6ssze! El\u0151sz\u00f6r is szeretn\u00e9m megk\u00f6sz\u00f6nni mindazoknak akik\u00a0 adom\u00e1nyoztak, \u00e9s \u00edgy a r\u00e1szorultaknak \u00f6r\u00f6met szereztek, valamint a Caritas munkat\u00e1rsainak egy kicsit megk\u00f6nny\u00edtett\u00e9k a munk\u00e1jukat. A J\u00f3isten fizesse meg mindannyi\u00f3toknak a j\u00f3sz\u00edv\u0171 seg\u00edts\u00e9g\u00e9t! M\u00e1sodszor pedig k\u00edv\u00e1nok mindannyi\u00f3toknak \u00e9s csal\u00e1djaitoknak \u00e1ldott b\u00e9k\u00e9s kar\u00e1csonyi \u00fcnnepeket, \u00f6r\u00f6mteljes boldog \u00faj \u00e9vet! Benedek Annik\u00f3 No\u00e9mi Egyh\u00e1ztan\u00e1csos, a Stuttgarti Caritas munkat\u00e1rsa"}

Benedek Annikó Noémi: Adni jó... - Stuttgarti Katolikusok

<blockquote class="wp-embedded-content" data-secret="RHPyA1HNiS"><a href="https://stuttgarti-katolikusok.de/index.php/benedek-anniko-noemi-adni-jo/">Benedek Annikó Noémi: Adni jó&#8230;</a></blockquote><iframe sandbox="allow-scripts" security="restricted" src="https://stuttgarti-katolikusok.de/index.php/benedek-anniko-noemi-adni-jo/embed/#?secret=RHPyA1HNiS" width="600" height="338" title="&#8220;Benedek Annikó Noémi: Adni jó&#8230;&#8221; &#8212; Stuttgarti Katolikusok" data-secret="RHPyA1HNiS" frameborder="0" marginwidth="0" marginheight="0" scrolling="no" class="wp-embedded-content"></iframe><script type="text/javascript">
/* <![CDATA[ */
/*! This file is auto-generated */
!function(d,l){"use strict";l.querySelector&&d.addEventListener&&"undefined"!=typeof URL&&(d.wp=d.wp||{},d.wp.receiveEmbedMessage||(d.wp.receiveEmbedMessage=function(e){var t=e.data;if((t||t.secret||t.message||t.value)&&!/[^a-zA-Z0-9]/.test(t.secret)){for(var s,r,n,a=l.querySelectorAll('iframe[data-secret="'+t.secret+'"]'),o=l.querySelectorAll('blockquote[data-secret="'+t.secret+'"]'),c=new RegExp("^https?:$","i"),i=0;i<o.length;i++)o[i].style.display="none";for(i=0;i<a.length;i++)s=a[i],e.source===s.contentWindow&&(s.removeAttribute("style"),"height"===t.message?(1e3<(r=parseInt(t.value,10))?r=1e3:~~r<200&&(r=200),s.height=r):"link"===t.message&&(r=new URL(s.getAttribute("src")),n=new URL(t.value),c.test(n.protocol))&&n.host===r.host&&l.activeElement===s&&(d.top.location.href=t.value))}},d.addEventListener("message",d.wp.receiveEmbedMessage,!1),l.addEventListener("DOMContentLoaded",function(){for(var e,t,s=l.querySelectorAll("iframe.wp-embedded-content"),r=0;r<s.length;r++)(t=(e=s[r]).getAttribute("data-secret"))||(t=Math.random().toString(36).substring(2,12),e.src+="#?secret="+t,e.setAttribute("data-secret",t)),e.contentWindow.postMessage({message:"ready",secret:t},"*")},!1)))}(window,document);
//# sourceURL=https://stuttgarti-katolikusok.de/wp-includes/js/wp-embed.min.js
/* ]]> */
</script>

Adni jó&#8230; Azt hiszem, mindenkinek feltűnt már Stuttgartban vagy azokban a nagyobb városokban, amelyekben az utóbbi időben megfordult, hogy sajnos napról-napra nő a szegények száma, köztük sokan válnak hajléktalanná. Hirtelen  betegség, kór, személyi tragédia következtében napról-napra küzdenek a hosszú távú munkanélküliséggel, a munkavégzési képességek beszűkülésévél, a túlzott alkoholfogyasztással, a lakás elvesztésével&#8230; A Stuttgarti Caritas éppen ezeken az embereken akar segíteni. Szolgáltatása nem csak abban áll, hogy a rászorultaknak tisztálkodási lehetőséget biztosít, ruhákat oszt ki, reggelit és ebédet nyújt, hanem a rászorulók mindenféle szociális kérdésben fordulhatnak hozzá. A hajléktalanok között sokan vannak magyarok, románok és más EU tag állampolgárai, akik sok reménnyel és jobb életre vágyva, új otthont keresnek Stuttgartban. Sajnos nem mindig jön be nekik a tervezett változás&#8230; Sorsuk nem egyszer az utcán végződik… Ezért Imre atya novemberben ruhagyűjtést hirdetett, a stuttgarti rászorulók részére. Nagyon megörvendtem ennek az „akciónak“, mert így – az Egyházközség keretében is – valódi lehetőségünk adódott a tényleg bajba jutott emberekkel jót tenni. És adni – az Úr Jézus szavai szerint is – mindig jó! Ugyanakkor növeli a rászorulók esélyeit arra, hogy emberhez méltóan tudjanak élni. A tél bekövetkeztével  ugyanis a mindennapi nehézségeken kívül (evés-ivás, tisztálkodás), a hideggel is meg kell küzdeniük. Ezért elsősorban takarókat és meleg ruhákat gyűjtöttünk&#8230; Boldogan jelentem, hogy a gyüjtés végén egy kiskocsira való ruhanemű gyült össze! Először is szeretném megköszönni mindazoknak akik  adományoztak, és így a rászorultaknak örömet szereztek, valamint a Caritas munkatársainak egy kicsit megkönnyítették a munkájukat. A Jóisten fizesse meg mindannyiótoknak a jószívű segítségét! Másodszor pedig kívánok mindannyiótoknak és családjaitoknak áldott békés karácsonyi ünnepeket, örömteljes boldog új évet! Benedek Annikó Noémi Egyháztanácsos, a Stuttgarti Caritas munkatársa
