{"version":"1.0","provider_name":"Stuttgarti Katolikusok","provider_url":"https:\/\/stuttgarti-katolikusok.de","title":"Benedek Annik\u00f3: Kar\u00e1csonyra k\u00e9sz\u00fcl\u0151dve... - Stuttgarti Katolikusok","type":"rich","width":600,"height":338,"html":"<blockquote class=\"wp-embedded-content\" data-secret=\"C9vjwPTnZP\"><a href=\"https:\/\/stuttgarti-katolikusok.de\/index.php\/benedek-anniko-karacsonyra-keszulodve\/\">Benedek Annik\u00f3: Kar\u00e1csonyra k\u00e9sz\u00fcl\u0151dve&#8230;<\/a><\/blockquote><iframe sandbox=\"allow-scripts\" security=\"restricted\" src=\"https:\/\/stuttgarti-katolikusok.de\/index.php\/benedek-anniko-karacsonyra-keszulodve\/embed\/#?secret=C9vjwPTnZP\" width=\"600\" height=\"338\" title=\"&#8220;Benedek Annik\u00f3: Kar\u00e1csonyra k\u00e9sz\u00fcl\u0151dve&#8230;&#8221; &#8212; Stuttgarti Katolikusok\" data-secret=\"C9vjwPTnZP\" frameborder=\"0\" marginwidth=\"0\" marginheight=\"0\" scrolling=\"no\" class=\"wp-embedded-content\"><\/iframe><script type=\"text\/javascript\">\n\/* <![CDATA[ *\/\n\/*! This file is auto-generated *\/\n!function(d,l){\"use strict\";l.querySelector&&d.addEventListener&&\"undefined\"!=typeof URL&&(d.wp=d.wp||{},d.wp.receiveEmbedMessage||(d.wp.receiveEmbedMessage=function(e){var t=e.data;if((t||t.secret||t.message||t.value)&&!\/[^a-zA-Z0-9]\/.test(t.secret)){for(var s,r,n,a=l.querySelectorAll('iframe[data-secret=\"'+t.secret+'\"]'),o=l.querySelectorAll('blockquote[data-secret=\"'+t.secret+'\"]'),c=new RegExp(\"^https?:$\",\"i\"),i=0;i<o.length;i++)o[i].style.display=\"none\";for(i=0;i<a.length;i++)s=a[i],e.source===s.contentWindow&&(s.removeAttribute(\"style\"),\"height\"===t.message?(1e3<(r=parseInt(t.value,10))?r=1e3:~~r<200&&(r=200),s.height=r):\"link\"===t.message&&(r=new URL(s.getAttribute(\"src\")),n=new URL(t.value),c.test(n.protocol))&&n.host===r.host&&l.activeElement===s&&(d.top.location.href=t.value))}},d.addEventListener(\"message\",d.wp.receiveEmbedMessage,!1),l.addEventListener(\"DOMContentLoaded\",function(){for(var e,t,s=l.querySelectorAll(\"iframe.wp-embedded-content\"),r=0;r<s.length;r++)(t=(e=s[r]).getAttribute(\"data-secret\"))||(t=Math.random().toString(36).substring(2,12),e.src+=\"#?secret=\"+t,e.setAttribute(\"data-secret\",t)),e.contentWindow.postMessage({message:\"ready\",secret:t},\"*\")},!1)))}(window,document);\n\/\/# sourceURL=https:\/\/stuttgarti-katolikusok.de\/wp-includes\/js\/wp-embed.min.js\n\/* ]]> *\/\n<\/script>\n","description":"Kar\u00e1csonyra k\u00e9sz\u00fcl\u0151dve\u2026 Messze idegenben mindannyian keres\u00fcnk egy olyan k\u00f6z\u00f6ss\u00e9get, ahol j\u00f3l \u00e9rezz\u00fck magunkat, ahol hit\u00fcnket, szok\u00e1sainkat \u00e9s anyanyelv\u00fcnket gyakorolni \u00e9s meg\u00e9lni tudjuk. Otthon, a csal\u00e1dban a kar\u00e1csonyfa d\u00edsz\u00edt\u00e9se volt az egyik legszebb szok\u00e1s, amit egy\u00fctt v\u00e9gzett \u00a0a csal\u00e1d. Igy t\u00f6rt\u00e9nt ez az id\u00e9n a stuttgarti \u201ecsal\u00e1dunkban\u201c is, mert az egyh\u00e1zk\u00f6zs\u00e9g olyan sz\u00e1munkra, mint egy nagy csal\u00e1d&#8230; A Bibliak\u00f6r \u00e9s a Sportklub tagjai december 15-\u00e9n el\u0151sz\u00f6r a templomi kar\u00e1csonyf\u00e1t d\u00edsz\u00edtett\u00e9k fel, majd egy\u00fctt t\u00f6lt\u00f6ttek egy nagyon sz\u00e9p \u00e9s nagyon kellemes est\u00e9t. Schultheis \u00c9va egy tartalmas programot \u00e1ll\u00edtott \u00f6ssze. Keret\u00e9ben a jelenl\u00e9v\u0151k adventi verseket \u00e9s t\u00f6rt\u00e9neteket olvastak fel, k\u00f6zben-k\u00f6zben pedig adventi \u00e9s kar\u00e1csonyi \u00e9nekeket \u00e9nekeltek. Ut\u00e1na a f\u00e9rfiak gondoskodtak\u00a0\u00a0a k\u00fcl\u00f6nb\u00f6z\u0151 szomjolt\u00f3kr\u00f3l, a h\u00e1ziasszonyok pedig a jobbn\u00e1l-jobb harapnival\u00f3kr\u00f3l&#8230; Az egy\u00fctt t\u00f6lt\u00f6tt id\u0151, a tartalmas besz\u00e9lget\u00e9sek, a pingpongoz\u00e1s, olyan volt mind r\u00e9gen: csal\u00e1dias, kellemes, vid\u00e1m, er\u0151t ad\u00f3 az elk\u00f6vetkez\u0151 napokra&#8230; H\u00e1l\u00e1s k\u00f6sz\u00f6net a szervez\u0151knek, az ott lev\u0151knek. Tov\u00e1bbi szeretetben \u00e9s b\u00e9kess\u00e9gben \u00e1ldott adventi id\u0151szakot! Benedek Annik\u00f3 Stuttgart, 18.12.2017 \u00a0 PS: Fogadjatok szeretettel egy p\u00e1r k\u00e9pet Horv\u00e1th Dian\u00e1t\u00f3l"}

Benedek Annikó: Karácsonyra készülődve... - Stuttgarti Katolikusok

<blockquote class="wp-embedded-content" data-secret="C9vjwPTnZP"><a href="https://stuttgarti-katolikusok.de/index.php/benedek-anniko-karacsonyra-keszulodve/">Benedek Annikó: Karácsonyra készülődve&#8230;</a></blockquote><iframe sandbox="allow-scripts" security="restricted" src="https://stuttgarti-katolikusok.de/index.php/benedek-anniko-karacsonyra-keszulodve/embed/#?secret=C9vjwPTnZP" width="600" height="338" title="&#8220;Benedek Annikó: Karácsonyra készülődve&#8230;&#8221; &#8212; Stuttgarti Katolikusok" data-secret="C9vjwPTnZP" frameborder="0" marginwidth="0" marginheight="0" scrolling="no" class="wp-embedded-content"></iframe><script type="text/javascript">
/* <![CDATA[ */
/*! This file is auto-generated */
!function(d,l){"use strict";l.querySelector&&d.addEventListener&&"undefined"!=typeof URL&&(d.wp=d.wp||{},d.wp.receiveEmbedMessage||(d.wp.receiveEmbedMessage=function(e){var t=e.data;if((t||t.secret||t.message||t.value)&&!/[^a-zA-Z0-9]/.test(t.secret)){for(var s,r,n,a=l.querySelectorAll('iframe[data-secret="'+t.secret+'"]'),o=l.querySelectorAll('blockquote[data-secret="'+t.secret+'"]'),c=new RegExp("^https?:$","i"),i=0;i<o.length;i++)o[i].style.display="none";for(i=0;i<a.length;i++)s=a[i],e.source===s.contentWindow&&(s.removeAttribute("style"),"height"===t.message?(1e3<(r=parseInt(t.value,10))?r=1e3:~~r<200&&(r=200),s.height=r):"link"===t.message&&(r=new URL(s.getAttribute("src")),n=new URL(t.value),c.test(n.protocol))&&n.host===r.host&&l.activeElement===s&&(d.top.location.href=t.value))}},d.addEventListener("message",d.wp.receiveEmbedMessage,!1),l.addEventListener("DOMContentLoaded",function(){for(var e,t,s=l.querySelectorAll("iframe.wp-embedded-content"),r=0;r<s.length;r++)(t=(e=s[r]).getAttribute("data-secret"))||(t=Math.random().toString(36).substring(2,12),e.src+="#?secret="+t,e.setAttribute("data-secret",t)),e.contentWindow.postMessage({message:"ready",secret:t},"*")},!1)))}(window,document);
//# sourceURL=https://stuttgarti-katolikusok.de/wp-includes/js/wp-embed.min.js
/* ]]> */
</script>

Karácsonyra készülődve… Messze idegenben mindannyian keresünk egy olyan közösséget, ahol jól érezzük magunkat, ahol hitünket, szokásainkat és anyanyelvünket gyakorolni és megélni tudjuk. Otthon, a családban a karácsonyfa díszítése volt az egyik legszebb szokás, amit együtt végzett  a család. Igy történt ez az idén a stuttgarti „családunkban“ is, mert az egyházközség olyan számunkra, mint egy nagy család&#8230; A Bibliakör és a Sportklub tagjai december 15-én először a templomi karácsonyfát díszítették fel, majd együtt töltöttek egy nagyon szép és nagyon kellemes estét. Schultheis Éva egy tartalmas programot állított össze. Keretében a jelenlévők adventi verseket és történeteket olvastak fel, közben-közben pedig adventi és karácsonyi énekeket énekeltek. Utána a férfiak gondoskodtak  a különböző szomjoltókról, a háziasszonyok pedig a jobbnál-jobb harapnivalókról&#8230; Az együtt töltött idő, a tartalmas beszélgetések, a pingpongozás, olyan volt mind régen: családias, kellemes, vidám, erőt adó az elkövetkező napokra&#8230; Hálás köszönet a szervezőknek, az ott levőknek. További szeretetben és békességben áldott adventi időszakot! Benedek Annikó Stuttgart, 18.12.2017   PS: Fogadjatok szeretettel egy pár képet Horváth Dianától
