{"version":"1.0","provider_name":"Stuttgarti Katolikusok","provider_url":"https:\/\/stuttgarti-katolikusok.de","title":"Bar\u00e1tom - 2017 novembere - Stuttgarti Katolikusok","type":"rich","width":600,"height":338,"html":"<blockquote class=\"wp-embedded-content\" data-secret=\"stF4Y5zoOi\"><a href=\"https:\/\/stuttgarti-katolikusok.de\/index.php\/baratom-2017-novembere\/\">Bar\u00e1tom &#8211; 2017 novembere<\/a><\/blockquote><iframe sandbox=\"allow-scripts\" security=\"restricted\" src=\"https:\/\/stuttgarti-katolikusok.de\/index.php\/baratom-2017-novembere\/embed\/#?secret=stF4Y5zoOi\" width=\"600\" height=\"338\" title=\"&#8220;Bar\u00e1tom &#8211; 2017 novembere&#8221; &#8212; Stuttgarti Katolikusok\" data-secret=\"stF4Y5zoOi\" frameborder=\"0\" marginwidth=\"0\" marginheight=\"0\" scrolling=\"no\" class=\"wp-embedded-content\"><\/iframe><script type=\"text\/javascript\">\n\/* <![CDATA[ *\/\n\/*! This file is auto-generated *\/\n!function(d,l){\"use strict\";l.querySelector&&d.addEventListener&&\"undefined\"!=typeof URL&&(d.wp=d.wp||{},d.wp.receiveEmbedMessage||(d.wp.receiveEmbedMessage=function(e){var t=e.data;if((t||t.secret||t.message||t.value)&&!\/[^a-zA-Z0-9]\/.test(t.secret)){for(var s,r,n,a=l.querySelectorAll('iframe[data-secret=\"'+t.secret+'\"]'),o=l.querySelectorAll('blockquote[data-secret=\"'+t.secret+'\"]'),c=new RegExp(\"^https?:$\",\"i\"),i=0;i<o.length;i++)o[i].style.display=\"none\";for(i=0;i<a.length;i++)s=a[i],e.source===s.contentWindow&&(s.removeAttribute(\"style\"),\"height\"===t.message?(1e3<(r=parseInt(t.value,10))?r=1e3:~~r<200&&(r=200),s.height=r):\"link\"===t.message&&(r=new URL(s.getAttribute(\"src\")),n=new URL(t.value),c.test(n.protocol))&&n.host===r.host&&l.activeElement===s&&(d.top.location.href=t.value))}},d.addEventListener(\"message\",d.wp.receiveEmbedMessage,!1),l.addEventListener(\"DOMContentLoaded\",function(){for(var e,t,s=l.querySelectorAll(\"iframe.wp-embedded-content\"),r=0;r<s.length;r++)(t=(e=s[r]).getAttribute(\"data-secret\"))||(t=Math.random().toString(36).substring(2,12),e.src+=\"#?secret=\"+t,e.setAttribute(\"data-secret\",t)),e.contentWindow.postMessage({message:\"ready\",secret:t},\"*\")},!1)))}(window,document);\n\/\/# sourceURL=https:\/\/stuttgarti-katolikusok.de\/wp-includes\/js\/wp-embed.min.js\n\/* ]]> *\/\n<\/script>\n","description":"B a r \u00e1 t o m A\u00a0 Szent Gell\u00e9rt Magyar Katolikus Egyh\u00e1zk\u00f6zs\u00e9g Havilapja Szerkeszt\u0151k: Ft. Merl\u00e1s Tibor \u00e9s Ft. Dr. Tempfli Imre. Kiad\u00f3: Szent Gell\u00e9rt Magyar Katolikus Egyh\u00e1zk\u00f6zs\u00e9g. Postac\u00edm: Albert-Sch\u00e4ffle-Str. 30, 70186-Stuttgart. Tel: 0711-2369190, Fax: 0711-2367393, E-mail: mission@gracious-dewdney.138-201-221-2.plesk.page Honlap: www.stuttgarti-katolikusok.de Sz\u00e1mla: Postbank Stuttgart, IBAN: DE80600100700002190704, \u00a0BIC: PBNKDEFF 2\u00a00\u00a01 7\u00a0 \u00a0N\u00a0 O V E M B E R HALOTTAK NAPJA A katolikus egyh\u00e1zban a Mindenszentek ut\u00e1ni nap (november 2., ha az vas\u00e1rnap, akkor november 3.) a tiszt\u00edt\u00f3t\u0171zben szenved\u0151 lelkek eml\u00e9knapja, azaz Halottak Napja. Az \u00fcnnepet Szent Odil\u00f3 benc\u00e9s ap\u00e1t kezdem\u00e9nyez\u00e9s\u00e9re 998-ban kezdt\u00e9k el megtartani. Ezen a napon mi, a k\u00fczd\u0151 vagy zar\u00e1ndok egyh\u00e1z k\u00e9rj\u00fck a megdics\u0151\u00fclt egyh\u00e1z (mennybe jutott testv\u00e9reink) p\u00e1rtfog\u00e1s\u00e1t, ugyanakkor a (tiszt\u00edt\u00f3 t\u0171zben) szenved\u0151 egyh\u00e1zr\u00f3l sem feledkez\u00fcnk meg. Im\u00e1inkkal, felaj\u00e1nlott szeretet-szolg\u00e1latainkkal \u00e9s bemutatott szentmise-\u00e1ldozatainkkal seg\u00edtj\u00fck \u0151ket. De nem csak im\u00e1dkozunk az elhunytak lelki \u00fcdv\u00f6ss\u00e9g\u00e9\u00e9rt \u00e9s a p\u00e1pa sz\u00e1nd\u00e9k\u00e1ra, hanem gy\u00f3nunk \u00e9s \u00e1ldozunk is. Ezzel teljes b\u00facs\u00fat nyerhet\u00fcnk a tiszt\u00edt\u00f3helyen szenved\u0151k jav\u00e1ra. \u00c1ltal\u00e1nos szok\u00e1s szerint az el\u0151tte val\u00f3 nap d\u00e9lut\u00e1nj\u00e1n, a \u201ehalottak est\u00e9j\u00e9n\u201d rendbe hozzuk a s\u00edrokat; vir\u00e1gokkal, koszor\u00fakkal feld\u00edsz\u00edtj\u00fck, \u00e9s az este k\u00f6zeledt\u00e9vel gyerty\u00e1kkal, m\u00e9csesekkel kivil\u00e1g\u00edtjuk, \u201ehogy az \u00f6r\u00f6k vil\u00e1goss\u00e1g f\u00e9nyeskedj\u00e9k\u201d az elhunytak lelk\u00e9nek. Idegenben elhunyt, ismeretlen f\u00f6ldben nyugv\u00f3k eml\u00e9k\u00e9nek a temet\u0151kereszt vagy m\u00e1s k\u00f6z\u00f6ss\u00e9gi temet\u0151jel k\u00f6r\u00fcl gy\u00fajtunk gyerty\u00e1t. Elterjedt szok\u00e1s szerint ezen az est\u00e9n otthon is \u00e9gett a gyertya, m\u00e9gpedig annyi sz\u00e1l, ah\u00e1ny halottja volt a csal\u00e1dnak&#8230; Mi, h\u00edv\u0151 emberek a hal\u00e1l \u00e9s az elm\u00fal\u00e1s gondolat\u00e1val nem vagyunk egyed\u00fcl. Az \u00e9let nagy k\u00e9rd\u00e9sei mindenkit foglalkoztatnak: Mi\u00e9rt sz\u00fclett\u00fcnk? Mi\u00e9rt vagyunk ezen a f\u00f6ld\u00f6n? Mi lesz vel\u00fcnk, ha a mi \u00e9let\u00fcnk is elm\u00falik? \u00c9rdemes volt j\u00f3nak, becs\u00fcletesnek, tisztess\u00e9gesnek \u00e9s vall\u00e1sosnak lenni? L\u00e1ssuk, hogyan gondolkoztak az emberis\u00e9g nagyjai ezekr\u0151l a veretes igazs\u00e1gokr\u00f3l&#8230; * \u201eLehetetlen, hogy a vil\u00e1gmindens\u00e9g ura csak az\u00e9rt adott volna \u00e9letet, hogy megint megsemmis\u00edtse. Minden, ami van, van valami\u00e9rt. Hogy a form\u00e1k v\u00e1ltoznak folytonosan, azt is l\u00e1tjuk. Teh\u00e1t... R\u00e9szletek"}

Barátom - 2017 novembere - Stuttgarti Katolikusok

<blockquote class="wp-embedded-content" data-secret="stF4Y5zoOi"><a href="https://stuttgarti-katolikusok.de/index.php/baratom-2017-novembere/">Barátom &#8211; 2017 novembere</a></blockquote><iframe sandbox="allow-scripts" security="restricted" src="https://stuttgarti-katolikusok.de/index.php/baratom-2017-novembere/embed/#?secret=stF4Y5zoOi" width="600" height="338" title="&#8220;Barátom &#8211; 2017 novembere&#8221; &#8212; Stuttgarti Katolikusok" data-secret="stF4Y5zoOi" frameborder="0" marginwidth="0" marginheight="0" scrolling="no" class="wp-embedded-content"></iframe><script type="text/javascript">
/* <![CDATA[ */
/*! This file is auto-generated */
!function(d,l){"use strict";l.querySelector&&d.addEventListener&&"undefined"!=typeof URL&&(d.wp=d.wp||{},d.wp.receiveEmbedMessage||(d.wp.receiveEmbedMessage=function(e){var t=e.data;if((t||t.secret||t.message||t.value)&&!/[^a-zA-Z0-9]/.test(t.secret)){for(var s,r,n,a=l.querySelectorAll('iframe[data-secret="'+t.secret+'"]'),o=l.querySelectorAll('blockquote[data-secret="'+t.secret+'"]'),c=new RegExp("^https?:$","i"),i=0;i<o.length;i++)o[i].style.display="none";for(i=0;i<a.length;i++)s=a[i],e.source===s.contentWindow&&(s.removeAttribute("style"),"height"===t.message?(1e3<(r=parseInt(t.value,10))?r=1e3:~~r<200&&(r=200),s.height=r):"link"===t.message&&(r=new URL(s.getAttribute("src")),n=new URL(t.value),c.test(n.protocol))&&n.host===r.host&&l.activeElement===s&&(d.top.location.href=t.value))}},d.addEventListener("message",d.wp.receiveEmbedMessage,!1),l.addEventListener("DOMContentLoaded",function(){for(var e,t,s=l.querySelectorAll("iframe.wp-embedded-content"),r=0;r<s.length;r++)(t=(e=s[r]).getAttribute("data-secret"))||(t=Math.random().toString(36).substring(2,12),e.src+="#?secret="+t,e.setAttribute("data-secret",t)),e.contentWindow.postMessage({message:"ready",secret:t},"*")},!1)))}(window,document);
//# sourceURL=https://stuttgarti-katolikusok.de/wp-includes/js/wp-embed.min.js
/* ]]> */
</script>

B a r á t o m A  Szent Gellért Magyar Katolikus Egyházközség Havilapja Szerkesztők: Ft. Merlás Tibor és Ft. Dr. Tempfli Imre. Kiadó: Szent Gellért Magyar Katolikus Egyházközség. Postacím: Albert-Schäffle-Str. 30, 70186-Stuttgart. Tel: 0711-2369190, Fax: 0711-2367393, E-mail: mission@gracious-dewdney.138-201-221-2.plesk.page Honlap: www.stuttgarti-katolikusok.de Számla: Postbank Stuttgart, IBAN: DE80600100700002190704,  BIC: PBNKDEFF 2 0 1 7   N  O V E M B E R HALOTTAK NAPJA A katolikus egyházban a Mindenszentek utáni nap (november 2., ha az vasárnap, akkor november 3.) a tisztítótűzben szenvedő lelkek emléknapja, azaz Halottak Napja. Az ünnepet Szent Odiló bencés apát kezdeményezésére 998-ban kezdték el megtartani. Ezen a napon mi, a küzdő vagy zarándok egyház kérjük a megdicsőült egyház (mennybe jutott testvéreink) pártfogását, ugyanakkor a (tisztító tűzben) szenvedő egyházról sem feledkezünk meg. Imáinkkal, felajánlott szeretet-szolgálatainkkal és bemutatott szentmise-áldozatainkkal segítjük őket. De nem csak imádkozunk az elhunytak lelki üdvösségéért és a pápa szándékára, hanem gyónunk és áldozunk is. Ezzel teljes búcsút nyerhetünk a tisztítóhelyen szenvedők javára. Általános szokás szerint az előtte való nap délutánján, a „halottak estéjén” rendbe hozzuk a sírokat; virágokkal, koszorúkkal feldíszítjük, és az este közeledtével gyertyákkal, mécsesekkel kivilágítjuk, „hogy az örök világosság fényeskedjék” az elhunytak lelkének. Idegenben elhunyt, ismeretlen földben nyugvók emlékének a temetőkereszt vagy más közösségi temetőjel körül gyújtunk gyertyát. Elterjedt szokás szerint ezen az estén otthon is égett a gyertya, mégpedig annyi szál, ahány halottja volt a családnak&#8230; Mi, hívő emberek a halál és az elmúlás gondolatával nem vagyunk egyedül. Az élet nagy kérdései mindenkit foglalkoztatnak: Miért születtünk? Miért vagyunk ezen a földön? Mi lesz velünk, ha a mi életünk is elmúlik? Érdemes volt jónak, becsületesnek, tisztességesnek és vallásosnak lenni? Lássuk, hogyan gondolkoztak az emberiség nagyjai ezekről a veretes igazságokról&#8230; * „Lehetetlen, hogy a világmindenség ura csak azért adott volna életet, hogy megint megsemmisítse. Minden, ami van, van valamiért. Hogy a formák változnak folytonosan, azt is látjuk. Tehát... Részletek
