{"version":"1.0","provider_name":"Stuttgarti Katolikusok","provider_url":"https:\/\/stuttgarti-katolikusok.de","title":"Bar\u00e1tom - 2017 m\u00e1jusa - Stuttgarti Katolikusok","type":"rich","width":600,"height":338,"html":"<blockquote class=\"wp-embedded-content\" data-secret=\"M1WsQKCEYs\"><a href=\"https:\/\/stuttgarti-katolikusok.de\/index.php\/baratom-2017-majusa\/\">Bar\u00e1tom &#8211; 2017 m\u00e1jusa<\/a><\/blockquote><iframe sandbox=\"allow-scripts\" security=\"restricted\" src=\"https:\/\/stuttgarti-katolikusok.de\/index.php\/baratom-2017-majusa\/embed\/#?secret=M1WsQKCEYs\" width=\"600\" height=\"338\" title=\"&#8220;Bar\u00e1tom &#8211; 2017 m\u00e1jusa&#8221; &#8212; Stuttgarti Katolikusok\" data-secret=\"M1WsQKCEYs\" frameborder=\"0\" marginwidth=\"0\" marginheight=\"0\" scrolling=\"no\" class=\"wp-embedded-content\"><\/iframe><script type=\"text\/javascript\">\n\/* <![CDATA[ *\/\n\/*! This file is auto-generated *\/\n!function(d,l){\"use strict\";l.querySelector&&d.addEventListener&&\"undefined\"!=typeof URL&&(d.wp=d.wp||{},d.wp.receiveEmbedMessage||(d.wp.receiveEmbedMessage=function(e){var t=e.data;if((t||t.secret||t.message||t.value)&&!\/[^a-zA-Z0-9]\/.test(t.secret)){for(var s,r,n,a=l.querySelectorAll('iframe[data-secret=\"'+t.secret+'\"]'),o=l.querySelectorAll('blockquote[data-secret=\"'+t.secret+'\"]'),c=new RegExp(\"^https?:$\",\"i\"),i=0;i<o.length;i++)o[i].style.display=\"none\";for(i=0;i<a.length;i++)s=a[i],e.source===s.contentWindow&&(s.removeAttribute(\"style\"),\"height\"===t.message?(1e3<(r=parseInt(t.value,10))?r=1e3:~~r<200&&(r=200),s.height=r):\"link\"===t.message&&(r=new URL(s.getAttribute(\"src\")),n=new URL(t.value),c.test(n.protocol))&&n.host===r.host&&l.activeElement===s&&(d.top.location.href=t.value))}},d.addEventListener(\"message\",d.wp.receiveEmbedMessage,!1),l.addEventListener(\"DOMContentLoaded\",function(){for(var e,t,s=l.querySelectorAll(\"iframe.wp-embedded-content\"),r=0;r<s.length;r++)(t=(e=s[r]).getAttribute(\"data-secret\"))||(t=Math.random().toString(36).substring(2,12),e.src+=\"#?secret=\"+t,e.setAttribute(\"data-secret\",t)),e.contentWindow.postMessage({message:\"ready\",secret:t},\"*\")},!1)))}(window,document);\n\/\/# sourceURL=https:\/\/stuttgarti-katolikusok.de\/wp-includes\/js\/wp-embed.min.js\n\/* ]]> *\/\n<\/script>\n","description":"2 0 1 7\u00a0 \u00a0M \u00c1 J U S \u00a0 &#8222;Ez\u00e9rt mond h\u00e1t t\u00e9ged boldognak minden nemzed\u00e9k, mert te vagy az, aki minden nemzed\u00e9k sz\u00e1m\u00e1ra vil\u00e1gra sz\u00fclted az \u00e9letet \u00e9s a dics\u0151s\u00e9get. Benned tal\u00e1lnak mind\u00f6r\u00f6kre az angyalok \u00f6r\u00f6m\u00f6t, az igazak kegyelmet, a b\u0171n\u00f6s\u00f6k pedig megbocs\u00e1t\u00e1st. Joggal tekint r\u00e1d az eg\u00e9sz teremt\u00e9s, mert benned, \u00e1ltalad \u00e9s bel\u0151led \u00faj\u00edtott meg a Mindenhat\u00f3 j\u00f3s\u00e1gos keze mindent, amit megteremtett.\u201d (R\u00e9szlet Clairvaux-i Szent Bern\u00e1t ap\u00e1t besz\u00e9d\u00e9b\u0151l) M\u00e1jusi lit\u00e1ni\u00e1k A XII. sz\u00e1zadban tal\u00e1ljuk az els\u0151 nyomait a Boldogs\u00e1gos Sz\u0171zh\u00f6z int\u00e9zett lit\u00e1ni\u00e1nak. A XIII-XVI. sz\u00e1zadig sz\u00e1mos, el\u00e9g terjedelmes M\u00e1ria-lit\u00e1nia keletkezett, melyekb\u0151l a XVI. sz\u00e1zadban kialakult a lorett\u00f3i lit\u00e1nia, melyet 1558-ban Canisius Szent P\u00e9ter Lorett\u00f3ban hallott \u00e9nekelni, s azut\u00e1n f\u00f6lvett kis im\u00e1ds\u00e1gos k\u00f6nyv\u00e9be. A lit\u00e1nia sz\u00f6vege az elm\u00falt \u00e9vsz\u00e1zadokban fokozatosan b\u0151v\u00fclt. P\u00e9ld\u00e1ul IX. Piusz p\u00e1pa a szepl\u0151telen fogantat\u00e1sr\u00f3l sz\u00f3l\u00f3 dogma kihirdet\u00e9se ut\u00e1n elrendelte, hogy azt a lit\u00e1ni\u00e1ba is vegy\u00e9k bele. \u00c1tered\u0151 b\u0171n n\u00e9lk\u00fcl fogantatott Kir\u00e1lyn\u0151. XV. Benedek p\u00e1pa megengedte, hogy az I. vil\u00e1gh\u00e1bor\u00fa alatt a B\u00e9ke Kir\u00e1lyn\u0151je k\u00f6ny\u00f6rg\u00e9st is belevegy\u00e9k a lit\u00e1ni\u00e1ba. XIII. Le\u00f3 p\u00e1pa enged\u00e9lyezte nek\u00fcnk, magyaroknak a Magyarok Nagyasszonya megsz\u00f3l\u00edt\u00e1s besorol\u00e1s\u00e1t a lit\u00e1nia v\u00e9g\u00e9re. Nyilv\u00e1nval\u00f3, hogy 1950-ben a Mennyekbe felvett kir\u00e1lyn\u00e9 megnevez\u00e9s is beker\u00fclt a titulusok k\u00f6z\u00e9. A II. vatik\u00e1ni zsinat ut\u00e1n VI. P\u00e1l p\u00e1pa elrendelte, hogy a zsinat mariol\u00f3gi\u00e1j\u00e1val \u00f6sszhangban M\u00e1ri\u00e1t, mint az \u201eEgyh\u00e1z anyj\u00e1t\u201d is k\u00e9rj\u00fck ebben a k\u00f6z\u00f6s im\u00e1ds\u00e1gban. A r\u00e9gi id\u0151kben a lit\u00e1ni\u00e1kat s \u00edgy a Lorett\u00f3i lit\u00e1ni\u00e1t is vas\u00e1r- \u00e9s \u00fcnnepnapok d\u00e9lut\u00e1njain v\u00e9gezt\u00fck a vecsernye p\u00f3tl\u00e1s\u00e1ra. A pl\u00e9b\u00e1nosok k\u00f6telesek voltak lit\u00e1ni\u00e1t v\u00e9gezni, amely \u00e1jtatoss\u00e1g egy lit\u00e1nia, egy-k\u00e9t egyh\u00e1zi himnusz el\u00e9nekl\u00e9s\u00e9b\u0151l \u00e9s a Szents\u00e9ggel adott \u00e1ld\u00e1sb\u00f3l \u00e1llt. Ezek a lit\u00e1ni\u00e1k n\u00e1lunk szinte mindig a Boldogs\u00e1gos Sz\u0171z tisztelet\u00e9re voltak szentelve. Csak az \u00fagynevezett m\u00e1ri\u00e1s \u00e9vsz\u00e1zadban (1854-1954) alakult ki az a szok\u00e1s, hogy a m\u00e1jus h\u00f3napot k\u00fcl\u00f6nleges m\u00f3don is a Sz\u0171zany\u00e1nak szentelj\u00fck, m\u00e9gpedig a Lorett\u00f3i lit\u00e1nia naponk\u00e9nti v\u00e9gz\u00e9se \u00e1ltal. A legszebb h\u00f3napban saj\u00e1tos hangulata... R\u00e9szletek"}

Barátom - 2017 májusa - Stuttgarti Katolikusok

<blockquote class="wp-embedded-content" data-secret="M1WsQKCEYs"><a href="https://stuttgarti-katolikusok.de/index.php/baratom-2017-majusa/">Barátom &#8211; 2017 májusa</a></blockquote><iframe sandbox="allow-scripts" security="restricted" src="https://stuttgarti-katolikusok.de/index.php/baratom-2017-majusa/embed/#?secret=M1WsQKCEYs" width="600" height="338" title="&#8220;Barátom &#8211; 2017 májusa&#8221; &#8212; Stuttgarti Katolikusok" data-secret="M1WsQKCEYs" frameborder="0" marginwidth="0" marginheight="0" scrolling="no" class="wp-embedded-content"></iframe><script type="text/javascript">
/* <![CDATA[ */
/*! This file is auto-generated */
!function(d,l){"use strict";l.querySelector&&d.addEventListener&&"undefined"!=typeof URL&&(d.wp=d.wp||{},d.wp.receiveEmbedMessage||(d.wp.receiveEmbedMessage=function(e){var t=e.data;if((t||t.secret||t.message||t.value)&&!/[^a-zA-Z0-9]/.test(t.secret)){for(var s,r,n,a=l.querySelectorAll('iframe[data-secret="'+t.secret+'"]'),o=l.querySelectorAll('blockquote[data-secret="'+t.secret+'"]'),c=new RegExp("^https?:$","i"),i=0;i<o.length;i++)o[i].style.display="none";for(i=0;i<a.length;i++)s=a[i],e.source===s.contentWindow&&(s.removeAttribute("style"),"height"===t.message?(1e3<(r=parseInt(t.value,10))?r=1e3:~~r<200&&(r=200),s.height=r):"link"===t.message&&(r=new URL(s.getAttribute("src")),n=new URL(t.value),c.test(n.protocol))&&n.host===r.host&&l.activeElement===s&&(d.top.location.href=t.value))}},d.addEventListener("message",d.wp.receiveEmbedMessage,!1),l.addEventListener("DOMContentLoaded",function(){for(var e,t,s=l.querySelectorAll("iframe.wp-embedded-content"),r=0;r<s.length;r++)(t=(e=s[r]).getAttribute("data-secret"))||(t=Math.random().toString(36).substring(2,12),e.src+="#?secret="+t,e.setAttribute("data-secret",t)),e.contentWindow.postMessage({message:"ready",secret:t},"*")},!1)))}(window,document);
//# sourceURL=https://stuttgarti-katolikusok.de/wp-includes/js/wp-embed.min.js
/* ]]> */
</script>

2 0 1 7   M Á J U S   &#8222;Ezért mond hát téged boldognak minden nemzedék, mert te vagy az, aki minden nemzedék számára világra szülted az életet és a dicsőséget. Benned találnak mindörökre az angyalok örömöt, az igazak kegyelmet, a bűnösök pedig megbocsátást. Joggal tekint rád az egész teremtés, mert benned, általad és belőled újított meg a Mindenható jóságos keze mindent, amit megteremtett.” (Részlet Clairvaux-i Szent Bernát apát beszédéből) Májusi litániák A XII. században találjuk az első nyomait a Boldogságos Szűzhöz intézett litániának. A XIII-XVI. századig számos, elég terjedelmes Mária-litánia keletkezett, melyekből a XVI. században kialakult a lorettói litánia, melyet 1558-ban Canisius Szent Péter Lorettóban hallott énekelni, s azután fölvett kis imádságos könyvébe. A litánia szövege az elmúlt évszázadokban fokozatosan bővült. Például IX. Piusz pápa a szeplőtelen fogantatásról szóló dogma kihirdetése után elrendelte, hogy azt a litániába is vegyék bele. Áteredő bűn nélkül fogantatott Királynő. XV. Benedek pápa megengedte, hogy az I. világháború alatt a Béke Királynője könyörgést is belevegyék a litániába. XIII. Leó pápa engedélyezte nekünk, magyaroknak a Magyarok Nagyasszonya megszólítás besorolását a litánia végére. Nyilvánvaló, hogy 1950-ben a Mennyekbe felvett királyné megnevezés is bekerült a titulusok közé. A II. vatikáni zsinat után VI. Pál pápa elrendelte, hogy a zsinat mariológiájával összhangban Máriát, mint az „Egyház anyját” is kérjük ebben a közös imádságban. A régi időkben a litániákat s így a Lorettói litániát is vasár- és ünnepnapok délutánjain végeztük a vecsernye pótlására. A plébánosok kötelesek voltak litániát végezni, amely ájtatosság egy litánia, egy-két egyházi himnusz elénekléséből és a Szentséggel adott áldásból állt. Ezek a litániák nálunk szinte mindig a Boldogságos Szűz tiszteletére voltak szentelve. Csak az úgynevezett máriás évszázadban (1854-1954) alakult ki az a szokás, hogy a május hónapot különleges módon is a Szűzanyának szenteljük, mégpedig a Lorettói litánia naponkénti végzése által. A legszebb hónapban sajátos hangulata... Részletek
