{"version":"1.0","provider_name":"Stuttgarti Katolikusok","provider_url":"https:\/\/stuttgarti-katolikusok.de","title":"Bar\u00e1tom: 2016 j\u00falius - szeptember - Stuttgarti Katolikusok","type":"rich","width":600,"height":338,"html":"<blockquote class=\"wp-embedded-content\" data-secret=\"elyPRsgJA9\"><a href=\"https:\/\/stuttgarti-katolikusok.de\/index.php\/baratom-2016-julius-szeptember\/\">Bar\u00e1tom: 2016 j\u00falius &#8211; szeptember<\/a><\/blockquote><iframe sandbox=\"allow-scripts\" security=\"restricted\" src=\"https:\/\/stuttgarti-katolikusok.de\/index.php\/baratom-2016-julius-szeptember\/embed\/#?secret=elyPRsgJA9\" width=\"600\" height=\"338\" title=\"&#8220;Bar\u00e1tom: 2016 j\u00falius &#8211; szeptember&#8221; &#8212; Stuttgarti Katolikusok\" data-secret=\"elyPRsgJA9\" frameborder=\"0\" marginwidth=\"0\" marginheight=\"0\" scrolling=\"no\" class=\"wp-embedded-content\"><\/iframe><script type=\"text\/javascript\">\n\/* <![CDATA[ *\/\n\/*! This file is auto-generated *\/\n!function(d,l){\"use strict\";l.querySelector&&d.addEventListener&&\"undefined\"!=typeof URL&&(d.wp=d.wp||{},d.wp.receiveEmbedMessage||(d.wp.receiveEmbedMessage=function(e){var t=e.data;if((t||t.secret||t.message||t.value)&&!\/[^a-zA-Z0-9]\/.test(t.secret)){for(var s,r,n,a=l.querySelectorAll('iframe[data-secret=\"'+t.secret+'\"]'),o=l.querySelectorAll('blockquote[data-secret=\"'+t.secret+'\"]'),c=new RegExp(\"^https?:$\",\"i\"),i=0;i<o.length;i++)o[i].style.display=\"none\";for(i=0;i<a.length;i++)s=a[i],e.source===s.contentWindow&&(s.removeAttribute(\"style\"),\"height\"===t.message?(1e3<(r=parseInt(t.value,10))?r=1e3:~~r<200&&(r=200),s.height=r):\"link\"===t.message&&(r=new URL(s.getAttribute(\"src\")),n=new URL(t.value),c.test(n.protocol))&&n.host===r.host&&l.activeElement===s&&(d.top.location.href=t.value))}},d.addEventListener(\"message\",d.wp.receiveEmbedMessage,!1),l.addEventListener(\"DOMContentLoaded\",function(){for(var e,t,s=l.querySelectorAll(\"iframe.wp-embedded-content\"),r=0;r<s.length;r++)(t=(e=s[r]).getAttribute(\"data-secret\"))||(t=Math.random().toString(36).substring(2,12),e.src+=\"#?secret=\"+t,e.setAttribute(\"data-secret\",t)),e.contentWindow.postMessage({message:\"ready\",secret:t},\"*\")},!1)))}(window,document);\n\/\/# sourceURL=https:\/\/stuttgarti-katolikusok.de\/wp-includes\/js\/wp-embed.min.js\n\/* ]]> *\/\n<\/script>\n","thumbnail_url":"https:\/\/stuttgarti-katolikusok.de\/wp-content\/uploads\/2016\/07\/szent-gellert.jpg","thumbnail_width":273,"thumbnail_height":273,"description":"B a r \u00e1 t o m A\u00a0 Szent Gell\u00e9rt Magyar Katolikus Egyh\u00e1zk\u00f6zs\u00e9g Havilapja Szerkeszt\u0151k: Ft. Merl\u00e1s Tibor \u00e9s Ft. Dr. Tempfli Imre. Kiad\u00f3: Szent Gell\u00e9rt Magyar Katolikus Egyh\u00e1zk\u00f6zs\u00e9g. Postac\u00edm: Albert-Sch\u00e4ffle-Str. 30, 70186-Stuttgart. Tel: 0711-2369190, Fax: 0711-2367393, E-mail: mission@gracious-dewdney.138-201-221-2.plesk.page Honlap: www.stuttgarti-katolikusok.de Sz\u00e1mla: Postbank Stuttgart, IBAN: DE80600100700002190704, \u00a0BIC: PBNKDEFF 2\u00a00\u00a01 6\u00a0 \u00a0J\u00daLIUS &#8211; SZEPTEMBER &nbsp; Szent Gell\u00e9rt p\u00fcsp\u00f6k \u00e9s v\u00e9rtan\u00fa (980 k\u00f6r\u00fcl &#8211; 1046. szeptember 24.) &nbsp; Budapesten, az Erzs\u00e9bet-h\u00edddal szemben \u00e1ll Jankovics Gyula gy\u00f6ny\u00f6r\u0171 alkot\u00e1sa, az els\u0151 magyar v\u00e9rtan\u00fanak, Szent Gell\u00e9rtnek hatalmas bronzszobra. A szobor magasra emelt jobbj\u00e1ban a szent keresztet tartja a magyarok v\u00e1rosa f\u00f6l\u00e9, hirdetv\u00e9n ezzel, hogy a nemzet a kereszt jegy\u00e9ben sz\u00fcletett, \u00e9s annak v\u00e9delme alatt \u00e1ll. Gell\u00e9rt volt a magyar n\u00e9p els\u0151 nagy t\u00e9r\u00edt\u0151je. Sz\u00e1rmaz\u00e1s\u00e1t tekintve viszont nem magyar: az It\u00e1li\u00e1ban sz\u00fcletett f\u0151papot a v\u00e9letlen hozta haz\u00e1nkba. Szent Gell\u00e9rt \u00e9let\u00e9nek esem\u00e9nyeit k\u00e9t legenda \u0151rizte meg, melyek j\u00f3val hal\u00e1la ut\u00e1n \u00edr\u00f3dtak, \u00edgy a forr\u00e1skritika \u00e1ltal felvetett k\u00e9rd\u00e9sek megv\u00e1laszol\u00e1sa m\u00e9g h\u00e1travan. Azonban ett\u0151l f\u00fcggetlen\u00fcl Gell\u00e9rt \u00e9let\u00e9t \u00e9s szem\u00e9lyis\u00e9g\u00e9t a m\u00e1r rendelkez\u00e9sre \u00e1ll\u00f3 biztos adatok seg\u00edts\u00e9g\u00e9vel is hitelesen meg lehet ismerni. It\u00e1lia egyik legjelent\u0151sebb v\u00e1ros\u00e1ban, Velenc\u00e9ben sz\u00fcletett, k\u00f6ztiszteletnek \u00f6rvend\u0151 patr\u00edciuscsal\u00e1d gyermekek\u00e9nt. Sz\u00fclei a Gy\u00f6rgy nevet adt\u00e1k neki. \u00c9desapja, Sagredo Gell\u00e9rt kalm\u00e1r volt. 5 \u00e9ves kor\u00e1ban s\u00falyosan megbetegedett, ez\u00e9rt sz\u00fclei a benc\u00e9sek Szent Gy\u00f6rgy tisztelet\u00e9re alap\u00edtott monostor\u00e1ba vitt\u00e9k, \u00e9s felaj\u00e1nlott\u00e1k a lovagszentnek. Meg\u00edg\u00e9rt\u00e9k, ha a kis Gy\u00f6rgy fel\u00e9p\u00fcl, \u0151 is fel\u00f6lti a szerzetesi csuh\u00e1t. A kisfi\u00fa eg\u00e9szs\u00e9ge helyre\u00e1llt, \u00e9s a szerzetesek iskol\u00e1j\u00e1ban tehets\u00e9g\u00e9vel hamar kiv\u00edvta tan\u00e1rai megbecs\u00fcl\u00e9s\u00e9t. 15 \u00e9ves volt, mikor \u00e9desapja a Szentf\u00f6ldre zar\u00e1ndokolt \u00e9s ott meghalt. Gy\u00f6rgy ekkor \u00e9desapja eml\u00e9k\u00e9re a Gell\u00e9rt nevet vette fel. Hamarosan \u00e9desanyj\u00e1t is elvesztette. 25 \u00e9ves kor\u00e1ra Gell\u00e9rt mintaszer\u0171 szerzetess\u00e9 v\u00e1lt tudom\u00e1nyban, im\u00e1ds\u00e1gban, \u00f6nmegtagad\u00e1sban \u00e9s munk\u00e1ban egyar\u00e1nt. Vilmos ap\u00e1t javaslat\u00e1ra ez\u00e9rt Bologn\u00e1ba k\u00fcldt\u00e9k tanulni. 7 \u00e9v m\u00falva t\u00e9rt vissza a kolostorba, ahol Vilmos ap\u00e1t hal\u00e1la ut\u00e1n a t\u00e1rsai az ap\u00e1ti tiszts\u00e9ggel b\u00edzt\u00e1k meg.... R\u00e9szletek"}

Barátom: 2016 július - szeptember - Stuttgarti Katolikusok

<blockquote class="wp-embedded-content" data-secret="elyPRsgJA9"><a href="https://stuttgarti-katolikusok.de/index.php/baratom-2016-julius-szeptember/">Barátom: 2016 július &#8211; szeptember</a></blockquote><iframe sandbox="allow-scripts" security="restricted" src="https://stuttgarti-katolikusok.de/index.php/baratom-2016-julius-szeptember/embed/#?secret=elyPRsgJA9" width="600" height="338" title="&#8220;Barátom: 2016 július &#8211; szeptember&#8221; &#8212; Stuttgarti Katolikusok" data-secret="elyPRsgJA9" frameborder="0" marginwidth="0" marginheight="0" scrolling="no" class="wp-embedded-content"></iframe><script type="text/javascript">
/* <![CDATA[ */
/*! This file is auto-generated */
!function(d,l){"use strict";l.querySelector&&d.addEventListener&&"undefined"!=typeof URL&&(d.wp=d.wp||{},d.wp.receiveEmbedMessage||(d.wp.receiveEmbedMessage=function(e){var t=e.data;if((t||t.secret||t.message||t.value)&&!/[^a-zA-Z0-9]/.test(t.secret)){for(var s,r,n,a=l.querySelectorAll('iframe[data-secret="'+t.secret+'"]'),o=l.querySelectorAll('blockquote[data-secret="'+t.secret+'"]'),c=new RegExp("^https?:$","i"),i=0;i<o.length;i++)o[i].style.display="none";for(i=0;i<a.length;i++)s=a[i],e.source===s.contentWindow&&(s.removeAttribute("style"),"height"===t.message?(1e3<(r=parseInt(t.value,10))?r=1e3:~~r<200&&(r=200),s.height=r):"link"===t.message&&(r=new URL(s.getAttribute("src")),n=new URL(t.value),c.test(n.protocol))&&n.host===r.host&&l.activeElement===s&&(d.top.location.href=t.value))}},d.addEventListener("message",d.wp.receiveEmbedMessage,!1),l.addEventListener("DOMContentLoaded",function(){for(var e,t,s=l.querySelectorAll("iframe.wp-embedded-content"),r=0;r<s.length;r++)(t=(e=s[r]).getAttribute("data-secret"))||(t=Math.random().toString(36).substring(2,12),e.src+="#?secret="+t,e.setAttribute("data-secret",t)),e.contentWindow.postMessage({message:"ready",secret:t},"*")},!1)))}(window,document);
//# sourceURL=https://stuttgarti-katolikusok.de/wp-includes/js/wp-embed.min.js
/* ]]> */
</script>

B a r á t o m A  Szent Gellért Magyar Katolikus Egyházközség Havilapja Szerkesztők: Ft. Merlás Tibor és Ft. Dr. Tempfli Imre. Kiadó: Szent Gellért Magyar Katolikus Egyházközség. Postacím: Albert-Schäffle-Str. 30, 70186-Stuttgart. Tel: 0711-2369190, Fax: 0711-2367393, E-mail: mission@gracious-dewdney.138-201-221-2.plesk.page Honlap: www.stuttgarti-katolikusok.de Számla: Postbank Stuttgart, IBAN: DE80600100700002190704,  BIC: PBNKDEFF 2 0 1 6   JÚLIUS &#8211; SZEPTEMBER &nbsp; Szent Gellért püspök és vértanú (980 körül &#8211; 1046. szeptember 24.) &nbsp; Budapesten, az Erzsébet-híddal szemben áll Jankovics Gyula gyönyörű alkotása, az első magyar vértanúnak, Szent Gellértnek hatalmas bronzszobra. A szobor magasra emelt jobbjában a szent keresztet tartja a magyarok városa fölé, hirdetvén ezzel, hogy a nemzet a kereszt jegyében született, és annak védelme alatt áll. Gellért volt a magyar nép első nagy térítője. Származását tekintve viszont nem magyar: az Itáliában született főpapot a véletlen hozta hazánkba. Szent Gellért életének eseményeit két legenda őrizte meg, melyek jóval halála után íródtak, így a forráskritika által felvetett kérdések megválaszolása még hátravan. Azonban ettől függetlenül Gellért életét és személyiségét a már rendelkezésre álló biztos adatok segítségével is hitelesen meg lehet ismerni. Itália egyik legjelentősebb városában, Velencében született, köztiszteletnek örvendő patríciuscsalád gyermekeként. Szülei a György nevet adták neki. Édesapja, Sagredo Gellért kalmár volt. 5 éves korában súlyosan megbetegedett, ezért szülei a bencések Szent György tiszteletére alapított monostorába vitték, és felajánlották a lovagszentnek. Megígérték, ha a kis György felépül, ő is felölti a szerzetesi csuhát. A kisfiú egészsége helyreállt, és a szerzetesek iskolájában tehetségével hamar kivívta tanárai megbecsülését. 15 éves volt, mikor édesapja a Szentföldre zarándokolt és ott meghalt. György ekkor édesapja emlékére a Gellért nevet vette fel. Hamarosan édesanyját is elvesztette. 25 éves korára Gellért mintaszerű szerzetessé vált tudományban, imádságban, önmegtagadásban és munkában egyaránt. Vilmos apát javaslatára ezért Bolognába küldték tanulni. 7 év múlva tért vissza a kolostorba, ahol Vilmos apát halála után a társai az apáti tisztséggel bízták meg.... Részletek
