{"version":"1.0","provider_name":"Stuttgarti Katolikusok","provider_url":"https:\/\/stuttgarti-katolikusok.de","title":"B\u00e1li megh\u00edv\u00f3 \u00e9s programunk - Stuttgarti Katolikusok","type":"rich","width":600,"height":338,"html":"<blockquote class=\"wp-embedded-content\" data-secret=\"4rt384aqSL\"><a href=\"https:\/\/stuttgarti-katolikusok.de\/index.php\/bali-meghivo-es-programunk\/\">B\u00e1li megh\u00edv\u00f3 \u00e9s programunk<\/a><\/blockquote><iframe sandbox=\"allow-scripts\" security=\"restricted\" src=\"https:\/\/stuttgarti-katolikusok.de\/index.php\/bali-meghivo-es-programunk\/embed\/#?secret=4rt384aqSL\" width=\"600\" height=\"338\" title=\"&#8220;B\u00e1li megh\u00edv\u00f3 \u00e9s programunk&#8221; &#8212; Stuttgarti Katolikusok\" data-secret=\"4rt384aqSL\" frameborder=\"0\" marginwidth=\"0\" marginheight=\"0\" scrolling=\"no\" class=\"wp-embedded-content\"><\/iframe><script type=\"text\/javascript\">\n\/* <![CDATA[ *\/\n\/*! This file is auto-generated *\/\n!function(d,l){\"use strict\";l.querySelector&&d.addEventListener&&\"undefined\"!=typeof URL&&(d.wp=d.wp||{},d.wp.receiveEmbedMessage||(d.wp.receiveEmbedMessage=function(e){var t=e.data;if((t||t.secret||t.message||t.value)&&!\/[^a-zA-Z0-9]\/.test(t.secret)){for(var s,r,n,a=l.querySelectorAll('iframe[data-secret=\"'+t.secret+'\"]'),o=l.querySelectorAll('blockquote[data-secret=\"'+t.secret+'\"]'),c=new RegExp(\"^https?:$\",\"i\"),i=0;i<o.length;i++)o[i].style.display=\"none\";for(i=0;i<a.length;i++)s=a[i],e.source===s.contentWindow&&(s.removeAttribute(\"style\"),\"height\"===t.message?(1e3<(r=parseInt(t.value,10))?r=1e3:~~r<200&&(r=200),s.height=r):\"link\"===t.message&&(r=new URL(s.getAttribute(\"src\")),n=new URL(t.value),c.test(n.protocol))&&n.host===r.host&&l.activeElement===s&&(d.top.location.href=t.value))}},d.addEventListener(\"message\",d.wp.receiveEmbedMessage,!1),l.addEventListener(\"DOMContentLoaded\",function(){for(var e,t,s=l.querySelectorAll(\"iframe.wp-embedded-content\"),r=0;r<s.length;r++)(t=(e=s[r]).getAttribute(\"data-secret\"))||(t=Math.random().toString(36).substring(2,12),e.src+=\"#?secret=\"+t,e.setAttribute(\"data-secret\",t)),e.contentWindow.postMessage({message:\"ready\",secret:t},\"*\")},!1)))}(window,document);\n\/\/# sourceURL=https:\/\/stuttgarti-katolikusok.de\/wp-includes\/js\/wp-embed.min.js\n\/* ]]> *\/\n<\/script>\n","thumbnail_url":"https:\/\/stuttgarti-katolikusok.de\/wp-content\/uploads\/2016\/01\/stmb-2015-2.jpg","thumbnail_width":784,"thumbnail_height":523,"description":"Megh\u00edv\u00f3 a 46-ik Stuttgarti Magyar Katolikus Virtu\u00e1lis J\u00f3t\u00e9konys\u00e1gi B\u00e1lra A b\u00e1l t\u00f6rt\u00e9net\u00e9ben el\u0151sz\u00f6r nem foghatunk szem\u00e9lyesen kezet. Nek\u00fcnk, a rendez\u0151bizotts\u00e1gnak, a Stuttgarti Szent Gell\u00e9rt Katolikus Egyh\u00e1zk\u00f6zs\u00e9gnek, a nyugati diaszp\u00f3r\u00e1ban \u00e9l\u0151 magyaroknak jutott e nemes feladat, hogy el\u0151sz\u00f6r innen, kintr\u0151l egyes\u00edteni tudjuk, ha r\u00f6vid id\u0151re is, hat\u00e1rok n\u00e9lk\u00fcl a K\u00e1rp\u00e1t medenc\u00e9ben \u00e9s a nagyvil\u00e1gban sz\u00e9tsz\u00f3rt Magyars\u00e1got! K\u00e9r\u00fcnk benneteket szombaton, a b\u00e1l napj\u00e1n, ossz\u00e1tok meg a k\u00f6z\u00f6ss\u00e9gi oldalakon a tavaly, vagy r\u00e9gebben k\u00e9sz\u00fclt felv\u00e9teleiteket, hogy ilyen form\u00e1ban is min\u00e9l t\u00f6bben k\u00e9sz\u00fclj\u00fcnk idei b\u00e1lunkra. Janu\u00e1r 30-\u00e1n, szombaton este, virtu\u00e1lisan fogjuk meg egym\u00e1s kez\u00e9t a 19.00 \u00f3rakor kezd\u0151d\u0151, els\u0151 n\u00e9metorsz\u00e1gi magyar &#8222;Hell\u00f3&#8221; online r\u00e1di\u00f3n k\u00f6zvet\u00edtett b\u00e1lunkon. Ne eresz\u00fck el soha! A Hell\u00f3 R\u00e1di\u00f3 el\u00e9rhet\u0151s\u00e9ge: www.radiohello.de J\u00f3 sz\u00f3rakoz\u00e1st! Szegi Oszk\u00e1r &#8211; a b\u00e1l f\u0151szervez\u0151je Felh\u00edv\u00e1s 2021. janu\u00e1r 30-\u00e1n, 19.00 \u00f3rakor kezd\u0151dik a R\u00e1di\u00f3 Hell\u00f3n, a n\u00e9metorsz\u00e1gi magyar online r\u00e1di\u00f3ban, a 46. Stuttgarti Magyar Katolikus J\u00f3t\u00e9konys\u00e1gi B\u00e1l. Szeretettel h\u00edvunk Eur\u00f3pa leghallgatottabb online magyar b\u00e1lj\u00e1ra! Interakt\u00edv hozz\u00e1sz\u00f3l\u00e1saitokb\u00f3l tudjuk majd, hogy \u00fajra egy\u00fctt dobban a sz\u00edv\u00fcnk, hogy \u00fajra egy\u00fctt b\u00e1lozunk! Program: \u00a019.00 &#8211; 21.00 \u00f3ra: A Stuttgarti Magyar Katolikus J\u00f3t\u00e9konys\u00e1gi B\u00e1lon megszokott n\u00e9pi- \u00e9s b\u00e1li zen\u00e9k mellett: A hagyom\u00e1nyokhoz h\u0171en a Stuttgarti Magyar Katolikus Egyh\u00e1zk\u00f6zs\u00e9g vezet\u0151je, Merl\u00e1s Tibor atya k\u00f6sz\u00f6nt benneteket. \u0150t, Dr. Izs\u00e1k Andr\u00e1s F\u0151konzul k\u00f6vet, aki Magyarorsz\u00e1g Stuttgarti F\u0151konzul\u00e1tus\u00e1nak k\u00e9pviselet\u00e9ben k\u00f6sz\u00f6nti a b\u00e1loz\u00f3kat, \u00e9s szervez\u0151ket. A tov\u00e1bbiakban riportokat hallhattok mindazokkal, akik hossz\u00fa-hossz\u00fa \u00e9ve dolgoznak a b\u00e1l magyar k\u00f6z\u00f6ss\u00e9g\u00e9\u00e9rt, s akik ebben az \u00e9vben is kutatt\u00e1k annak lehet\u0151s\u00e9g\u00e9t, hogy egy\u00fctt b\u00e1lozzunk! Megtal\u00e1lt\u00e1k! Szegi Oszk\u00e1r \u2013 a Stuttgarti Magyar Katolikus J\u00f3t\u00e9konys\u00e1gi B\u00e1l f\u0151szervez\u0151je Merl\u00e1s Tibor atya &#8211; a Stuttgarti Magyar Katolikus Egyh\u00e1zk\u00f6zs\u00e9g vezet\u0151je, a Magyar Katolikus J\u00f3t\u00e9konys\u00e1gi B\u00e1l egyik szervez\u0151je Tempfli Imre atya &#8211; a Stuttgarti Magyar Katolikus Egyh\u00e1zk\u00f6zs\u00e9g kor\u00e1bbi vezet\u0151je \u00e9s a b\u00e1li szervez\u0151bizotts\u00e1g volt tagja Tepper J\u00e1nos \u2013 a Stuttgarti Magyar Katolikus J\u00f3t\u00e9konys\u00e1gi B\u00e1l szervez\u0151je, zenei vezet\u0151je Jablonkay Lydia \u2013 A Stuttgarti Magyar Katolikus J\u00f3t\u00e9konys\u00e1gi B\u00e1l... R\u00e9szletek"}

Báli meghívó és programunk - Stuttgarti Katolikusok

<blockquote class="wp-embedded-content" data-secret="4rt384aqSL"><a href="https://stuttgarti-katolikusok.de/index.php/bali-meghivo-es-programunk/">Báli meghívó és programunk</a></blockquote><iframe sandbox="allow-scripts" security="restricted" src="https://stuttgarti-katolikusok.de/index.php/bali-meghivo-es-programunk/embed/#?secret=4rt384aqSL" width="600" height="338" title="&#8220;Báli meghívó és programunk&#8221; &#8212; Stuttgarti Katolikusok" data-secret="4rt384aqSL" frameborder="0" marginwidth="0" marginheight="0" scrolling="no" class="wp-embedded-content"></iframe><script type="text/javascript">
/* <![CDATA[ */
/*! This file is auto-generated */
!function(d,l){"use strict";l.querySelector&&d.addEventListener&&"undefined"!=typeof URL&&(d.wp=d.wp||{},d.wp.receiveEmbedMessage||(d.wp.receiveEmbedMessage=function(e){var t=e.data;if((t||t.secret||t.message||t.value)&&!/[^a-zA-Z0-9]/.test(t.secret)){for(var s,r,n,a=l.querySelectorAll('iframe[data-secret="'+t.secret+'"]'),o=l.querySelectorAll('blockquote[data-secret="'+t.secret+'"]'),c=new RegExp("^https?:$","i"),i=0;i<o.length;i++)o[i].style.display="none";for(i=0;i<a.length;i++)s=a[i],e.source===s.contentWindow&&(s.removeAttribute("style"),"height"===t.message?(1e3<(r=parseInt(t.value,10))?r=1e3:~~r<200&&(r=200),s.height=r):"link"===t.message&&(r=new URL(s.getAttribute("src")),n=new URL(t.value),c.test(n.protocol))&&n.host===r.host&&l.activeElement===s&&(d.top.location.href=t.value))}},d.addEventListener("message",d.wp.receiveEmbedMessage,!1),l.addEventListener("DOMContentLoaded",function(){for(var e,t,s=l.querySelectorAll("iframe.wp-embedded-content"),r=0;r<s.length;r++)(t=(e=s[r]).getAttribute("data-secret"))||(t=Math.random().toString(36).substring(2,12),e.src+="#?secret="+t,e.setAttribute("data-secret",t)),e.contentWindow.postMessage({message:"ready",secret:t},"*")},!1)))}(window,document);
//# sourceURL=https://stuttgarti-katolikusok.de/wp-includes/js/wp-embed.min.js
/* ]]> */
</script>

Meghívó a 46-ik Stuttgarti Magyar Katolikus Virtuális Jótékonysági Bálra A bál történetében először nem foghatunk személyesen kezet. Nekünk, a rendezőbizottságnak, a Stuttgarti Szent Gellért Katolikus Egyházközségnek, a nyugati diaszpórában élő magyaroknak jutott e nemes feladat, hogy először innen, kintről egyesíteni tudjuk, ha rövid időre is, határok nélkül a Kárpát medencében és a nagyvilágban szétszórt Magyarságot! Kérünk benneteket szombaton, a bál napján, osszátok meg a közösségi oldalakon a tavaly, vagy régebben készült felvételeiteket, hogy ilyen formában is minél többen készüljünk idei bálunkra. Január 30-án, szombaton este, virtuálisan fogjuk meg egymás kezét a 19.00 órakor kezdődő, első németországi magyar &#8222;Helló&#8221; online rádión közvetített bálunkon. Ne ereszük el soha! A Helló Rádió elérhetősége: www.radiohello.de Jó szórakozást! Szegi Oszkár &#8211; a bál főszervezője Felhívás 2021. január 30-án, 19.00 órakor kezdődik a Rádió Hellón, a németországi magyar online rádióban, a 46. Stuttgarti Magyar Katolikus Jótékonysági Bál. Szeretettel hívunk Európa leghallgatottabb online magyar báljára! Interaktív hozzászólásaitokból tudjuk majd, hogy újra együtt dobban a szívünk, hogy újra együtt bálozunk! Program:  19.00 &#8211; 21.00 óra: A Stuttgarti Magyar Katolikus Jótékonysági Bálon megszokott népi- és báli zenék mellett: A hagyományokhoz hűen a Stuttgarti Magyar Katolikus Egyházközség vezetője, Merlás Tibor atya köszönt benneteket. Őt, Dr. Izsák András Főkonzul követ, aki Magyarország Stuttgarti Főkonzulátusának képviseletében köszönti a bálozókat, és szervezőket. A továbbiakban riportokat hallhattok mindazokkal, akik hosszú-hosszú éve dolgoznak a bál magyar közösségéért, s akik ebben az évben is kutatták annak lehetőségét, hogy együtt bálozzunk! Megtalálták! Szegi Oszkár – a Stuttgarti Magyar Katolikus Jótékonysági Bál főszervezője Merlás Tibor atya &#8211; a Stuttgarti Magyar Katolikus Egyházközség vezetője, a Magyar Katolikus Jótékonysági Bál egyik szervezője Tempfli Imre atya &#8211; a Stuttgarti Magyar Katolikus Egyházközség korábbi vezetője és a báli szervezőbizottság volt tagja Tepper János – a Stuttgarti Magyar Katolikus Jótékonysági Bál szervezője, zenei vezetője Jablonkay Lydia – A Stuttgarti Magyar Katolikus Jótékonysági Bál... Részletek
